{"id":2642,"date":"2019-01-14T13:08:52","date_gmt":"2019-01-14T11:08:52","guid":{"rendered":"https:\/\/blogit.utu.fi\/meriosaajat\/?page_id=2642"},"modified":"2019-04-11T11:59:56","modified_gmt":"2019-04-11T09:59:56","slug":"hinnoittelu-ja-rahoituslaskelmat","status":"publish","type":"page","link":"https:\/\/blogit.utu.fi\/meriosaajat\/verkko-oppimateriaalit\/hinnoittelu-ja-rahoituslaskelmat\/","title":{"rendered":"HINNOITTELU"},"content":{"rendered":"<div class=\"summary\">\n<div class=\"no-overflow\">\n<div>Hinnoittelu on keskeisimpi\u00e4 yritt\u00e4j\u00e4n p\u00e4\u00e4t\u00f6ksi\u00e4, koska se vaikuttaa vahvasti yrityksen kannattavuuteen ja kilpailukykyyn. Jos myyt\u00e4vien tuotteiden kate on liian pieni, ei vastaavasti valmistuksen volyymi\u00e4 lis\u00e4\u00e4m\u00e4ll\u00e4 saada toimintaa sen kannattavammaksi. My\u00f6s tarjouskilpailuihin\u00a0osallistuttaessa tulee tunnistaa onko\u00a0kilpailutuksen kohde yrityksen hinnoittelun kannalta taloudellisesti kannattava ja j\u00e4rkev\u00e4 ratkaisu.<\/div>\n<\/div>\n<\/div>\n<div>\n<div class=\"mod-indent-outer\">\n<div class=\"mod-indent\"><\/div>\n<div>\n<div class=\"contentwithoutlink \">\n<div class=\"no-overflow\">\n<div class=\"no-overflow\">\n<p><b>Hinnoitteluun liittyv\u00e4n oppimateriaalin tavoitteena on antaa ymm\u00e4rryst\u00e4 seuraavista keskeisist\u00e4 teemoista:<\/b><\/p>\n<ol>\n<li>Liiketoiminnan taloudellinen l\u00e4ht\u00f6kohta<\/li>\n<li>Kustannuslaskenta<\/li>\n<li>Hinnoittelu<\/li>\n<li>Hinnoittelumenetelm\u00e4t<\/li>\n<li>Sopimushinnoittelu kilpailutuksessa<\/li>\n<li>Tarjouslaskenta<\/li>\n<\/ol>\n<p>Lis\u00e4tietoa sopimushinnoittelusta kilpailutuksessa l\u00f6ytyy Projektiliiketoiminta-oppaasta. <b>Osiot sis\u00e4lt\u00e4v\u00e4t my\u00f6s omaan liiketoimintaan liittyv\u00e4\u00e4 pohdintaa:<\/b><\/p>\n<\/div>\n<div class=\"summary\">\n<div class=\"no-overflow\">\n<ul>\n<li><i>Mik\u00e4 on oman liiketoimintasi kustannusrakenne?<\/i><\/li>\n<li><i>Mitk\u00e4 ovat suurimmat er\u00e4t liiketoimintasi muuttuvissa ja kiinteiss\u00e4 kustannuksissa?<\/i><\/li>\n<li><i>Ja miss\u00e4 m\u00e4\u00e4rin voit vaikuttaa n\u00e4ihin kustannuksiin?<\/i><\/li>\n<\/ul>\n<p><strong>HINNOITTELUN OPPIMATERIAALI:<\/strong><\/p>\n<\/div>\n<\/div>\n<h4><a href=\"https:\/\/blogit.utu.fi\/meriosaajat\/wp-content\/uploads\/sites\/76\/2019\/01\/1.-Liiketoiminnan-taloudellinen-l\u00e4ht\u00f6kohta.pdf\">1. Liiketoiminnan taloudellinen l\u00e4ht\u00f6kohta<\/a><\/h4>\n<h4><a href=\"https:\/\/blogit.utu.fi\/meriosaajat\/wp-content\/uploads\/sites\/76\/2019\/01\/2.-Kustannusk\u00e4sitteet.pdf\">2. Kustannusk\u00e4sitteet<\/a><\/h4>\n<h4><a href=\"https:\/\/blogit.utu.fi\/meriosaajat\/wp-content\/uploads\/sites\/76\/2019\/01\/3.-Hinnoittelu.pdf\">3. Hinnoittelu<\/a><\/h4>\n<h4><a href=\"https:\/\/blogit.utu.fi\/meriosaajat\/wp-content\/uploads\/sites\/76\/2019\/01\/4.-Hinnoittelumenetelm\u00e4t.pdf\">4. Hinnoittelumenetelm\u00e4t<\/a><\/h4>\n<h4><a href=\"https:\/\/blogit.utu.fi\/meriosaajat\/wp-content\/uploads\/sites\/76\/2019\/01\/5.-Sopimushinnoittelu-kilpailutuksessa.pdf\">5. Sopimushinnoittelu kilpailutuksessa<\/a><\/h4>\n<h4><a href=\"https:\/\/blogit.utu.fi\/meriosaajat\/wp-content\/uploads\/sites\/76\/2019\/01\/6.-Tarjouslaskenta.pdf\">6. Tarjouslaskenta<\/a><\/h4>\n<\/div>\n<\/div>\n<p>&nbsp;<\/p>\n<div class=\"contentwithoutlink \">\n<div class=\"contentafterlink\">\n<div class=\"no-overflow\">\n<div class=\"no-overflow\">\n<p>Projektiliiketoiminta-oppaasta l\u00f6ytyy lis\u00e4tietoa sopimushinnoittelusta kilpailutuksessa: <a href=\"https:\/\/blogit.utu.fi\/meriosaajat\/wp-content\/uploads\/sites\/76\/2019\/01\/Projektiliiketoiminta-opas.pdf\">Projektiliiketoiminta-opas<\/a>.<\/p>\n<p>Sivuilta 86-88 l\u00f6ytyy erityisesti tietoa erilaisista sopimustyypeist\u00e4 sek\u00e4 niiden vahvuuksista ja heikkouksista. Lis\u00e4ksi sivuilta l\u00f6ytyy tietoa n\u00e4ist\u00e4 erilaista sopimustyypeist\u00e4 ja riskin k\u00e4ytt\u00e4ytymisest\u00e4 tilaajan ja tuottajan n\u00e4k\u00f6kulmasta.<\/p>\n<h4><a href=\"https:\/\/blogit.utu.fi\/meriosaajat\/hinnoittelu-lopputesti\/\">LOPPUTESTI<\/a> \u2013 Testaa mit\u00e4 j\u00e4i mieleen t\u00e4st\u00e4 osiosta!<\/h4>\n<\/div>\n<\/div>\n<\/div>\n<\/div>\n<\/div>\n<\/div>\n<\/div>\n","protected":false},"excerpt":{"rendered":"<p>Hinnoittelu on keskeisimpi\u00e4 yritt\u00e4j\u00e4n p\u00e4\u00e4t\u00f6ksi\u00e4, koska se vaikuttaa vahvasti yrityksen kannattavuuteen ja kilpailukykyyn. Jos myyt\u00e4vien tuotteiden kate on liian pieni, ei vastaavasti valmistuksen volyymi\u00e4 lis\u00e4\u00e4m\u00e4ll\u00e4 saada toimintaa sen kannattavammaksi. My\u00f6s tarjouskilpailuihin\u00a0osallistuttaessa tulee tunnistaa onko\u00a0kilpailutuksen kohde yrityksen hinnoittelun kannalta taloudellisesti kannattava &hellip;<\/p>\n<p class=\"read-more\"> <a class=\"more-link\" href=\"https:\/\/blogit.utu.fi\/meriosaajat\/verkko-oppimateriaalit\/hinnoittelu-ja-rahoituslaskelmat\/\"> <span class=\"screen-reader-text\">HINNOITTELU<\/span> Lue lis\u00e4\u00e4 &raquo;<\/a><\/p>\n","protected":false},"author":1078,"featured_media":0,"parent":292,"menu_order":0,"comment_status":"closed","ping_status":"closed","template":"full-width-page.php","meta":{"footnotes":""},"class_list":["post-2642","page","type-page","status-publish","hentry"],"_links":{"self":[{"href":"https:\/\/blogit.utu.fi\/meriosaajat\/wp-json\/wp\/v2\/pages\/2642","targetHints":{"allow":["GET"]}}],"collection":[{"href":"https:\/\/blogit.utu.fi\/meriosaajat\/wp-json\/wp\/v2\/pages"}],"about":[{"href":"https:\/\/blogit.utu.fi\/meriosaajat\/wp-json\/wp\/v2\/types\/page"}],"author":[{"embeddable":true,"href":"https:\/\/blogit.utu.fi\/meriosaajat\/wp-json\/wp\/v2\/users\/1078"}],"replies":[{"embeddable":true,"href":"https:\/\/blogit.utu.fi\/meriosaajat\/wp-json\/wp\/v2\/comments?post=2642"}],"version-history":[{"count":15,"href":"https:\/\/blogit.utu.fi\/meriosaajat\/wp-json\/wp\/v2\/pages\/2642\/revisions"}],"predecessor-version":[{"id":3311,"href":"https:\/\/blogit.utu.fi\/meriosaajat\/wp-json\/wp\/v2\/pages\/2642\/revisions\/3311"}],"up":[{"embeddable":true,"href":"https:\/\/blogit.utu.fi\/meriosaajat\/wp-json\/wp\/v2\/pages\/292"}],"wp:attachment":[{"href":"https:\/\/blogit.utu.fi\/meriosaajat\/wp-json\/wp\/v2\/media?parent=2642"}],"curies":[{"name":"wp","href":"https:\/\/api.w.org\/{rel}","templated":true}]}}