{"id":274,"date":"2016-09-13T12:24:22","date_gmt":"2016-09-13T10:24:22","guid":{"rendered":"https:\/\/blogit.utu.fi\/meriosaajat\/?page_id=274"},"modified":"2019-02-13T15:26:17","modified_gmt":"2019-02-13T13:26:17","slug":"tapahtumat","status":"publish","type":"page","link":"https:\/\/blogit.utu.fi\/meriosaajat\/tapahtumat\/","title":{"rendered":"Tapahtumat"},"content":{"rendered":"<h2>Kilpailuvalteista kasvua\u00a0\u2013 MERIOSAAJAT mukana Lahden seudun Meriklusteritapaamisessa 24.1.2019<\/h2>\n<p><strong>Paikka: <\/strong>Lahden Tiedepuiston Aalto auditorio, Niemenkatu 73, Lahti<br \/>\n<strong>Aika: <\/strong>T<span style=\"font-family: 'Arial','sans-serif'\">orstaina 24.1.2019 klo 8.45-12.00<br \/>\n<strong>Lis\u00e4tiedot:<\/strong><\/span> <a href=\"https:\/\/www.ladec.fi\/tapahtumat\/lahden-seudun-meriklusteritapaaminen-tammikuu-2019?utm_source=Meriklusteritapaaminen_24.1.&amp;utm_medium=Meriklusteritapaaminen_24.1.&amp;utm_campaign=Meriklusteritapaaminen_24.1.\">Lahden seudun Meriklusteritapaaminen tammikuu 2019<\/a><\/p>\n<div class=\"ccm-page page-type-event page-template-eventPage\">\n<section id=\"articleContent\">\n<div class=\"container\">\n<div class=\"row\">\n<div class=\"col-sm-12 col-md-9\">\n<p><strong>Meyer Turku<\/strong> ja <strong>Turun yliopisto<\/strong> ovat selvitt\u00e4neet yhdess\u00e4, millaisin edellytyksin ja teknologisin ratkaisuin laivanrakennuksessa voitaisiin parantaa vastuullisuuteen ja kest\u00e4v\u00e4\u00e4n kehitykseen liittyv\u00e4\u00e4 l\u00e4pin\u00e4kyvyytt\u00e4. <strong>MERIOSAAJAT<\/strong> tarjoaa korkeakouluverkostossa ker\u00e4\u00e4ntynytt\u00e4 uusinta teknologista tietoa k\u00e4ytt\u00f6\u00f6mme, jonka tavoitteena on vahvistaa erityisesti pienten meriteollisuusyritysten strategista johtamista ja uskallusta hy\u00f6dynt\u00e4\u00e4 uusia teknologioita. Lis\u00e4ksi tilaisuuden puheenvuorot k\u00e4sitteliv\u00e4t laatuj\u00e4rjestelm\u00e4n rakentamista yritykseen, toimitusketjun hallintaa ja kev\u00e4\u00e4ll\u00e4 2019 alkavaa uutta meriteollisuuden vientitoimittaja -koulutusta.<\/p>\n<p><strong>OHJELMA<\/strong><\/p>\n<div class=\"ccm-page page-type-event page-template-eventPage\">\n<section id=\"articleContent\">\n<div class=\"container\">\n<div class=\"row\">\n<div class=\"col-sm-12 col-md-9\">\n<p><strong>8.45 Kahvitarjoilu<\/strong><\/p>\n<p><strong>9.00 Tilaisuuden avaus<\/strong><br \/>\n<em>Meriklusterin johtoryhm\u00e4n j\u00e4sen<\/em><\/p>\n<p><strong>MERIOSAAJAT \u2013 Osaamisen ja innovaatiotoiminnan tueksi<\/strong><br \/>\n<em>Anne E. Suominen, erikoissuunnittelija, Turun yliopisto<\/em><\/p>\n<p><strong>Sustainability in Shipbuilding: Miten kest\u00e4vyydest\u00e4 ja toimitusketjun l\u00e4pin\u00e4kyvyydest\u00e4<br \/>\nsaadaan kilpailuetua<\/strong><br \/>\n<em>Kaapo Sepp\u00e4l\u00e4, projektip\u00e4\u00e4llikk\u00f6, Turun yliopisto, Tulevaisuuden teknologioiden laitos<\/em><\/p>\n<p><strong>Meriteollisuuden toimitusketjujen hallinta ja vastuullisuus<\/strong><br \/>\n<em>Jenni Neste, lead auditor, DNV GL Business Assurance Finland Oy Ab<\/em><\/p>\n<p><strong>Miten luodaan tehokas ja sertifioitu laatuj\u00e4rjestelm\u00e4?<\/strong><br \/>\n<em>Hannu J\u00e4rvelin, puheenjohtaja, Business Excellence Finland Oy<\/em><\/p>\n<p>Tauko \/ verkostoitumista<\/p>\n<p><strong>10.50 Meriteollisuuden vientitoimittajakoulutus 2019<\/strong><br \/>\n<em>Sami Pietil\u00e4, toimitusjohtaja, Edumax Oy<\/em><\/p>\n<p><strong>AirFaas \u2013 Tehtaiden Airbnb<\/strong><br \/>\n<em>Robert Blomstedt, teknologiajohtaja, Combi Works Oy Ab<\/em><\/p>\n<p><strong>Lahden seudun Meriklusterin tilannep\u00e4ivitys<\/strong><br \/>\n<em>Ville Uimonen, liiketoimintakehitt\u00e4j\u00e4, Lahden Seudun Kehitys LADEC Oy<\/em><\/p>\n<p><strong>12.00 Tilaisuus p\u00e4\u00e4ttyy<\/strong><\/p>\n<\/div>\n<\/div>\n<\/div>\n<\/section>\n<\/div>\n<\/div>\n<\/div>\n<\/div>\n<\/section>\n<\/div>\n<hr \/>\n<h2>MERI<img loading=\"lazy\" decoding=\"async\" class=\"size-medium wp-image-1878 alignleft\" src=\"https:\/\/blogit.utu.fi\/meriosaajat\/wp-content\/uploads\/sites\/76\/2018\/05\/ville_uimonen_ja_anne_e_suominen_20180517-e1527662523956-169x300.jpg\" alt=\"\" width=\"169\" height=\"300\" srcset=\"https:\/\/blogit.utu.fi\/meriosaajat\/wp-content\/uploads\/sites\/76\/2018\/05\/ville_uimonen_ja_anne_e_suominen_20180517-e1527662523956-169x300.jpg 169w, https:\/\/blogit.utu.fi\/meriosaajat\/wp-content\/uploads\/sites\/76\/2018\/05\/ville_uimonen_ja_anne_e_suominen_20180517-e1527662523956-768x1365.jpg 768w, https:\/\/blogit.utu.fi\/meriosaajat\/wp-content\/uploads\/sites\/76\/2018\/05\/ville_uimonen_ja_anne_e_suominen_20180517-e1527662523956-576x1024.jpg 576w, https:\/\/blogit.utu.fi\/meriosaajat\/wp-content\/uploads\/sites\/76\/2018\/05\/ville_uimonen_ja_anne_e_suominen_20180517-e1527662523956-100x178.jpg 100w, https:\/\/blogit.utu.fi\/meriosaajat\/wp-content\/uploads\/sites\/76\/2018\/05\/ville_uimonen_ja_anne_e_suominen_20180517-e1527662523956-150x267.jpg 150w, https:\/\/blogit.utu.fi\/meriosaajat\/wp-content\/uploads\/sites\/76\/2018\/05\/ville_uimonen_ja_anne_e_suominen_20180517-e1527662523956-200x356.jpg 200w, https:\/\/blogit.utu.fi\/meriosaajat\/wp-content\/uploads\/sites\/76\/2018\/05\/ville_uimonen_ja_anne_e_suominen_20180517-e1527662523956-300x533.jpg 300w, https:\/\/blogit.utu.fi\/meriosaajat\/wp-content\/uploads\/sites\/76\/2018\/05\/ville_uimonen_ja_anne_e_suominen_20180517-e1527662523956-450x800.jpg 450w, https:\/\/blogit.utu.fi\/meriosaajat\/wp-content\/uploads\/sites\/76\/2018\/05\/ville_uimonen_ja_anne_e_suominen_20180517-e1527662523956-600x1067.jpg 600w, https:\/\/blogit.utu.fi\/meriosaajat\/wp-content\/uploads\/sites\/76\/2018\/05\/ville_uimonen_ja_anne_e_suominen_20180517-e1527662523956-900x1600.jpg 900w\" sizes=\"auto, (max-width: 169px) 100vw, 169px\" \/>OSAAJAT mukana<br \/>\nNaviGate-messuilla Turussa<\/h2>\n<p>Paikka: Messukent\u00e4nkatu 9\u201313, Turku<br \/>\nAika: 16.-17.5.2018 klo 10:00 &#8211; 17:00<\/p>\n<p>Turun yliopisto osallistui vuoden 2018 Navigate-messuille Turun Messukeskuksessa ja MERIOSAAJAT-oppimateriaali oli yksi messuk\u00e4vij\u00f6ille esitellyist\u00e4 aiheista.\u00a0Messuilla kartoitettiin my\u00f6s Lounais-Suomen ja Lahden seudun meriklustereiden yhteisty\u00f6n mahdollisuuksia. Kuvassa ovat Ville Uimonen Lahden Seudun Kehitys LADEC Oy:st\u00e4 ja Anne E. Suominen Turun yliopistosta.<\/p>\n<p>&nbsp;<\/p>\n<hr \/>\n<h2>MERIOSAAJAT esill\u00e4 Eurooppa-p\u00e4iv\u00e4n\u00e4 9.5.2018<\/h2>\n<p>Raumalla Citymarketin aulassa klo 9-11 &amp; Prisman aulassa klo 12-14 ja<br \/>\nPorissa Kauppakeskus Puuvillassa klo 10-14<strong>.<\/strong><\/p>\n<p>MERIOSAAJAT osallistui Eurooppa-p\u00e4iv\u00e4n\u00e4 Satakunnan alueella toimivien hankkeiden yhteistapahtumiin.<\/p>\n<hr \/>\n<h2>MERIOSAAJAT mukana Merenkulkumessuilla Raumalla<\/h2>\n<p>Paikka: Suojantie 2, Rauma<br \/>\nAika: 1.3.2018 klo 9:00 &#8211; 17:00<\/p>\n<p>SAMKin ja WinNovan yhteinen koulutusyksikk\u00f6 Rauma Maritime Training Center j\u00e4rjesti perinteiset Merenkulkumessut ja MERIOSAAJAT oli esittelyss\u00e4 MKK:n messuosastolla.<\/p>\n<hr \/>\n<h2>MERIOSAAJAT-oppimateriaalin esittely Raumalla LOGYn Satakunnan alueen aamukahvitilaisuudessa 24.1.2018<\/h2>\n<p>Paikka: <span class=\"st\">Opettajankoulutuslaitos<\/span>, Seminaarinkatu 1, Rauma<br \/>\nAika: 24.1.2018\u00a0 klo 8:00 &#8211; 9:00<\/p>\n<p>Tilaisuudessa tutustuttiin MERIOSAAJAT-oppimateriaalin taustoihin ja sis\u00e4lt\u00f6\u00f6n aamukahvin ja vapaan keskustelun merkeiss\u00e4. Esittelyn lis\u00e4ksi k\u00e4ytiin l\u00e4pi kirjautumista Moodleen ja eri opintokokonaisuuksien sis\u00e4lt\u00f6\u00e4 ja rakennetta.<\/p>\n<p>Tilaisuus oli maksuton osallistujille ja toteutettiin yhteisty\u00f6ss\u00e4 Kiertotalous, ymp\u00e4rist\u00f6 ja meriklusteri -l\u00e4hip\u00e4iv\u00e4n kanssa.<\/p>\n<hr \/>\n<h2>MERIOSAAJAT mukana LOGYn Satakunnan alueen aamukahvitilaisuudessa Porissa<\/h2>\n<p>Paikka: Porin yliopistokeskus, Pohjoisranta 11 A, Pori (huone 103)<br \/>\nAika:\u00a05.9.2017\u00a0 klo 8:00 &#8211; 9:00<\/p>\n<p>Tule ja vahvista omia verkostojasi satakuntalaisen yritys- ja logistiikkav\u00e4en kesken. Aamukahvin ja s\u00e4mpyl\u00e4n \u00e4\u00e4rell\u00e4 kuulet my\u00f6s ilmaisesta laajasta koulutusaineistoista, jota <a href=\"https:\/\/blogit.utu.fi\/meriosaajat\/\" target=\"_blank\" rel=\"noopener\">MERIOSAAJAT-hankkeessa<\/a> on luotu erityisesti pienempien yritysten tarpeisiin. Mukana tilaisuudessa my\u00f6s uusi Satakunnan kauppakamarin toimitusjohtaja Minna Nore.<\/p>\n<p>Tilaisuus oli maksuton ja avoin kaikille kiinnostuneille.<\/p>\n<hr \/>\n<h2>Teknologian esittelyp\u00e4iv\u00e4t<\/h2>\n<p>MERIOSAAJAT edist\u00e4\u00e4 uusien teknologioiden hy\u00f6dynt\u00e4mist\u00e4 ja k\u00e4ytt\u00f6\u00f6nottoa demoamalla k\u00e4yt\u00e4nn\u00f6llisi\u00e4 ja tuotantomenetelmi\u00e4 kehitt\u00e4vi\u00e4 teknologian protototeutuksia. Satakunnan alueella kev\u00e4\u00e4ll\u00e4 2017 j\u00e4rjestett\u00e4vien <strong>mikro- ja pk-yrityksille kohdennettujen teknologian esittelyp\u00e4ivien ideana on teknologia tutuksi itse kokeilemalla<\/strong>.<\/p>\n<p>Tavoitteenamme on auttaa pienyrityksi\u00e4 l\u00f6yt\u00e4m\u00e4\u00e4n uusia ratkaisuja omaan toimintaansa. Esittelyt kannustaa tuotekehitykseen; esim.\u00a0 2D ja 3D-skannaustoteutukset ja konen\u00e4k\u00f6 voivat her\u00e4tt\u00e4\u00e4 uusia ideoita yksitt\u00e4iskappaletuotantoon tai laadunvarmistamiseen. Mahdollista on my\u00f6s k\u00e4ynnist\u00e4\u00e4 yhdess\u00e4 korkeakoulujen kanssa pitk\u00e4kestoista tuotekehityst\u00e4 liiketoimintasi kehitt\u00e4miseksi.<\/p>\n<p>P\u00e4iv\u00e4t toteutetaan yhteisty\u00f6ss\u00e4 Turun Yliopiston Technology Research Centerin (TRC) ja Satakunnan ammattikorkeakoulun (SAMK) kanssa. MERIOSAAJAT -hankkeessa ei voida toteuteta yrityskohtaista tuotekehityst\u00e4.<\/p>\n<h3><strong>Teknologian esittelyp\u00e4iv\u00e4 Raumalla ti 23.5.2017<\/strong><\/h3>\n<p>Paikka: SAMK-auditorio ja aula, Suojantie 2, Rauma<br \/>\nAika: Vapaasti klo 12-15 v\u00e4lill\u00e4<\/p>\n<p><a href=\"https:\/\/blogit.utu.fi\/meriosaajat\/wp-content\/uploads\/sites\/76\/2016\/09\/Teknologiap\u00e4iv\u00e4_Rauma_23.5.2017..pdf\" target=\"_blank\" rel=\"noopener noreferrer\">Lataa esite (pdf)<\/a><br \/>\n<img loading=\"lazy\" decoding=\"async\" class=\" wp-image-1389 alignleft\" src=\"https:\/\/blogit.utu.fi\/meriosaajat\/wp-content\/uploads\/sites\/76\/2016\/09\/Teknologiap\u00e4iv\u00e4_Rauma_23.5.2017_Page_1-209x300.jpg\" alt=\"\" width=\"344\" height=\"494\" srcset=\"https:\/\/blogit.utu.fi\/meriosaajat\/wp-content\/uploads\/sites\/76\/2016\/09\/Teknologiap\u00e4iv\u00e4_Rauma_23.5.2017_Page_1-209x300.jpg 209w, https:\/\/blogit.utu.fi\/meriosaajat\/wp-content\/uploads\/sites\/76\/2016\/09\/Teknologiap\u00e4iv\u00e4_Rauma_23.5.2017_Page_1-768x1101.jpg 768w, https:\/\/blogit.utu.fi\/meriosaajat\/wp-content\/uploads\/sites\/76\/2016\/09\/Teknologiap\u00e4iv\u00e4_Rauma_23.5.2017_Page_1-714x1024.jpg 714w, https:\/\/blogit.utu.fi\/meriosaajat\/wp-content\/uploads\/sites\/76\/2016\/09\/Teknologiap\u00e4iv\u00e4_Rauma_23.5.2017_Page_1-100x143.jpg 100w, https:\/\/blogit.utu.fi\/meriosaajat\/wp-content\/uploads\/sites\/76\/2016\/09\/Teknologiap\u00e4iv\u00e4_Rauma_23.5.2017_Page_1-150x215.jpg 150w, https:\/\/blogit.utu.fi\/meriosaajat\/wp-content\/uploads\/sites\/76\/2016\/09\/Teknologiap\u00e4iv\u00e4_Rauma_23.5.2017_Page_1-200x287.jpg 200w, https:\/\/blogit.utu.fi\/meriosaajat\/wp-content\/uploads\/sites\/76\/2016\/09\/Teknologiap\u00e4iv\u00e4_Rauma_23.5.2017_Page_1-300x430.jpg 300w, https:\/\/blogit.utu.fi\/meriosaajat\/wp-content\/uploads\/sites\/76\/2016\/09\/Teknologiap\u00e4iv\u00e4_Rauma_23.5.2017_Page_1-450x645.jpg 450w, https:\/\/blogit.utu.fi\/meriosaajat\/wp-content\/uploads\/sites\/76\/2016\/09\/Teknologiap\u00e4iv\u00e4_Rauma_23.5.2017_Page_1-600x860.jpg 600w, https:\/\/blogit.utu.fi\/meriosaajat\/wp-content\/uploads\/sites\/76\/2016\/09\/Teknologiap\u00e4iv\u00e4_Rauma_23.5.2017_Page_1-900x1290.jpg 900w, https:\/\/blogit.utu.fi\/meriosaajat\/wp-content\/uploads\/sites\/76\/2016\/09\/Teknologiap\u00e4iv\u00e4_Rauma_23.5.2017_Page_1.jpg 1199w\" sizes=\"auto, (max-width: 344px) 100vw, 344px\" \/><strong>N\u00c4K\u00d6KULMIA TEKNOLOGIAN HY\u00d6DYNT\u00c4MISEEN JA OSAAMISEEN:<br \/>\nklo 12-13.30<br \/>\n<\/strong><\/p>\n<p><strong>12.00\u00a0 Muutos haastaa nykyisen liiketoimintasi, <\/strong>Marko Mikkola, SAMK<strong><br \/>\n12.15\u00a0 Osaamista tarjolla &#8211; tule hakemaan, <\/strong>Mirka Leino, SAMK<strong><br \/>\n12.30\u00a0 Kunnonvalvonnan ratkaisuja, <\/strong>Aki Vuorinen, KP-ServicePartner<strong><br \/>\n12.45\u00a0 \u00c4lykkyytt\u00e4 laitteisiin, <\/strong>Harri Hakanen, Whyskies<strong><br \/>\n13.00\u00a0 Materiaalitutkimuksen palvelut yrityksille, <\/strong>Sari Stenvall-Virtanen ja Taina Laiho, Turun yliopisto<strong><br \/>\n13.15\u00a0 Oppimateriaalia ja osaamisen tukea pienyrityksille, <\/strong>Johanna Vuorenmaa, Turun yliopisto \/ Meriosaajat<strong><br \/>\n<\/strong><\/p>\n<p><strong>DEMOESITTELYJ\u00c4 KOKEILTAVANA<br \/>\nklo\u00a0 12-15.00<br \/>\n<\/strong><\/p>\n<p><strong>\u2022 Yhdistetyn todellisuuden mahdollisuudet<br \/>\n<\/strong>Virtuaalilaseilla ketteryytt\u00e4 isojen laitteiden valmistukseen, markkinointiin ja myyntiin, tai suunnittelu ja huoltotukea esim. LVI- ja s\u00e4hk\u00f6suunnitteluun.<\/p>\n<p><strong>\u2022 3D-mallinnusta -skannauksesta tuote tulosteena k\u00e4ytt\u00f6\u00f6n<br \/>\n<\/strong>Ratkaisu pienvaraosiin, yksitt\u00e4iskappaletuotantoon ja haastaviin esittelyihin<\/p>\n<p><strong>\u2022 2D- ja 3D-konen\u00e4k\u00f6 avuksi laadunvalvontaan ja lajitteluun<br \/>\n\u2022 Robotiikan mahdollisuudet pienyrityksille<br \/>\n<\/strong><\/p>\n<p>Tapahtuma j\u00e4rjestettiin yhteisty\u00f6n\u00e4. <strong>Tilaisuudet olivat maksuttomia.<\/strong><\/p>\n<p><strong>Yhteystiedot:<\/strong><br \/>\nJohanna Vuorenmaa,<br \/>\npuh. 044-571 0918 \/ s-posti johanna.vuorenmaa@utu.fi<br \/>\nMarko Mikkola, puh. 044 710 3724 \/ s-posti marko.mikkola@samk.fi<\/p>\n<h4 style=\"text-align: right\"><em>Pysy kuulolla<strong> ja t<\/strong><strong>ervetuloa<\/strong><strong> mukaan!<\/strong><\/em><\/h4>\n<h5>&#8212;&#8212;&#8212;&#8212;&#8212;&#8212;&#8212;&#8212;&#8212;&#8212;&#8212;&#8212;&#8212;&#8212;&#8212;&#8212;&#8212;&#8212;&#8212;&#8212;&#8212;&#8212;&#8212;&#8212;&#8212;&#8212;&#8212;&#8212;&#8212;&#8212;&#8212;&#8212;&#8212;&#8212;&#8212;&#8212;&#8212;&#8212;&#8212;&#8212;&#8212;&#8212;&#8212;&#8212;&#8212;&#8212;&#8212;&#8212;&#8212;&#8212;&#8212;&#8212;&#8212;&#8212;&#8212;&#8212;&#8212;&#8212;&#8212;&#8212;&#8212;&#8212;&#8212;&#8212;&#8212;&#8212;&#8212;&#8212;&#8212;&#8212;&#8212;&#8212;&#8212;&#8212;&#8212;&#8212;&#8212;&#8212;&#8212;&#8212;&#8212;&#8212;&#8212;&#8212;&#8212;&#8212;&#8212;&#8212;<\/h5>\n<h4>Ensimm\u00e4inen Teknologian infop\u00e4iv\u00e4 pidettiin Porissa 8.2.2017<\/h4>\n<p><strong><img loading=\"lazy\" decoding=\"async\" class=\"size-medium wp-image-1147 alignleft\" src=\"https:\/\/blogit.utu.fi\/meriosaajat\/wp-content\/uploads\/sites\/76\/2017\/01\/Teknologiap\u00e4iv\u00e4_8-2-2017esite_Page_1-212x300.jpg\" alt=\"\" width=\"212\" height=\"300\" \/>Ohjelmassa tuolloin<br \/>\nDEMOESITTELYJ\u00c4:<\/strong><\/p>\n<ul>\n<li>\u00a0Yhdistetyn todellisuuden mahdollisuudet tuotteiden valmistuksen ja markkinoinnin tukena.<\/li>\n<li>\u00a03D-mallinnusta: skannauksesta tulosteeksi.<\/li>\n<li>\u00a02D- ja 3D-konen\u00e4k\u00f6 teollisuuden laadunvalvonnassa ja robotin ohjauksessa<\/li>\n<\/ul>\n<p><strong>Lis\u00e4ksi ajatuksia her\u00e4teltiin<\/strong><br \/>\n<strong>PIKAPUHEENVUOROILLA:<\/strong><\/p>\n<ul>\n<li>Maailma muuttuu, muuttuuko liiketoimintasi?<br \/>\nMarko Mikkola, SAMK, projektip\u00e4\u00e4llikk\u00f6\/Robocoast-projekti<\/li>\n<li>Osaamisella luotettavaksi kumppaniksi.<br \/>\nJohanna Vuorenmaa, Turun yliopiston Merenkulkualan koulutus- ja tutkimuskeskus<\/li>\n<li>Korkeakoulut pienyritysten teknologian kehitt\u00e4misen tukena<br \/>\nKarri Mikkonen Turku Future Technologies,TFT, Tutkimus- ja kehitysp\u00e4\u00e4llikk\u00f6<\/li>\n<\/ul>\n<p><strong>\u00a0\u00a0\u00a0\u00a0\u00a0\u00a0\u00a0\u00a0\u00a0\u00a0\u00a0\u00a0\u00a0\u00a0\u00a0\u00a0\u00a0\u00a0\u00a0\u00a0\u00a0\u00a0\u00a0\u00a0\u00a0\u00a0\u00a0\u00a0\u00a0\u00a0\u00a0\u00a0<\/strong><strong><img loading=\"lazy\" decoding=\"async\" class=\" wp-image-921 left\" src=\"https:\/\/blogit.utu.fi\/meriosaajat\/wp-content\/uploads\/sites\/76\/2016\/11\/robotti-300x266.png\" alt=\"robotti\" width=\"151\" height=\"134\" srcset=\"https:\/\/blogit.utu.fi\/meriosaajat\/wp-content\/uploads\/sites\/76\/2016\/11\/robotti-300x266.png 300w, https:\/\/blogit.utu.fi\/meriosaajat\/wp-content\/uploads\/sites\/76\/2016\/11\/robotti-100x89.png 100w, https:\/\/blogit.utu.fi\/meriosaajat\/wp-content\/uploads\/sites\/76\/2016\/11\/robotti-150x133.png 150w, https:\/\/blogit.utu.fi\/meriosaajat\/wp-content\/uploads\/sites\/76\/2016\/11\/robotti-200x177.png 200w, https:\/\/blogit.utu.fi\/meriosaajat\/wp-content\/uploads\/sites\/76\/2016\/11\/robotti-450x399.png 450w, https:\/\/blogit.utu.fi\/meriosaajat\/wp-content\/uploads\/sites\/76\/2016\/11\/robotti.png 452w\" sizes=\"auto, (max-width: 151px) 100vw, 151px\" \/><\/strong><strong>\u00a0\u00a0\u00a0\u00a0<\/strong><\/p>\n","protected":false},"excerpt":{"rendered":"<p>Kilpailuvalteista kasvua\u00a0\u2013 MERIOSAAJAT mukana Lahden seudun Meriklusteritapaamisessa 24.1.2019 Paikka: Lahden Tiedepuiston Aalto auditorio, Niemenkatu 73, Lahti Aika: Torstaina 24.1.2019 klo 8.45-12.00 Lis\u00e4tiedot: Lahden seudun Meriklusteritapaaminen tammikuu 2019 Meyer Turku ja Turun yliopisto ovat selvitt\u00e4neet yhdess\u00e4, millaisin edellytyksin ja teknologisin ratkaisuin &hellip;<\/p>\n<p class=\"read-more\"> <a class=\"more-link\" href=\"https:\/\/blogit.utu.fi\/meriosaajat\/tapahtumat\/\"> <span class=\"screen-reader-text\">Tapahtumat<\/span> Lue lis\u00e4\u00e4 &raquo;<\/a><\/p>\n","protected":false},"author":166,"featured_media":0,"parent":0,"menu_order":0,"comment_status":"closed","ping_status":"closed","template":"full-width-page.php","meta":{"footnotes":""},"class_list":["post-274","page","type-page","status-publish","hentry"],"_links":{"self":[{"href":"https:\/\/blogit.utu.fi\/meriosaajat\/wp-json\/wp\/v2\/pages\/274","targetHints":{"allow":["GET"]}}],"collection":[{"href":"https:\/\/blogit.utu.fi\/meriosaajat\/wp-json\/wp\/v2\/pages"}],"about":[{"href":"https:\/\/blogit.utu.fi\/meriosaajat\/wp-json\/wp\/v2\/types\/page"}],"author":[{"embeddable":true,"href":"https:\/\/blogit.utu.fi\/meriosaajat\/wp-json\/wp\/v2\/users\/166"}],"replies":[{"embeddable":true,"href":"https:\/\/blogit.utu.fi\/meriosaajat\/wp-json\/wp\/v2\/comments?post=274"}],"version-history":[{"count":86,"href":"https:\/\/blogit.utu.fi\/meriosaajat\/wp-json\/wp\/v2\/pages\/274\/revisions"}],"predecessor-version":[{"id":3224,"href":"https:\/\/blogit.utu.fi\/meriosaajat\/wp-json\/wp\/v2\/pages\/274\/revisions\/3224"}],"wp:attachment":[{"href":"https:\/\/blogit.utu.fi\/meriosaajat\/wp-json\/wp\/v2\/media?parent=274"}],"curies":[{"name":"wp","href":"https:\/\/api.w.org\/{rel}","templated":true}]}}