{"id":2759,"date":"2019-01-14T14:36:49","date_gmt":"2019-01-14T12:36:49","guid":{"rendered":"https:\/\/blogit.utu.fi\/meriosaajat\/?page_id=2759"},"modified":"2019-01-14T15:47:06","modified_gmt":"2019-01-14T13:47:06","slug":"1-maaritelmat","status":"publish","type":"page","link":"https:\/\/blogit.utu.fi\/meriosaajat\/verkko-oppimateriaalit\/projektinhallinta\/1-maaritelmat\/","title":{"rendered":"1. M\u00e4\u00e4ritelm\u00e4t"},"content":{"rendered":"<div class=\"no-overflow\">\n<p>T\u00e4h\u00e4n osaan on koottu t\u00e4rkempi\u00e4 k\u00e4sitteit\u00e4 ja m\u00e4\u00e4ritelmi\u00e4 projektinhallinnasta.<\/p>\n<p><a href=\"https:\/\/blogit.utu.fi\/meriosaajat\/wp-content\/uploads\/sites\/76\/2019\/01\/Projektin-m\u00e4\u00e4ritelm\u00e4.pdf\">M\u00e4\u00e4ritelm\u00e4<\/a>ss\u00e4 kerrotaan, miten projekti ja prosessi eroavat toisistaan. Aineiston loppuun on ker\u00e4tty l\u00e4hteit\u00e4, joista l\u00f6yd\u00e4t lis\u00e4\u00e4 tietoa.<\/p>\n<\/div>\n","protected":false},"excerpt":{"rendered":"<p>T\u00e4h\u00e4n osaan on koottu t\u00e4rkempi\u00e4 k\u00e4sitteit\u00e4 ja m\u00e4\u00e4ritelmi\u00e4 projektinhallinnasta. M\u00e4\u00e4ritelm\u00e4ss\u00e4 kerrotaan, miten projekti ja prosessi eroavat toisistaan. Aineiston loppuun on ker\u00e4tty l\u00e4hteit\u00e4, joista l\u00f6yd\u00e4t lis\u00e4\u00e4 tietoa.<\/p>\n","protected":false},"author":1078,"featured_media":0,"parent":2738,"menu_order":0,"comment_status":"closed","ping_status":"closed","template":"full-width-page.php","meta":{"footnotes":""},"class_list":["post-2759","page","type-page","status-publish","hentry"],"_links":{"self":[{"href":"https:\/\/blogit.utu.fi\/meriosaajat\/wp-json\/wp\/v2\/pages\/2759","targetHints":{"allow":["GET"]}}],"collection":[{"href":"https:\/\/blogit.utu.fi\/meriosaajat\/wp-json\/wp\/v2\/pages"}],"about":[{"href":"https:\/\/blogit.utu.fi\/meriosaajat\/wp-json\/wp\/v2\/types\/page"}],"author":[{"embeddable":true,"href":"https:\/\/blogit.utu.fi\/meriosaajat\/wp-json\/wp\/v2\/users\/1078"}],"replies":[{"embeddable":true,"href":"https:\/\/blogit.utu.fi\/meriosaajat\/wp-json\/wp\/v2\/comments?post=2759"}],"version-history":[{"count":3,"href":"https:\/\/blogit.utu.fi\/meriosaajat\/wp-json\/wp\/v2\/pages\/2759\/revisions"}],"predecessor-version":[{"id":2801,"href":"https:\/\/blogit.utu.fi\/meriosaajat\/wp-json\/wp\/v2\/pages\/2759\/revisions\/2801"}],"up":[{"embeddable":true,"href":"https:\/\/blogit.utu.fi\/meriosaajat\/wp-json\/wp\/v2\/pages\/2738"}],"wp:attachment":[{"href":"https:\/\/blogit.utu.fi\/meriosaajat\/wp-json\/wp\/v2\/media?parent=2759"}],"curies":[{"name":"wp","href":"https:\/\/api.w.org\/{rel}","templated":true}]}}