{"id":298,"date":"2016-09-13T12:30:04","date_gmt":"2016-09-13T10:30:04","guid":{"rendered":"https:\/\/blogit.utu.fi\/meriosaajat\/?page_id=298"},"modified":"2021-02-04T11:22:54","modified_gmt":"2021-02-04T09:22:54","slug":"yhteystiedot","status":"publish","type":"page","link":"https:\/\/blogit.utu.fi\/meriosaajat\/yhteystiedot\/","title":{"rendered":"Yhteystiedot"},"content":{"rendered":"<p style=\"text-align: left\">Turun yliopiston Brahea-keskus<br \/>\n<strong>MERENKULKUALAN KOULUTUS- JA TUTKIMUSKESKUS<\/strong><br \/>\nTurun yliopiston Rauman kampus, Seminaarinkatu 1, 26100 RAUMA<\/p>\n<h3 style=\"text-align: left\"><strong>Ota yhteytt\u00e4<\/strong><\/h3>\n<p style=\"text-align: left\">Erikoissuunnittelija Anne E. Suominen<br \/>\npuh. 040 779 9494<br \/>\nanelsu@utu.fi<\/p>\n<p>Koulutusp\u00e4\u00e4llikk\u00f6 Sari Nyroos<br \/>\npuh. 040 779 9493<br \/>\nsarnyr@utu.fi<\/p>\n<h4><strong>\u00a0<\/strong>Hanketta ovat toteuttaneet yhteisty\u00f6ss\u00e4:<\/h4>\n<p><img loading=\"lazy\" decoding=\"async\" class=\"alignnone wp-image-870 size-full\" src=\"https:\/\/blogit.utu.fi\/meriosaajat\/wp-content\/uploads\/sites\/76\/2016\/11\/Toteuttajat2016.jpg\" alt=\"toteuttajat2016\" width=\"900\" height=\"200\" srcset=\"https:\/\/blogit.utu.fi\/meriosaajat\/wp-content\/uploads\/sites\/76\/2016\/11\/Toteuttajat2016.jpg 900w, https:\/\/blogit.utu.fi\/meriosaajat\/wp-content\/uploads\/sites\/76\/2016\/11\/Toteuttajat2016-300x67.jpg 300w, https:\/\/blogit.utu.fi\/meriosaajat\/wp-content\/uploads\/sites\/76\/2016\/11\/Toteuttajat2016-768x171.jpg 768w, https:\/\/blogit.utu.fi\/meriosaajat\/wp-content\/uploads\/sites\/76\/2016\/11\/Toteuttajat2016-100x22.jpg 100w, https:\/\/blogit.utu.fi\/meriosaajat\/wp-content\/uploads\/sites\/76\/2016\/11\/Toteuttajat2016-150x33.jpg 150w, https:\/\/blogit.utu.fi\/meriosaajat\/wp-content\/uploads\/sites\/76\/2016\/11\/Toteuttajat2016-200x44.jpg 200w, https:\/\/blogit.utu.fi\/meriosaajat\/wp-content\/uploads\/sites\/76\/2016\/11\/Toteuttajat2016-450x100.jpg 450w, https:\/\/blogit.utu.fi\/meriosaajat\/wp-content\/uploads\/sites\/76\/2016\/11\/Toteuttajat2016-600x133.jpg 600w\" sizes=\"auto, (max-width: 900px) 100vw, 900px\" \/><\/p>\n","protected":false},"excerpt":{"rendered":"<p>Turun yliopiston Brahea-keskus MERENKULKUALAN KOULUTUS- JA TUTKIMUSKESKUS Turun yliopiston Rauman kampus, Seminaarinkatu 1, 26100 RAUMA Ota yhteytt\u00e4 Erikoissuunnittelija Anne E. Suominen puh. 040 779 9494 anelsu@utu.fi Koulutusp\u00e4\u00e4llikk\u00f6 Sari Nyroos puh. 040 779 9493 sarnyr@utu.fi \u00a0Hanketta ovat toteuttaneet yhteisty\u00f6ss\u00e4:<\/p>\n","protected":false},"author":166,"featured_media":0,"parent":0,"menu_order":0,"comment_status":"closed","ping_status":"closed","template":"full-width-page.php","meta":{"footnotes":""},"class_list":["post-298","page","type-page","status-publish","hentry"],"_links":{"self":[{"href":"https:\/\/blogit.utu.fi\/meriosaajat\/wp-json\/wp\/v2\/pages\/298","targetHints":{"allow":["GET"]}}],"collection":[{"href":"https:\/\/blogit.utu.fi\/meriosaajat\/wp-json\/wp\/v2\/pages"}],"about":[{"href":"https:\/\/blogit.utu.fi\/meriosaajat\/wp-json\/wp\/v2\/types\/page"}],"author":[{"embeddable":true,"href":"https:\/\/blogit.utu.fi\/meriosaajat\/wp-json\/wp\/v2\/users\/166"}],"replies":[{"embeddable":true,"href":"https:\/\/blogit.utu.fi\/meriosaajat\/wp-json\/wp\/v2\/comments?post=298"}],"version-history":[{"count":24,"href":"https:\/\/blogit.utu.fi\/meriosaajat\/wp-json\/wp\/v2\/pages\/298\/revisions"}],"predecessor-version":[{"id":3468,"href":"https:\/\/blogit.utu.fi\/meriosaajat\/wp-json\/wp\/v2\/pages\/298\/revisions\/3468"}],"wp:attachment":[{"href":"https:\/\/blogit.utu.fi\/meriosaajat\/wp-json\/wp\/v2\/media?parent=298"}],"curies":[{"name":"wp","href":"https:\/\/api.w.org\/{rel}","templated":true}]}}