{"id":27,"date":"2019-11-27T10:37:48","date_gmt":"2019-11-27T10:37:48","guid":{"rendered":"https:\/\/blogit.utu.fi\/mevi2020\/?page_id=27"},"modified":"2021-01-25T09:44:22","modified_gmt":"2021-01-25T09:44:22","slug":"ohjelma","status":"publish","type":"page","link":"https:\/\/blogit.utu.fi\/mevi2020\/ohjelma\/","title":{"rendered":"Ohjelma"},"content":{"rendered":"\n<h3 class=\"wp-block-heading\"><strong><strong>Mevi-webinaari 27.\u201329.1.2021<\/strong><\/strong><\/h3>\n\n\n\n<p>Keskiviikko 27.1.2021<\/p>\n\n\n\n<p><a href=\"https:\/\/blogit.utu.fi\/mevi2020\/valta-ja-politiikan-journalismi\/\">11.00\u201312.30 Valta ja politiikan journalismi \u2013 Puheenjohtajina Eliisa Vainikka ja Auli Harju<\/a><\/p>\n\n\n\n<p><a href=\"https:\/\/blogit.utu.fi\/mevi2020\/politiikka-sisaltosekaannuksen-aikakaudella\/\">13.00\u201314.30 Politiikka sis\u00e4lt\u00f6sekaannuksen aikakaudella \u2013 Puheenjohtajina Katja Valaskivi, Johanna Sumiala ja Niko Pyrh\u00f6nen<\/a><\/p>\n\n\n\n<p><a href=\"https:\/\/blogit.utu.fi\/mevi2020\/digitaalisten-menetelmien-rajapinnoilla\/\">15.00\u201316.30 Digitaalisten menetelmien rajapinnoilla 1 \u2013 Puheenjohtajina Minttu Tikka, Margareta Salonen ja Jukka Huhtam\u00e4ki<\/a><\/p>\n\n\n\n<p>Torstai 28.1.2021<\/p>\n\n\n\n<p><a href=\"https:\/\/blogit.utu.fi\/mevi2020\/viestintapolitiikan-ja-mediatalouden-tyoryhma\/\">11.00\u201312.30 Viestint\u00e4politiikan ja mediatalouden ty\u00f6ryhm\u00e4 \u2013 Puheenjohtajina Katja Lehtisaari ja Marko Ala-Fossi<\/a><\/p>\n\n\n\n<p><a href=\"https:\/\/blogit.utu.fi\/mevi2020\/tieto-ja-informaatio-mediahistoriassa\/\">13.00\u201314.30 Tieto ja informaatio mediahistoriassa \u2013 Puheenjohtajina Jukka Kortti ja Heidi Kurvinen<\/a><\/p>\n\n\n\n<p><a href=\"https:\/\/blogit.utu.fi\/mevi2020\/dokumentaarisen-tiedon-rakentuminen\/\">15.00\u201316.30 Dokumentaarisen tiedon rakentuminen \u2013 Puheenjohtajana Outi Hakola<\/a><\/p>\n\n\n\n<p>Perjantai 29.1.2021<\/p>\n\n\n\n<p><a href=\"https:\/\/blogit.utu.fi\/mevi2020\/digitaalisten-menetelmien-rajapinnoilla\/\">11.00\u201312.30 Digitaalisten menetelmien rajapinnoilla 2 \u2013 Puheenjohtajina Minttu Tikka, Margareta Salonen ja Jukka Huhtam\u00e4ki<\/a><\/p>\n\n\n\n<p><a href=\"https:\/\/blogit.utu.fi\/mevi2020\/mediateknologia-ja-kokemuksellisen-tiedon-politiikat\/\">13.00\u201315.30 Mediateknologia ja kokemuksellisen tiedon politiikat \u2013 Puheenjohtajina Anna Rantasila, Minna Saariketo, Heikki Heikkil\u00e4 ja Tuukka Lehtiniemi<\/a><\/p>\n\n\n\n<p>Ohjelman linkeist\u00e4 p\u00e4\u00e4set lukemaan jokaisen ty\u00f6ryhm\u00e4n esittelyn ja siihen osallistuvien abstraktit. Ty\u00f6ryhmien seuraaminen on maksutonta ja linkit ty\u00f6ryhmien sessioihin l\u00f6ytyv\u00e4t jokaisen ty\u00f6ryhm\u00e4n omalta sivulta.<\/p>\n","protected":false},"excerpt":{"rendered":"<p>Mevi-webinaari 27.\u201329.1.2021 Keskiviikko 27.1.2021 11.00\u201312.30 Valta ja politiikan journalismi \u2013 Puheenjohtajina Eliisa Vainikka ja Auli Harju 13.00\u201314.30 Politiikka sis\u00e4lt\u00f6sekaannuksen aikakaudella \u2013 Puheenjohtajina Katja Valaskivi, Johanna Sumiala ja Niko Pyrh\u00f6nen 15.00\u201316.30 Digitaalisten menetelmien rajapinnoilla 1 \u2013 Puheenjohtajina Minttu Tikka, Margareta Salonen [&hellip;]<\/p>\n","protected":false},"author":4726,"featured_media":0,"parent":0,"menu_order":0,"comment_status":"closed","ping_status":"closed","template":"","meta":{"footnotes":""},"class_list":["post-27","page","type-page","status-publish","hentry"],"_links":{"self":[{"href":"https:\/\/blogit.utu.fi\/mevi2020\/wp-json\/wp\/v2\/pages\/27","targetHints":{"allow":["GET"]}}],"collection":[{"href":"https:\/\/blogit.utu.fi\/mevi2020\/wp-json\/wp\/v2\/pages"}],"about":[{"href":"https:\/\/blogit.utu.fi\/mevi2020\/wp-json\/wp\/v2\/types\/page"}],"author":[{"embeddable":true,"href":"https:\/\/blogit.utu.fi\/mevi2020\/wp-json\/wp\/v2\/users\/4726"}],"replies":[{"embeddable":true,"href":"https:\/\/blogit.utu.fi\/mevi2020\/wp-json\/wp\/v2\/comments?post=27"}],"version-history":[{"count":11,"href":"https:\/\/blogit.utu.fi\/mevi2020\/wp-json\/wp\/v2\/pages\/27\/revisions"}],"predecessor-version":[{"id":972,"href":"https:\/\/blogit.utu.fi\/mevi2020\/wp-json\/wp\/v2\/pages\/27\/revisions\/972"}],"wp:attachment":[{"href":"https:\/\/blogit.utu.fi\/mevi2020\/wp-json\/wp\/v2\/media?parent=27"}],"curies":[{"name":"wp","href":"https:\/\/api.w.org\/{rel}","templated":true}]}}