{"id":399,"date":"2020-01-28T13:15:58","date_gmt":"2020-01-28T13:15:58","guid":{"rendered":"https:\/\/blogit.utu.fi\/mevi2020\/?page_id=399"},"modified":"2021-01-20T11:59:31","modified_gmt":"2021-01-20T11:59:31","slug":"tieto-ja-informaatio-mediahistoriassa","status":"publish","type":"page","link":"https:\/\/blogit.utu.fi\/mevi2020\/tieto-ja-informaatio-mediahistoriassa\/","title":{"rendered":"Tieto ja informaatio mediahistoriassa"},"content":{"rendered":"\n<p>Torstai 28.1.2021 13.00\u201314.30<\/p>\n\n\n\n<p>Zoom: <a href=\"https:\/\/utu.zoom.us\/j\/63670976362\">https:\/\/utu.zoom.us\/j\/63670976362<\/a><\/p>\n\n\n\n<p>Meeting ID: 636 7097 6362<\/p>\n\n\n\n<p>Passcode: 0228012021<\/p>\n\n\n\n<p>Se, miten, kuka ja mist\u00e4 l\u00e4ht\u00f6kohdista informaatiota on k\u00e4ytetty\nja hallittu, on ollut keskeist\u00e4 mediahistoriassa jo ennen modernia,\nkirjapainotaidosta alkanutta kehityst\u00e4. Tietoa on sensuroitu, v\u00e4\u00e4rennetty ja\nmanipuloitu poliittisilla, ideologisilla ja valtapyrkimyksellisill\u00e4\nmotiiveilla. Viime vuosina uudelleen vironnut propaganda oli keskeinen ase jo\nantiikin hallitsijoilla. Uskonpuhdistus ja vastauskonpuhdistus, josta koko\ntermi kumpuaa, k\u00e4yttiv\u00e4t kirjapainotaitoa h\u00e4ik\u00e4ilem\u00e4tt\u00f6m\u00e4sti hyv\u00e4kseen. Median v\u00e4litt\u00e4m\u00e4ll\u00e4\ninformaatiolla ja sen k\u00e4yt\u00f6ll\u00e4 oli merkitt\u00e4v\u00e4 rooli modernin maailman\nsynnytt\u00e4miss\u00e4 Amerikan ja Ranskan vallankumouksissa. 1800-luvun\nuutistoimistojen ja massalehdist\u00f6n my\u00f6t\u00e4 informaatiosta tuli t\u00e4rke\u00e4\ntaloudenala. 1900-luvun massamedian aika merkitsi sit\u00e4, ett\u00e4 ainoastaan se,\njoka hallitsee informaatiota ja tietoa voi menesty\u00e4 globaalissa yhteiskunnassa\nja kulttuurissa. Samalla median v\u00e4litt\u00e4m\u00e4st\u00e4 viihteest\u00e4 tuli paitsi merkitt\u00e4v\u00e4\nteollisuudenala, my\u00f6s keskeist\u00e4 ihmisten arjessa. Digitaalinen media\nsosiaalisen median sovellutuksineen on kiihdytt\u00e4nyt kehityst\u00e4\nennen\u00e4kem\u00e4tt\u00f6m\u00e4ll\u00e4 tavalla. <\/p>\n\n\n\n<p>Paneelissa tarkastellaan tiedon ja informaation roolia\nmediahistoriassa. Aihetta l\u00e4hestyt\u00e4\u00e4n niin teoreettisesti, metodologisesti kuin\ntapaustutkimustenkin kautta. Aluksi paneelin j\u00e4senet alustavat lyhyesti\naiheeseen liittyen omasta n\u00e4k\u00f6kulmastaan, mink\u00e4 j\u00e4lkeen avataan keskustelua\npanelistien ja yleis\u00f6n kesken. <\/p>\n\n\n\n<p>Osallistujat: <\/p>\n\n\n\n<p>Puheenjohtaja: Jukka Kortti\/Heidi Kurvinen<\/p>\n\n\n\n<p>Jukka Kortti: \u201dJohdanto: Tieto ja informaatio mediahistoriassa\u201d<\/p>\n\n\n\n<p>Tarmo Malmberg: &#8221;Mediatutkimus,\nhistoria, propaganda&#8221;.<\/p>\n\n\n\n<p>Hannu Salmi: \u201dInformaatiovirrat 1800-luvun sanomalehdist\u00f6ss\u00e4:\ndigitaalisen historian n\u00e4k\u00f6kulma\u201d<\/p>\n\n\n\n<p>Mari Pajala: &#8221;Informaatio, viihde ja kulttuuritelevisio:\nHuomioita televisiohistorian tutkimuksesta&#8221;<\/p>\n\n\n\n<p><strong>Yhteystiedot:<\/strong><\/p>\n\n\n\n<p><strong>Jukka Kortti<\/strong><br><strong>jukka.kortti@helsinki.fi<\/strong><\/p>\n","protected":false},"excerpt":{"rendered":"<p>Torstai 28.1.2021 13.00\u201314.30 Zoom: https:\/\/utu.zoom.us\/j\/63670976362 Meeting ID: 636 7097 6362 Passcode: 0228012021 Se, miten, kuka ja mist\u00e4 l\u00e4ht\u00f6kohdista informaatiota on k\u00e4ytetty ja hallittu, on ollut keskeist\u00e4 mediahistoriassa jo ennen modernia, kirjapainotaidosta alkanutta kehityst\u00e4. Tietoa on sensuroitu, v\u00e4\u00e4rennetty ja manipuloitu poliittisilla, [&hellip;]<\/p>\n","protected":false},"author":4726,"featured_media":0,"parent":0,"menu_order":0,"comment_status":"closed","ping_status":"closed","template":"","meta":{"footnotes":""},"class_list":["post-399","page","type-page","status-publish","hentry"],"_links":{"self":[{"href":"https:\/\/blogit.utu.fi\/mevi2020\/wp-json\/wp\/v2\/pages\/399","targetHints":{"allow":["GET"]}}],"collection":[{"href":"https:\/\/blogit.utu.fi\/mevi2020\/wp-json\/wp\/v2\/pages"}],"about":[{"href":"https:\/\/blogit.utu.fi\/mevi2020\/wp-json\/wp\/v2\/types\/page"}],"author":[{"embeddable":true,"href":"https:\/\/blogit.utu.fi\/mevi2020\/wp-json\/wp\/v2\/users\/4726"}],"replies":[{"embeddable":true,"href":"https:\/\/blogit.utu.fi\/mevi2020\/wp-json\/wp\/v2\/comments?post=399"}],"version-history":[{"count":4,"href":"https:\/\/blogit.utu.fi\/mevi2020\/wp-json\/wp\/v2\/pages\/399\/revisions"}],"predecessor-version":[{"id":930,"href":"https:\/\/blogit.utu.fi\/mevi2020\/wp-json\/wp\/v2\/pages\/399\/revisions\/930"}],"wp:attachment":[{"href":"https:\/\/blogit.utu.fi\/mevi2020\/wp-json\/wp\/v2\/media?parent=399"}],"curies":[{"name":"wp","href":"https:\/\/api.w.org\/{rel}","templated":true}]}}