{"id":196,"date":"2018-01-29T09:23:38","date_gmt":"2018-01-29T09:23:38","guid":{"rendered":"https:\/\/blogit.utu.fi\/oikeudellinentietotaito\/?page_id=196"},"modified":"2018-02-15T07:21:13","modified_gmt":"2018-02-15T07:21:13","slug":"korpiola","status":"publish","type":"page","link":"https:\/\/blogit.utu.fi\/oikeudellinentietotaito\/tutkijat\/korpiola\/","title":{"rendered":"Mia Korpiola"},"content":{"rendered":"<p><img loading=\"lazy\" decoding=\"async\" class=\"alignnone  wp-image-429\" src=\"https:\/\/blogit.utu.fi\/oikeudellinentietotaito\/wp-content\/uploads\/sites\/134\/2018\/02\/Korpiola-Mia-19-225x300.jpg\" alt=\"\" width=\"197\" height=\"263\" srcset=\"https:\/\/blogit.utu.fi\/oikeudellinentietotaito\/wp-content\/uploads\/sites\/134\/2018\/02\/Korpiola-Mia-19-225x300.jpg 225w, https:\/\/blogit.utu.fi\/oikeudellinentietotaito\/wp-content\/uploads\/sites\/134\/2018\/02\/Korpiola-Mia-19-768x1024.jpg 768w, https:\/\/blogit.utu.fi\/oikeudellinentietotaito\/wp-content\/uploads\/sites\/134\/2018\/02\/Korpiola-Mia-19-676x901.jpg 676w, https:\/\/blogit.utu.fi\/oikeudellinentietotaito\/wp-content\/uploads\/sites\/134\/2018\/02\/Korpiola-Mia-19.jpg 1159w\" sizes=\"auto, (max-width: 197px) 100vw, 197px\" \/><\/p>\n<p>Mia Korpiola on oikeushistorian professori Turun yliopistolla. H\u00e4n johtaa my\u00f6s Koneen S\u00e4\u00e4ti\u00f6n rahoittamaa hanketta <a href=\"https:\/\/www.utu.fi\/fi\/yksikot\/law\/tiedekunta\/henkilosto\/Sivut\/Speeding-towards-the-Future.aspx\" target=\"_blank\" rel=\"noopener\">\u201cSpeeding towards the Future: New Vehicles, Modernization and the Law in Finland, 1830-1950\u201d<\/a>. H\u00e4nen tutkimuksensa k\u00e4sittelee Suomen ja Ruotsin oikeushistoriaa vertailevasta n\u00e4k\u00f6kulmasta 1200-luvulta nykyp\u00e4iv\u00e4\u00e4n. H\u00e4n on julkaissut eri aiheista juristiprofessiosta perheoikeuteen ja hovioikeuksista oikeudelliseen ikonografiaan.<\/p>\n<p>H\u00e4nen t\u00e4rkeimm\u00e4t tutkimushankkeen aiheeseen liittyv\u00e4t artikkelinsa ovat:<\/p>\n<p><a href=\"http:\/\/www.cliothemis.com\/On-the-Reception-of-the-Jus\" target=\"_blank\" rel=\"noopener\">\u201dOn the Reception of the Ius Commune and Foreign Law in Sweden, ca. 1550-1615\u201d<\/a>,\u00a0<em>Clio@Th\u00e9mis <\/em>2: Histoires des cultures juridiques. Circulations, connexions et espaces transnationaux du droit.\u00a0(julkaistu alkujaan 2009). H\u00e4n on my\u00f6s julkaissut artikkelin \u201dAttempting to Advocate: Women Entering the Legal Profession in Finland, 1885-1915,\u201d <em>New Perspectives on European Women&#8217;s Legal History<\/em>, toim. Sara L. Kimble ja Marion R\u00f6wekamp, s. 292\u2013318. (Studies in Gender and History, Routledge, New York, 2017). Lis\u00e4ksi teemaan liittyy \u201dAgnes Lundell: Suomen ensimm\u00e4inen oikeustutkinnon suorittanut nainen uusien l\u00e4hteiden valossa\u201d, <a href=\"https:\/\/helda.helsinki.fi\/handle\/10138\/189718\" target=\"_blank\" rel=\"noopener\"><em>Rohkea kyn\u00e4. <\/em><em>Syntym\u00e4p\u00e4iv\u00e4kirja Maria L\u00e4hteenm\u00e4elle 9.6.2017<\/em><\/a>, toim. Oona Ilmolahti ja Sinikka Selin, pp. 37\u201355. (Ty\u00f6v\u00e4en historian ja perinteen tutkimuksen seura, Helsinki, 2017).<\/p>\n<p>H\u00e4nen muita julkaisujaan on listattu sivuilla:<\/p>\n<p><a href=\"http:\/\/www.utu.fi\/fi\/yksikot\/law\/tiedekunta\/henkilosto\/Sivut\/korpiola_mia.aspx\" target=\"_blank\" rel=\"noopener\">http:\/\/www.utu.fi\/fi\/yksikot\/law\/tiedekunta\/henkilosto\/Sivut\/korpiola_mia.aspx<\/a><\/p>\n<p><a href=\"https:\/\/research.utu.fi\/converis\/portal\/Person\/817919?auxfun=&amp;lang=fi_FI\" target=\"_blank\" rel=\"noopener\">https:\/\/research.utu.fi\/converis\/portal\/Person\/817919?auxfun=&amp;lang=fi_FI<\/a><\/p>\n<p>T\u00e4ss\u00e4 projektissa Mia Korpiola tulee kirjoittamaan useita artikkeleita aiheesta sek\u00e4 monografian <em>Legal Literacy in Finland ca. 1800-1920<\/em>. T\u00e4m\u00e4 monografia analysoi oikeudellista tietotaitoa Ruotsin vallan loppuvaiheista Suomen itsen\u00e4istymiseen asti kaikkien projektin tutkimustulosten pohjalta. Ajanjakso mahdollistaa sen pohtimisen, kuinka nationalismi ja kansallinen identiteetin rakentaminen, kansalaisyhteiskunnan kasvu, suomen kielen k\u00e4ytt\u00f6 oikeuskielen\u00e4, maaseudun luokkaerojen kasvu, kaupungistuminen ja professionalisaatio mahdollisesti vaikuttivat oikeudelliseen tietotaitoon. Samaan aikaan oikeudellinen tietotaito inhimillisen\u00e4 ja aineettomana p\u00e4\u00e4omana mahdollisti sosiaalisen liikkuvuuden yhteis\u00f6ss\u00e4. Kirja tuleekin analysoimaan koko oikeudellisen tietotaidon kirjoa.<\/p>\n","protected":false},"excerpt":{"rendered":"<p>Mia Korpiola on oikeushistorian professori Turun yliopistolla. H\u00e4n johtaa my\u00f6s Koneen S\u00e4\u00e4ti\u00f6n rahoittamaa hanketta \u201cSpeeding towards the Future: New Vehicles, Modernization and the Law in Finland, 1830-1950\u201d. H\u00e4nen tutkimuksensa k\u00e4sittelee Suomen ja Ruotsin oikeushistoriaa vertailevasta n\u00e4k\u00f6kulmasta 1200-luvulta nykyp\u00e4iv\u00e4\u00e4n. H\u00e4n on julkaissut eri aiheista juristiprofessiosta perheoikeuteen ja hovioikeuksista oikeudelliseen ikonografiaan. H\u00e4nen t\u00e4rkeimm\u00e4t tutkimushankkeen aiheeseen liittyv\u00e4t artikkelinsa [&hellip;]<\/p>\n","protected":false},"author":5114,"featured_media":0,"parent":60,"menu_order":0,"comment_status":"closed","ping_status":"closed","template":"","meta":{"footnotes":""},"class_list":["post-196","page","type-page","status-publish","hentry","post-preview"],"_links":{"self":[{"href":"https:\/\/blogit.utu.fi\/oikeudellinentietotaito\/wp-json\/wp\/v2\/pages\/196","targetHints":{"allow":["GET"]}}],"collection":[{"href":"https:\/\/blogit.utu.fi\/oikeudellinentietotaito\/wp-json\/wp\/v2\/pages"}],"about":[{"href":"https:\/\/blogit.utu.fi\/oikeudellinentietotaito\/wp-json\/wp\/v2\/types\/page"}],"author":[{"embeddable":true,"href":"https:\/\/blogit.utu.fi\/oikeudellinentietotaito\/wp-json\/wp\/v2\/users\/5114"}],"replies":[{"embeddable":true,"href":"https:\/\/blogit.utu.fi\/oikeudellinentietotaito\/wp-json\/wp\/v2\/comments?post=196"}],"version-history":[{"count":7,"href":"https:\/\/blogit.utu.fi\/oikeudellinentietotaito\/wp-json\/wp\/v2\/pages\/196\/revisions"}],"predecessor-version":[{"id":433,"href":"https:\/\/blogit.utu.fi\/oikeudellinentietotaito\/wp-json\/wp\/v2\/pages\/196\/revisions\/433"}],"up":[{"embeddable":true,"href":"https:\/\/blogit.utu.fi\/oikeudellinentietotaito\/wp-json\/wp\/v2\/pages\/60"}],"wp:attachment":[{"href":"https:\/\/blogit.utu.fi\/oikeudellinentietotaito\/wp-json\/wp\/v2\/media?parent=196"}],"curies":[{"name":"wp","href":"https:\/\/api.w.org\/{rel}","templated":true}]}}