{"id":914,"date":"2019-01-30T18:09:51","date_gmt":"2019-01-30T18:09:51","guid":{"rendered":"https:\/\/blogit.utu.fi\/oikeudellinentietotaito\/?page_id=914"},"modified":"2019-01-30T19:13:16","modified_gmt":"2019-01-30T19:13:16","slug":"11-annual-conference-for-the-finnish-network-for-19th-century-studies","status":"publish","type":"page","link":"https:\/\/blogit.utu.fi\/oikeudellinentietotaito\/in-english\/past-events\/11-annual-conference-for-the-finnish-network-for-19th-century-studies\/","title":{"rendered":"11th Annual Conference for the Finnish Network for 19th-Century Studies"},"content":{"rendered":"<p>Tieto liikkeess\u00e4: Tiedon ja taitojen kierto pitk\u00e4ll\u00e4 1800-luvulla \u2013 Knowledge on the Move: The Circulation of Knowledge and Skills during the Long 19th Century<\/p>\n<p>University of Oulu 24.-24.1.2019<\/p>\n<p>Paneelikeskustelu: Suomalaisten oikeudellinen tietotaito pitk\u00e4ll\u00e4 1800-luvulla\u00a0 (HUM301) [Panel discussion: Legal literacy in Finland during the long nineteenth century]<\/p>\n<ul>\n<li><strong>Mia Korpiola<\/strong><\/li>\n<li><strong>Marianne Vasara-Aaltonen<\/strong><\/li>\n<li><strong>Tuomas Jussila<\/strong><\/li>\n<li><strong>Anna Kuismin<\/strong><\/li>\n<\/ul>\n<p><a href=\"https:\/\/www.finlit.fi\/sites\/default\/files\/mediafiles\/paneeli_abstrakti_0.pdf\" target=\"_blank\" rel=\"noopener\">Abstract in Finnish<\/a><\/p>\n<p><img loading=\"lazy\" decoding=\"async\" class=\"size-medium wp-image-932 alignleft\" src=\"https:\/\/blogit.utu.fi\/oikeudellinentietotaito\/wp-content\/uploads\/sites\/134\/2019\/01\/20190125_140620-199x300.jpg\" alt=\"\" width=\"199\" height=\"300\" srcset=\"https:\/\/blogit.utu.fi\/oikeudellinentietotaito\/wp-content\/uploads\/sites\/134\/2019\/01\/20190125_140620-199x300.jpg 199w, https:\/\/blogit.utu.fi\/oikeudellinentietotaito\/wp-content\/uploads\/sites\/134\/2019\/01\/20190125_140620-768x1160.jpg 768w, https:\/\/blogit.utu.fi\/oikeudellinentietotaito\/wp-content\/uploads\/sites\/134\/2019\/01\/20190125_140620-678x1024.jpg 678w, https:\/\/blogit.utu.fi\/oikeudellinentietotaito\/wp-content\/uploads\/sites\/134\/2019\/01\/20190125_140620-676x1021.jpg 676w\" sizes=\"auto, (max-width: 199px) 100vw, 199px\" \/><\/p>\n","protected":false},"excerpt":{"rendered":"<p>Tieto liikkeess\u00e4: Tiedon ja taitojen kierto pitk\u00e4ll\u00e4 1800-luvulla \u2013 Knowledge on the Move: The Circulation of Knowledge and Skills during the Long 19th Century University of Oulu 24.-24.1.2019 Paneelikeskustelu: Suomalaisten oikeudellinen tietotaito pitk\u00e4ll\u00e4 1800-luvulla\u00a0 (HUM301) [Panel discussion: Legal literacy in Finland during the long nineteenth century] Mia Korpiola Marianne Vasara-Aaltonen Tuomas Jussila Anna Kuismin Abstract [&hellip;]<\/p>\n","protected":false},"author":5114,"featured_media":0,"parent":860,"menu_order":0,"comment_status":"closed","ping_status":"closed","template":"","meta":{"footnotes":""},"class_list":["post-914","page","type-page","status-publish","hentry","post-preview"],"_links":{"self":[{"href":"https:\/\/blogit.utu.fi\/oikeudellinentietotaito\/wp-json\/wp\/v2\/pages\/914","targetHints":{"allow":["GET"]}}],"collection":[{"href":"https:\/\/blogit.utu.fi\/oikeudellinentietotaito\/wp-json\/wp\/v2\/pages"}],"about":[{"href":"https:\/\/blogit.utu.fi\/oikeudellinentietotaito\/wp-json\/wp\/v2\/types\/page"}],"author":[{"embeddable":true,"href":"https:\/\/blogit.utu.fi\/oikeudellinentietotaito\/wp-json\/wp\/v2\/users\/5114"}],"replies":[{"embeddable":true,"href":"https:\/\/blogit.utu.fi\/oikeudellinentietotaito\/wp-json\/wp\/v2\/comments?post=914"}],"version-history":[{"count":4,"href":"https:\/\/blogit.utu.fi\/oikeudellinentietotaito\/wp-json\/wp\/v2\/pages\/914\/revisions"}],"predecessor-version":[{"id":956,"href":"https:\/\/blogit.utu.fi\/oikeudellinentietotaito\/wp-json\/wp\/v2\/pages\/914\/revisions\/956"}],"up":[{"embeddable":true,"href":"https:\/\/blogit.utu.fi\/oikeudellinentietotaito\/wp-json\/wp\/v2\/pages\/860"}],"wp:attachment":[{"href":"https:\/\/blogit.utu.fi\/oikeudellinentietotaito\/wp-json\/wp\/v2\/media?parent=914"}],"curies":[{"name":"wp","href":"https:\/\/api.w.org\/{rel}","templated":true}]}}