{"id":965,"date":"2019-01-30T19:24:21","date_gmt":"2019-01-30T19:24:21","guid":{"rendered":"https:\/\/blogit.utu.fi\/oikeudellinentietotaito\/?page_id=965"},"modified":"2019-01-30T19:24:21","modified_gmt":"2019-01-30T19:24:21","slug":"historiantutkimuksen-paivat-2017","status":"publish","type":"page","link":"https:\/\/blogit.utu.fi\/oikeudellinentietotaito\/menneet-tapahtumat\/historiantutkimuksen-paivat-2017\/","title":{"rendered":"Historiantutkimuksen p\u00e4iv\u00e4t 2017"},"content":{"rendered":"<p>Turun yliopisto 19.-21.10.2017<\/p>\n<p>Oikeudellinen tieto-taito (legal literacy) Suomessa 1650-1950: talonpoikaisto ja naiset<\/p>\n<p>Puheenjohtaja: prof. Kirsi Vainio-Korhonen<\/p>\n<p>Mia Korpiola: Lakiasiantoimistojen sihteerit ja oikeudellinen osaaminen: AA \u00c5ke Roschier-Holmbergin ja sihteeri Inga Sundgrenin kirjeenvaihto 1939-1944<br \/>\nAnna Kuismin: Oikeudellinen tieto-taito ja sosiaalinen nousu 1800-luvun talonpoikaisyhteis\u00f6ss\u00e4<br \/>\nKirsi Vainio-Korhonen: K\u00e4til\u00f6t todistajina 1700-luvun suomalaisissa oikeusistuimissa<\/p>\n<p>&nbsp;<\/p>\n<p>Oikeudellinen tieto-taito (legal literacy) Suomessa 1650-1950: kauppa ja talous<\/p>\n<p>Puheenjohtaja: prof. Mia Korpiola<\/p>\n<p>Petteri Impola: Itseoppineet oikeudenk\u00e4yntivaltuutetut ja heihin turvautuminen<br \/>\nsuomalaisissa kaupungeissa 1600-luvulla<br \/>\nRiina Turunen: Konkurssiin ajautuneiden toiminta ja selviytyminen maallikkoina 1800-luvun<br \/>\nkonkurssioikeudenk\u00e4ynneiss\u00e4<br \/>\nJussi Sallila: Liikemiesten oikeudellinen tietotaito ja yhti\u00f6sopimusk\u00e4yt\u00e4nt\u00f6 1890-luvulla<\/p>\n<p>&nbsp;<\/p>\n<p>Kuinka ns. tavalliset ihmiset hankkivat tietoa laista ja oikeudesta ja k\u00e4yttiv\u00e4t sit\u00e4<br \/>\nesimodernissa ja modernisoituvassa Suomessa? Legal history from below -tutkimusta<br \/>\nedustavissa esitelmiss\u00e4 tarkastellaan tavallisten ihmisten oikeudellista osaamista ja sen<br \/>\nk\u00e4ytt\u00f6\u00e4 Suomessa ennen modernia aikaa. Tavalliset miehet, naiset ja lapset saivat eri tavoin<br \/>\neritasoista oikeudellista \u201dtieto\u2013taitoa\u201d, tietoa laista ja oikeudesta sek\u00e4 k\u00e4yt\u00e4nn\u00f6n taitoa<br \/>\nniiden k\u00e4ytt\u00e4miseen. T\u00e4m\u00e4 moniulotteinen ja vaikeasti hahmottuva aihe on ollut pitk\u00e4\u00e4n<br \/>\ntutkimaton niin suomalaisessa kuin globaalissakin (oikeus)historiantutkimuksessa. Aiheen<br \/>\ntutkiminen on vahvasti tieteidenv\u00e4list\u00e4, ja se edellytt\u00e4\u00e4 eri alojen tutkijoiden<br \/>\nverkostoitumista. Alustajina on tutkijoita oikeustieteest\u00e4, historiasta ja luku- ja kirjoitustaidon<br \/>\ntutkimuksesta.<\/p>\n","protected":false},"excerpt":{"rendered":"<p>Turun yliopisto 19.-21.10.2017 Oikeudellinen tieto-taito (legal literacy) Suomessa 1650-1950: talonpoikaisto ja naiset Puheenjohtaja: prof. Kirsi Vainio-Korhonen Mia Korpiola: Lakiasiantoimistojen sihteerit ja oikeudellinen osaaminen: AA \u00c5ke Roschier-Holmbergin ja sihteeri Inga Sundgrenin kirjeenvaihto 1939-1944 Anna Kuismin: Oikeudellinen tieto-taito ja sosiaalinen nousu 1800-luvun talonpoikaisyhteis\u00f6ss\u00e4 Kirsi Vainio-Korhonen: K\u00e4til\u00f6t todistajina 1700-luvun suomalaisissa oikeusistuimissa &nbsp; Oikeudellinen tieto-taito (legal literacy) Suomessa 1650-1950: [&hellip;]<\/p>\n","protected":false},"author":5114,"featured_media":0,"parent":332,"menu_order":0,"comment_status":"closed","ping_status":"closed","template":"","meta":{"footnotes":""},"class_list":["post-965","page","type-page","status-publish","hentry","post-preview"],"_links":{"self":[{"href":"https:\/\/blogit.utu.fi\/oikeudellinentietotaito\/wp-json\/wp\/v2\/pages\/965","targetHints":{"allow":["GET"]}}],"collection":[{"href":"https:\/\/blogit.utu.fi\/oikeudellinentietotaito\/wp-json\/wp\/v2\/pages"}],"about":[{"href":"https:\/\/blogit.utu.fi\/oikeudellinentietotaito\/wp-json\/wp\/v2\/types\/page"}],"author":[{"embeddable":true,"href":"https:\/\/blogit.utu.fi\/oikeudellinentietotaito\/wp-json\/wp\/v2\/users\/5114"}],"replies":[{"embeddable":true,"href":"https:\/\/blogit.utu.fi\/oikeudellinentietotaito\/wp-json\/wp\/v2\/comments?post=965"}],"version-history":[{"count":1,"href":"https:\/\/blogit.utu.fi\/oikeudellinentietotaito\/wp-json\/wp\/v2\/pages\/965\/revisions"}],"predecessor-version":[{"id":968,"href":"https:\/\/blogit.utu.fi\/oikeudellinentietotaito\/wp-json\/wp\/v2\/pages\/965\/revisions\/968"}],"up":[{"embeddable":true,"href":"https:\/\/blogit.utu.fi\/oikeudellinentietotaito\/wp-json\/wp\/v2\/pages\/332"}],"wp:attachment":[{"href":"https:\/\/blogit.utu.fi\/oikeudellinentietotaito\/wp-json\/wp\/v2\/media?parent=965"}],"curies":[{"name":"wp","href":"https:\/\/api.w.org\/{rel}","templated":true}]}}