{"id":863,"date":"2019-06-19T09:53:58","date_gmt":"2019-06-19T09:53:58","guid":{"rendered":"https:\/\/blogit.utu.fi\/oilspill\/?page_id=863"},"modified":"2022-08-29T12:41:03","modified_gmt":"2022-08-29T12:41:03","slug":"presentations","status":"publish","type":"page","link":"https:\/\/blogit.utu.fi\/oilspill\/presentations\/","title":{"rendered":"Presentations"},"content":{"rendered":"<h3>OIL SPILL Final Conference 24 November 2021<\/h3>\n<ul>\n<li><strong><a href=\"https:\/\/seafile.utu.fi\/d\/c33ef0297dd441f1b00f\/\" target=\"_blank\" rel=\"noopener\">Presentations &#8211; download or view online<\/a><\/strong><\/li>\n<li><strong><a href=\"https:\/\/livekatsomo.fi\/streams\/oilspill\/\" target=\"_blank\" rel=\"noopener\">Video recording<\/a><\/strong><\/li>\n<\/ul>\n<h3>Webinar Presentations<\/h3>\n<ul>\n<li><strong><a href=\"https:\/\/www.youtube.com\/watch?v=S_5nqq4GSo8\">Vellamo webinar on International Collaboration, Receiving and Offering Assistance<\/a>, 6 May 2021<\/strong><\/li>\n<li><strong><a href=\"https:\/\/blogit.utu.fi\/oilspill\/2021\/04\/12\/presentations-at-the-oiled-wildlife-response-methods-and-opportunities-webinar\/\">Oiled Wildlife Response \u2013 Methods and Opportunities<\/a>, 31 March 2021<\/strong><\/li>\n<li><strong><a href=\"https:\/\/blogit.utu.fi\/oilspill\/2021\/03\/23\/incident-management-communication-webinar-afterthoughts-and-presentations\/\">Incident Management &amp; Communication<\/a>, 9 March 2021<\/strong><\/li>\n<li><strong><a href=\"https:\/\/blogit.utu.fi\/oilspill\/2021\/02\/04\/presentations-at-our-real-experiences-volunteer-management-webinar\/\">Real experiences \u2013 Volunteer Management<\/a>, 3 February 2021<\/strong><\/li>\n<\/ul>\n<h3>State-of-the-art Technologies in OSR (18 Nov 2021)<\/h3>\n<ul>\n<li><strong><a href=\"https:\/\/blogit.utu.fi\/oilspill\/wp-content\/uploads\/sites\/272\/2022\/08\/Presentation_DGL_Lithunia_.pdf\" target=\"_blank\" rel=\"noreferrer noopener\">Environmental solutions and modern technologies,<\/a> Andrejs Zelenkovs from Delta Green Line EU<\/strong><\/li>\n<li><strong><a href=\"https:\/\/blogit.utu.fi\/oilspill\/wp-content\/uploads\/sites\/272\/2022\/08\/EMSA-RRAS-Lithuania-2021_.pdf\" target=\"_blank\" rel=\"noreferrer noopener\">EMSA Remotely Piloted Aircraft Systems (RPAS) mission in Lithuania<\/a>, Igor Kuzmenko, Advisor to Maritime Rescue Coordination Centre of Lithuania NAVY<\/strong><\/li>\n<li><strong><a href=\"https:\/\/blogit.utu.fi\/oilspill\/wp-content\/uploads\/sites\/272\/2022\/08\/AtlasNEST_FOR_LT_presentation.pdf\" target=\"_blank\" rel=\"noreferrer noopener\">Introduction to fire and rescue service with new possibilities that can deliver fully autonomous UAV (drones) systems<\/a>, Viktors Bikovs from Atlas Services Group Latvia<\/strong><\/li>\n<li><strong><a href=\"https:\/\/blogit.utu.fi\/oilspill\/wp-content\/uploads\/sites\/272\/2022\/03\/Rytkonen_Presentation_18_Nov_2021.pdf\" target=\"_blank\" rel=\"noreferrer noopener\">Challenges to be met in the oil spill countermeasures onshore in the Baltic<\/a>, Jorma Rytk\u00f6nen, Managing director of Enrocon<\/strong><\/li>\n<li><strong>Watch also <a href=\"https:\/\/seafile.utu.fi\/f\/2b58bced46034cc3aa1e\/\">KOPOS webinar<\/a> (27 May 2021)<\/strong><\/li>\n<\/ul>\n<h3>Heta Hyv\u00e4rinen, Finnish Red Cross (8 Nov 2021)<\/h3>\n<ul>\n<li><strong><a href=\"https:\/\/seafile.utu.fi\/f\/19cacbcb8efc47ad95e0\/\" target=\"_blank\" rel=\"noopener\">Learning experiences from voluntary sector: case Balex Delta<\/a><\/strong><\/li>\n<\/ul>\n<h3>EUSBSR Annual Forum, 29 September 2021<\/h3>\n<p class=\"modal-title pb-4\">International assistance in emergencies and disasters \u2013 procedures and practicalities for requesting and receiving assistance in the event of a natural or manmade disaster in the Baltic Sea Region<\/p>\n<ul>\n<li><strong><a href=\"https:\/\/blogit.utu.fi\/oilspill\/laine-pa-safe-eusbsr-international-assistance-in-emergencies-and-disasters\/\" target=\"_blank\" rel=\"noreferrer noopener\">Welcoming words by Policy Area on Maritime Safety and Security<\/a>,<\/strong><em> <strong>Valtteri Laine<\/strong><\/em>, PA Safe<\/li>\n<li><a href=\"https:\/\/blogit.utu.fi\/oilspill\/desogus-eu-civil-protection-mechanism-overview-and-specifics-of-marine-pollution-emergencies\/\" target=\"_blank\" rel=\"noreferrer noopener\"><strong>EU Civil Protection Mechanism \u2013 overview and specifics of marine pollution emergencies<\/strong><\/a>, <strong><em>Gian Marco<\/em><\/strong><em><strong> Desogus<\/strong>, <a href=\"https:\/\/ec.europa.eu\/echo\/\" target=\"_blank\" rel=\"noreferrer noopener\">DG ECHO<\/a><\/em> <em>\/ <a href=\"https:\/\/ec.europa.eu\/echo\/what\/civil-protection\/emergency-response-coordination-centre-ercc_en\" target=\"_blank\" rel=\"noreferrer noopener\">ERCC<\/a><\/em><\/li>\n<li><a href=\"https:\/\/blogit.utu.fi\/oilspill\/mylly-marine_pollution_regional_collaboration_in_europe_mylly_eusbsr_af_29-9-2021\/\" target=\"_blank\" rel=\"noreferrer noopener\"><strong>Marine Pollution \u2013 Regional Collaboration in Europe<\/strong><\/a>, <em><strong>Markku Mylly<\/strong>, frm DG of <a href=\"http:\/\/www.emsa.europa.eu\/\" target=\"_blank\" rel=\"noreferrer noopener\">European Maritime Safety Agency<\/a><\/em><\/li>\n<li><strong><a href=\"https:\/\/blogit.utu.fi\/oilspill\/strempel-eusbsr-helcom-presentation-response-to-spills\/\" target=\"_blank\" rel=\"noreferrer noopener\">HELCOM cooperation on response to spills<\/a>, <em>Executive Secretary R\u00fcdiger Strempel<\/em><\/strong>, <a href=\"https:\/\/helcom.fi\/\" target=\"_blank\" rel=\"noreferrer noopener\">HELCOM<\/a><\/li>\n<li><strong><a href=\"https:\/\/blogit.utu.fi\/oilspill\/mattila-hns-eusbsr-webinaari-mikael-mattila-web\/\" target=\"_blank\" rel=\"noreferrer noopener\">A Host Nation Support view from Rescue Services<\/a>,<\/strong> <em><strong>Mikael Mattila<\/strong>, Southwest Finland Emergency Services, Project Manager of <a href=\"https:\/\/www.vspelastus.fi\/en\/host-nation-support-training-project\" target=\"_blank\" rel=\"noreferrer noopener\">Finnish HNS Rescue Service<\/a><\/em><\/li>\n<\/ul>\n<h3><a href=\"https:\/\/seafile.utu.fi\/f\/2b58bced46034cc3aa1e\/\">KOPOS webinar,<\/a> 27 May 2021<\/h3>\n<h3><a href=\"https:\/\/wakelet.com\/@OILSPILL_BAOIL21\">#BAOIL21\u00a0Twitter conference<\/a>, 14 January 2021<\/h3>\n<h3>Midterm Partner Meeting Online, 11 June 2020<\/h3>\n<ul>\n<li><a href=\"https:\/\/blogit.utu.fi\/oilspill\/wp-content\/uploads\/sites\/272\/2020\/06\/Project-office_OIL-SPILL-Online-Partner-Meeting_June-2020.pdf\">Project overview<\/a> Lauri Ojala &amp; Jarmo Malmsten, UTU<\/li>\n<li><a href=\"https:\/\/blogit.utu.fi\/oilspill\/wp-content\/uploads\/sites\/272\/2020\/06\/Communication_OIL-SPILL-Online-Partner-Meeting_June-2020.pdf\">Topical issues in communication<\/a>, Minna-Liina Ojala, UTU<\/li>\n<li><a href=\"https:\/\/blogit.utu.fi\/oilspill\/wp-content\/uploads\/sites\/272\/2020\/06\/SYKE-and-Goa-2.2_OILSPILL_Online-partner-meeting_June-2020.pdf\">GoA 2.2. Legal and liability issues<\/a><br \/>\nJorma Rytk\u00f6nen, Finnish Environment Institute<\/li>\n<li><a href=\"https:\/\/blogit.utu.fi\/oilspill\/wp-content\/uploads\/sites\/272\/2020\/06\/SWFES_OIL-SPILL-Online-Partner-Meeting_June-2020.pdf\">WP3 Updates: GoA 3.1 &amp; 3.2 <\/a><br \/>\nMiikka Toivonen, Southwest Finland Emergency Services<\/li>\n<li><a href=\"https:\/\/blogit.utu.fi\/oilspill\/wp-content\/uploads\/sites\/272\/2020\/06\/Finnish-Red-Cross-and-GoA3.3_OIL-SPILL-Online-Partner-Meeting_June-2020.pdf\">GoA 3.3. NGO educational activities in cooperation with CA\u2019s<\/a><br \/>\nHeta Hyv\u00e4rinen, Finnish Red Cross<\/li>\n<li><a href=\"https:\/\/blogit.utu.fi\/oilspill\/wp-content\/uploads\/sites\/272\/2020\/06\/TalTech-and-KU_Goa-3.3_OIL-SPILL-Online-Partner-Meeting_June-2020.pdf\">GoA 3.4. Maritime simulation training<\/a><br \/>\nKadi Kasep\u00f5ld, Estonian Maritime Academy<\/li>\n<li><a href=\"https:\/\/blogit.utu.fi\/oilspill\/wp-content\/uploads\/sites\/272\/2020\/06\/Activities-in-Latvia_OIL-SPILL-Online-Partner-Meeting_June-2020.pdf\">Activities in Latvia<\/a><br \/>\nAleksandrs Pavlovi\u010ds, Latvian Maritime Academy<\/li>\n<\/ul>\n<h3>Tabletop Exercise in Port of M\u0113rsrags, Latvia, 14 August 2019<\/h3>\n<ul>\n<li><strong><a href=\"https:\/\/blogit.utu.fi\/oilspill\/wp-content\/uploads\/sites\/272\/2019\/08\/Minutes-of-the-Tabletop-Exercise-\u201cPrestige-like-oil-spill-in-vicinity-of-Port-of-M\u0113rsrags-Latvia\u201d.pdf\">Minutes of the event<\/a><\/strong><\/li>\n<li><a href=\"https:\/\/blogit.utu.fi\/oilspill\/wp-content\/uploads\/sites\/272\/2019\/08\/Latvian-Maritime-Academy.pdf\"><strong>Welcoming words and introduction of the exercise<\/strong> by Andrejs Zvaigzne, Vice Rector, Latvian Maritime Academy<\/a><\/li>\n<li><a href=\"https:\/\/blogit.utu.fi\/oilspill\/wp-content\/uploads\/sites\/272\/2019\/08\/Port-of-M\u0113rsrags.pdf\"><strong>Welcoming words<\/strong> by Janis Budreika, Chief of Port of M\u0113rsrags<\/a><\/li>\n<li><a href=\"https:\/\/blogit.utu.fi\/oilspill\/wp-content\/uploads\/sites\/272\/2019\/08\/Delta-Green-Line-EU.pdf\"><strong>Briefing on modern OIL SPILL response equipment<\/strong> by Deniss Bi\u010dkovs, Board Member, Delta Green Line EU<\/a><\/li>\n<li><a href=\"https:\/\/blogit.utu.fi\/oilspill\/wp-content\/uploads\/sites\/272\/2019\/08\/Latvian-Institute-of-Aquatic-Ecology.pdf\"><strong>Presentation <\/strong>by Solveiga Kadike and Miks Papiritis, Latvian Institute of Aquatic Ecology<\/a><\/li>\n<li><a href=\"https:\/\/blogit.utu.fi\/oilspill\/wp-content\/uploads\/sites\/272\/2019\/08\/WWF-Latvia.pdf\"><strong>Presentation<\/strong> by Magda Jentgena, Baltic Sea and Freshwater Programme Manager, WWF Latvia<\/a><\/li>\n<li><a href=\"https:\/\/blogit.utu.fi\/oilspill\/wp-content\/uploads\/sites\/272\/2019\/08\/Latvenergo.pdf\"><strong>Presentation<\/strong> by Dainis Kanders, Environmental Officer, Latvanergo<\/a><\/li>\n<li><a href=\"https:\/\/blogit.utu.fi\/oilspill\/wp-content\/uploads\/sites\/272\/2019\/08\/Latvian-Association-for-Environmental-management.pdf\"><strong>Presentation<\/strong> by\u00a0Olga Me\u013c\u0146i\u010denko,\u00a0 Latvian Association for Environmental management<\/a><\/li>\n<li><a href=\"https:\/\/blogit.utu.fi\/oilspill\/wp-content\/uploads\/sites\/272\/2019\/08\/Finnish-Environment-Institute.pdf\"><strong>Legal and Liability issues as part of the OIL SPILL Execution Plan<\/strong> by Jorma Rytk\u00f6nen, Finnish Environment Institute<\/a><\/li>\n<\/ul>\n<h3>WP2 Workshop\u00a0\u201cJoint Exercises and Communication in Emergencies\u201d in Tallinn, Estonia, 13\u201314 June 2019<\/h3>\n<ul>\n<li><a href=\"https:\/\/blogit.utu.fi\/oilspill\/wp-content\/uploads\/sites\/272\/2019\/06\/20190613-Oil-Spill-Tallinn-Lindstr\u00f6m.pdf\"><strong>Oil spill response and Southwest Finland Emergency Services<\/strong> by Torbj\u00f6rn Lindstr\u00f6m, Development Manager, Southwest Finland Emergency Services<\/a><\/li>\n<li><a href=\"https:\/\/blogit.utu.fi\/oilspill\/wp-content\/uploads\/sites\/272\/2019\/06\/FRD-of-Lithuania-presentation-2019-06-13.pdf\"><strong>Response coordination in the case of an oil spill in shallow waters and coastal areas\u00a0<\/strong>by Mindaugas Kruopys,\u00a0Project Manager, Fire and Rescue Department of Lithuania<\/a><\/li>\n<li><a href=\"https:\/\/blogit.utu.fi\/oilspill\/wp-content\/uploads\/sites\/272\/2019\/06\/OIL-SPILL_WP2_training-status-quo_Estonia.pdf\"><strong>Responders\u2019 training and education \u201estatus quo\u201c in Estonia\u00a0<\/strong>by Kadi\u00a0Kasep\u00f5ld, Chief Specialist, Tallinn University of Technology\u00a0(Estonian Maritime Academy)<\/a><\/li>\n<li><a href=\"https:\/\/blogit.utu.fi\/oilspill\/wp-content\/uploads\/sites\/272\/2019\/07\/OILSPILL_TALLINN_WORKSHOP_RETOS_SYKE.pdf\"><strong>Evaluation of the OSR Preparedness using &#8220;RETOS&#8221; tool<\/strong> by Jorma Rytk\u00f6nen, Head of Unit, Finnish Environment Institute<\/a><\/li>\n<\/ul>\n<h3>OIL SPILL Kick-off in Turku, 13\u201314 February 2019<\/h3>\n<ul>\n<li><a href=\"https:\/\/blogit.utu.fi\/oilspill\/wp-content\/uploads\/sites\/272\/2019\/08\/OIL-SPILL_kick-off_Lauri_Ojala_PP1.pdf\"><strong>Welcoming Address and Project Overview<\/strong> by Prof. Lauri Ojala, Project Director, University of Turku<\/a><\/li>\n<li><a href=\"https:\/\/blogit.utu.fi\/oilspill\/wp-content\/uploads\/sites\/272\/2019\/08\/OIL-SPILL_kick-off_Jarmo_Malmsten_PP1_day_1.pdf\"><strong>Project Management and Current Status of the Project <\/strong>by Jarmo Malmsten, Project Manager, University of Turku<\/a><\/li>\n<li><a href=\"https:\/\/blogit.utu.fi\/oilspill\/wp-content\/uploads\/sites\/272\/2019\/08\/OIL-SPILL_kick-off_Agni_Kaldma_PP2.pdf\"><strong>Work Package 2: Horizontal &amp; Vertical Cross-Border Cooperation <\/strong>by Agni Kaldma, Senior Officer, Ministry of Environment of Estonia<\/a><\/li>\n<li><a href=\"https:\/\/blogit.utu.fi\/oilspill\/wp-content\/uploads\/sites\/272\/2019\/08\/OIL-SPILL_kick-off_Jorma-Rytk\u00f6nen_PP12.pdf\"><strong>Work Package 2: Horizontal &amp; Vertical Cross-Border Cooperation<\/strong> by Jorma Rytk\u00f6nen, Head of Unit, Finnish Environment Institute<\/a><\/li>\n<li><a href=\"https:\/\/blogit.utu.fi\/oilspill\/wp-content\/uploads\/sites\/272\/2019\/12\/OIL-SPILL_kick-off_Aleksandrs_Pavlovics_PP13.pdf\"><strong>OIL SPILL Project in Latvia<\/strong> by Aleksandrs Pavlovics, Marine Accident Investigation Division Director, Latvian Maritime Academy<\/a><\/li>\n<li><a href=\"https:\/\/blogit.utu.fi\/oilspill\/wp-content\/uploads\/sites\/272\/2019\/12\/OIL-SPILL_kick-off_Miikka_Toivonen_PP3.pdf\"><strong>Work Package 3: Joint Exercises and Educational Cooperation<\/strong> by Miikka Toivonen, Designer of the Development Unit, Southwest Finland Emergency Services<\/a><\/li>\n<li><a href=\"https:\/\/blogit.utu.fi\/oilspill\/wp-content\/uploads\/sites\/272\/2019\/12\/OIL-SPILL_kick-off_Carsten_Iversen_PP4.pdf\"><strong>OIL SPILL Project in Denmark<\/strong> by Carsten Iversen, Director, Danish Civil Protection League<\/a><\/li>\n<li><a href=\"https:\/\/blogit.utu.fi\/oilspill\/wp-content\/uploads\/sites\/272\/2019\/12\/OIL-SPILL_kick-off_Per_NIsser_PP8.pdf\"><strong>OIL SPILL Project in Sweden<\/strong> by Per Nisser, Chief Prevention Officer, \u00d6stra G\u00f6taland Fire and Rescue Service<\/a><\/li>\n<li><a href=\"https:\/\/blogit.utu.fi\/oilspill\/wp-content\/uploads\/sites\/272\/2019\/08\/OIL-SPILL_kick-off_Mindaugas_Kruopys_PP7.pdf\"><strong>Dissemination of State-of-the-Art Technologies<\/strong> by Mindaugas Kruopys, Project Manager, Fire and Rescue Department under the Ministry of the Interior of the Republic of Lithuania<\/a><\/li>\n<li><a href=\"https:\/\/blogit.utu.fi\/oilspill\/wp-content\/uploads\/sites\/272\/2019\/08\/OIL-SPILL_kick-off_Heta_Hyv\u00e4rinen_PP5.pdf\"><strong>NGO Educational Activities<\/strong> by Heta Hyv\u00e4rinen, Project Officer, Finnish Red Cross<\/a><\/li>\n<li><a href=\"https:\/\/blogit.utu.fi\/oilspill\/wp-content\/uploads\/sites\/272\/2019\/08\/OIL-SPILL_kick-off_Kadi_Kasep\u00f5ld_PP6.pdf\"><strong>Maritime Simulation Training<\/strong> by Kadi Kasep\u00f5ld, Chief Specialist, Tallinn University of Technology<\/a><\/li>\n<li><a href=\"https:\/\/blogit.utu.fi\/oilspill\/wp-content\/uploads\/sites\/272\/2019\/08\/OIL-SPILL_kick_off_Sergej-Suzdalev_PP10.pdf\"><strong>Maritime Simulation Training<\/strong> by Sergej Suzdalev, Researcher, Klaip\u0117da University<\/a><\/li>\n<li><a href=\"https:\/\/blogit.utu.fi\/oilspill\/wp-content\/uploads\/sites\/272\/2019\/08\/OIL-SPILL_kick-off_Jarmo_Malmsten_PP1_day_2.pdf\"><strong>Project Management and Project Practicalities<\/strong> by Jarmo Malmsten, Project Manager, University of Turku<\/a><\/li>\n<li><a href=\"https:\/\/blogit.utu.fi\/oilspill\/wp-content\/uploads\/sites\/272\/2019\/08\/OIL-SPILL_kick-off_Mikko__Oskari_PP1.pdf\"><strong>Project Visibility and Communication<\/strong> by Mikko Harteela &amp; Oskari Kajander, Communication Team, University of Turku<\/a><\/li>\n<li><a href=\"https:\/\/blogit.utu.fi\/oilspill\/wp-content\/uploads\/sites\/272\/2019\/08\/OIL-SPILL_kick-off_Sari_T\u00e4htinen_PP1.pdf\"><strong>Financial Management<\/strong> by Sari T\u00e4htinen, Financial Manager, University of Turku<\/a><\/li>\n<\/ul>\n","protected":false},"excerpt":{"rendered":"<p>OIL SPILL Final Conference 24 November 2021 Presentations &#8211; download or view online Video recording Webinar Presentations Vellamo webinar on International Collaboration, Receiving and Offering Assistance, 6 May 2021 Oiled Wildlife Response \u2013 Methods and Opportunities, 31 March 2021 Incident Management &amp; Communication, 9 March 2021 Real experiences \u2013 Volunteer &#8230;<\/p>\n","protected":false},"author":2129,"featured_media":0,"parent":0,"menu_order":0,"comment_status":"closed","ping_status":"closed","template":"","meta":{"footnotes":""},"class_list":["post-863","page","type-page","status-publish","hentry","column","twocol"],"_links":{"self":[{"href":"https:\/\/blogit.utu.fi\/oilspill\/wp-json\/wp\/v2\/pages\/863","targetHints":{"allow":["GET"]}}],"collection":[{"href":"https:\/\/blogit.utu.fi\/oilspill\/wp-json\/wp\/v2\/pages"}],"about":[{"href":"https:\/\/blogit.utu.fi\/oilspill\/wp-json\/wp\/v2\/types\/page"}],"author":[{"embeddable":true,"href":"https:\/\/blogit.utu.fi\/oilspill\/wp-json\/wp\/v2\/users\/2129"}],"replies":[{"embeddable":true,"href":"https:\/\/blogit.utu.fi\/oilspill\/wp-json\/wp\/v2\/comments?post=863"}],"version-history":[{"count":35,"href":"https:\/\/blogit.utu.fi\/oilspill\/wp-json\/wp\/v2\/pages\/863\/revisions"}],"predecessor-version":[{"id":7503,"href":"https:\/\/blogit.utu.fi\/oilspill\/wp-json\/wp\/v2\/pages\/863\/revisions\/7503"}],"wp:attachment":[{"href":"https:\/\/blogit.utu.fi\/oilspill\/wp-json\/wp\/v2\/media?parent=863"}],"curies":[{"name":"wp","href":"https:\/\/api.w.org\/{rel}","templated":true}]}}