{"id":63,"date":"2021-06-01T14:36:53","date_gmt":"2021-06-01T14:36:53","guid":{"rendered":"https:\/\/blogit.utu.fi\/paimionparantolatutkimushanke\/?page_id=63"},"modified":"2024-01-19T11:05:13","modified_gmt":"2024-01-19T11:05:13","slug":"yhteistyo","status":"publish","type":"page","link":"https:\/\/blogit.utu.fi\/paimionparantolatutkimushanke\/yhteistyo\/","title":{"rendered":"Yhteisty\u00f6"},"content":{"rendered":"\n<ul class=\"wp-block-list\">\n<li><a href=\"https:\/\/paimiosanatorium.com\/\" data-type=\"URL\" data-id=\"https:\/\/paimiosanatorium.com\/\" target=\"_blank\" rel=\"noreferrer noopener\">Paimion parantola \/ Paimio sanatorium<\/a><\/li>\n\n\n\n<li><a href=\"https:\/\/paimiosanatorium.com\/fi\/parantola\/saatio\/\">Paimion parantola s\u00e4\u00e4ti\u00f6<\/a><\/li>\n\n\n\n<li><a href=\"http:\/\/www.paimio.fi\/palvelut\/matkailu\/nahtavyydet\/paimion_parantola\" data-type=\"URL\" data-id=\"http:\/\/www.paimio.fi\/palvelut\/matkailu\/nahtavyydet\/paimion_parantola\">Paimion kaupunki<\/a><\/li>\n\n\n\n<li><a rel=\"noreferrer noopener\" href=\"https:\/\/paimioseura.kotisivukone.com\/\" data-type=\"URL\" data-id=\"https:\/\/paimioseura.kotisivukone.com\/\" target=\"_blank\">Paimio-Se<\/a><a href=\"https:\/\/paimioseura.kotisivukone.com\/\" data-type=\"URL\" data-id=\"https:\/\/paimioseura.kotisivukone.com\/\">u<\/a><a rel=\"noreferrer noopener\" href=\"https:\/\/paimioseura.kotisivukone.com\/\" data-type=\"URL\" data-id=\"https:\/\/paimioseura.kotisivukone.com\/\" target=\"_blank\">ra ry.<\/a><\/li>\n\n\n\n<li><a href=\"https:\/\/www.facebook.com\/Parantolan-mets%C3%A4t-107382280652896\/\" data-type=\"URL\" data-id=\"https:\/\/www.facebook.com\/Parantolan-mets%C3%A4t-107382280652896\/\">Parantolan mets\u00e4t ry.<\/a><\/li>\n\n\n\n<li>VARHA asiakirjahallinto<\/li>\n\n\n\n<li><a rel=\"noreferrer noopener\" href=\"https:\/\/museot.fi\/museohaku\/?museo_id=21862\" data-type=\"URL\" data-id=\"https:\/\/museot.fi\/museohaku\/?museo_id=21862\" target=\"_blank\">Turun Lasarettimuseo<\/a><\/li>\n<\/ul>\n\n\n\n<p>Kansainv\u00e4list\u00e4 yhteisty\u00f6t\u00e4 on tehty projektissa <a href=\"https:\/\/blogit.utu.fi\/nordicvoices\/\">Nordic Voices: The Use of Oral History and Personal Memories in Public History Settings (2022-2024)<\/a><\/p>\n","protected":false},"excerpt":{"rendered":"<p>Kansainv\u00e4list\u00e4 yhteisty\u00f6t\u00e4 on tehty projektissa Nordic Voices: The Use of Oral History and Personal Memories in Public History Settings (2022-2024)<\/p>\n","protected":false},"author":2948,"featured_media":0,"parent":0,"menu_order":0,"comment_status":"closed","ping_status":"closed","template":"","meta":{"footnotes":""},"class_list":["post-63","page","type-page","status-publish","hentry","post-preview"],"_links":{"self":[{"href":"https:\/\/blogit.utu.fi\/paimionparantolatutkimushanke\/wp-json\/wp\/v2\/pages\/63","targetHints":{"allow":["GET"]}}],"collection":[{"href":"https:\/\/blogit.utu.fi\/paimionparantolatutkimushanke\/wp-json\/wp\/v2\/pages"}],"about":[{"href":"https:\/\/blogit.utu.fi\/paimionparantolatutkimushanke\/wp-json\/wp\/v2\/types\/page"}],"author":[{"embeddable":true,"href":"https:\/\/blogit.utu.fi\/paimionparantolatutkimushanke\/wp-json\/wp\/v2\/users\/2948"}],"replies":[{"embeddable":true,"href":"https:\/\/blogit.utu.fi\/paimionparantolatutkimushanke\/wp-json\/wp\/v2\/comments?post=63"}],"version-history":[{"count":10,"href":"https:\/\/blogit.utu.fi\/paimionparantolatutkimushanke\/wp-json\/wp\/v2\/pages\/63\/revisions"}],"predecessor-version":[{"id":318,"href":"https:\/\/blogit.utu.fi\/paimionparantolatutkimushanke\/wp-json\/wp\/v2\/pages\/63\/revisions\/318"}],"wp:attachment":[{"href":"https:\/\/blogit.utu.fi\/paimionparantolatutkimushanke\/wp-json\/wp\/v2\/media?parent=63"}],"curies":[{"name":"wp","href":"https:\/\/api.w.org\/{rel}","templated":true}]}}