{"id":233,"date":"2019-11-15T14:59:30","date_gmt":"2019-11-15T14:59:30","guid":{"rendered":"https:\/\/blogit.utu.fi\/patt38\/?page_id=233"},"modified":"2021-05-08T17:48:41","modified_gmt":"2021-05-08T15:48:41","slug":"konferenssipaikka","status":"publish","type":"page","link":"https:\/\/blogit.utu.fi\/patt38\/konferenssipaikka\/","title":{"rendered":"KONFERENSSIPAIKKA"},"content":{"rendered":"<p>&nbsp;<\/p>\n<p>Turun yliopisto, Opettajankoulutuslaitos, Rauman kampus<br \/>\nSeminaarinkatu 1<br \/>\nFI-26100 Rauma<\/p>\n<p>Katso konferenssipaikkaa <a href=\"https:\/\/earth.google.com\/web\/search\/seminaarinm%c3%a4ki+rauma\/@61.1311145,21.4960446,11.62314835a,478.4779114d,35y,0h,45t,0r\/data=CoABGlYSUAolMHg0Njg5N2UxMWZkMmNmZTliOjB4ZTQ5YTViMDdhN2RhOWQxZRkExCRcyJBOQCF-W2bH_H41QCoVc2VtaW5hYXJpbm3DpGtpIHJhdW1hGAIgASImCiQJUcPnOCOcQEAR6oeF8xLpIkAZFmkjGuTiY0AhaoFHon5PWEA\">Google Earthissa<\/a>.<\/p>\n<p>PATT38 \u2013 38th Pupils\u2019 Attitudes Toward Technology -konferenssi pidettiin Turun yliopiston Opettajankoulutuslaitoksen Rauman kampukselta. Konferenssissa onli mahdollista n\u00e4hd\u00e4 k\u00e4sity\u00f6n aineenopettajaksi opiskelevien k\u00e4yt\u00e4nn\u00f6n toimintaa tunnelmallisella Seminaarinm\u00e4en kampusalueella. Vuonna 1896 perustetulla Rauman kampuksella on yli 120 vuotta kokemusta. Raumalla on pitk\u00e4t perinteet opettajankoulutuksessa ja k\u00e4sity\u00f6nopettajien koulutuksessa.<\/p>\n<p>&nbsp;<\/p>\n<hr \/>\n<h3><strong>Seminaarinm\u00e4ki<\/strong><\/h3>\n<p>Lue <a href=\"https:\/\/blogit.utu.fi\/patt38\/en\/sauna\/tk-kilta-rys-sauna\/\">seminaarinm\u00e4en historiasta<\/a> ja <a href=\"https:\/\/blogit.utu.fi\/patt38\/en\/sauna\/tk-kilta-rys-sauna\/\">k\u00e4sity\u00f6nopettajaopiskelijoiden rakentamasta saunasta<\/a> konferenssin englanninkielisilt\u00e4 sivuilta.<\/p>\n<p><img decoding=\"async\" class=\"alignnone wp-image-4470 lazyload\" data-src=\"https:\/\/blogit.utu.fi\/patt38\/wp-content\/uploads\/sites\/458\/2021\/04\/campusmap-300x168.png\" alt=\"\" width=\"1000\" height=\"560\" data-srcset=\"https:\/\/blogit.utu.fi\/patt38\/wp-content\/uploads\/sites\/458\/2021\/04\/campusmap-300x168.png 300w, https:\/\/blogit.utu.fi\/patt38\/wp-content\/uploads\/sites\/458\/2021\/04\/campusmap-768x431.png 768w, https:\/\/blogit.utu.fi\/patt38\/wp-content\/uploads\/sites\/458\/2021\/04\/campusmap-1536x862.png 1536w, https:\/\/blogit.utu.fi\/patt38\/wp-content\/uploads\/sites\/458\/2021\/04\/campusmap-700x393.png 700w, https:\/\/blogit.utu.fi\/patt38\/wp-content\/uploads\/sites\/458\/2021\/04\/campusmap-410x230.png 410w, https:\/\/blogit.utu.fi\/patt38\/wp-content\/uploads\/sites\/458\/2021\/04\/campusmap-100x56.png 100w, https:\/\/blogit.utu.fi\/patt38\/wp-content\/uploads\/sites\/458\/2021\/04\/campusmap-275x154.png 275w, https:\/\/blogit.utu.fi\/patt38\/wp-content\/uploads\/sites\/458\/2021\/04\/campusmap.png 1547w\" data-sizes=\"(max-width: 1000px) 100vw, 1000px\" src=\"data:image\/svg+xml;base64,PHN2ZyB3aWR0aD0iMSIgaGVpZ2h0PSIxIiB4bWxucz0iaHR0cDovL3d3dy53My5vcmcvMjAwMC9zdmciPjwvc3ZnPg==\" style=\"--smush-placeholder-width: 1000px; --smush-placeholder-aspect-ratio: 1000\/560;\" \/><\/p>\n<p><strong>1. Seminaarinm\u00e4en tuulimylly<\/strong><br \/>\nSeminaarinm\u00e4en tuulimylly on kampuksen maamerkki. Se on seissyt paikallaan vuodesta 1957.<\/p>\n<p><strong>2. Puutarha<\/strong><br \/>\nSeminaarinm\u00e4en puutarha on hyvin t\u00e4rke\u00e4 ja uniikki paikka: Se on viimeinen opetuspuutarha Suomessa. Koko kampusyhteis\u00f6 varhaiskasvatuksen oppilaista yliopisto-opiskelijoihin k\u00e4ytt\u00e4\u00e4 sit\u00e4 oppimisymp\u00e4rist\u00f6n\u00e4\u00e4n. Kaksi kokoaikaista puutarhuria pit\u00e4v\u00e4t alueesta huolta vuoden ymp\u00e4ri.<\/p>\n<p><strong>3. P\u00e4\u00e4rakennus<\/strong><br \/>\nP\u00e4\u00e4rakennus on ollut osa Rauman kampusta sen alkuajoista asti. Sielt\u00e4 l\u00f6ytyy kampuksen suurin luentosali, tenttitila ja muita luokkatiloja.<\/p>\n<p><strong>4. Kirjasto<\/strong><br \/>\nRauman kampuksen kirjasto on yksi kampuksen vanhimpia rakennuksia. Nyky\u00e4\u00e4n siell\u00e4 sijaisee varsinaisen kirjaston lis\u00e4ksi yliopiston hallintoa ja luentosali.<\/p>\n<p><strong>5. Rauma normaalikoulu ja Pikkunorssi<\/strong><br \/>\nRauman normaalikoulu on yhten\u00e4iskoulu, joka toimii Raumalla opettajaksi opiskelevien harjoittelukouluna. Rauman normaalikoulun takana sijaitsee Pikkunorssi, joka toimii varhaiskasvatuksen opettajiksi opiskelevien harjoittelupaikkana.<\/p>\n<p><strong>6. Teknika<\/strong><br \/>\nTeknika on <a href=\"https:\/\/www.kasityokasvatus.utu.fi\/\">k\u00e4sity\u00f6kasvatuksen<\/a> koti: Sielt\u00e4 l\u00f6ytyv\u00e4t k\u00e4sity\u00f6tilat, jotka mahdollistavat k\u00e4sity\u00f6nopettajaksi opiskelevien opinnot. Teknikassa tulevaisuus tehd\u00e4\u00e4n omin k\u00e4sin.<\/p>\n<p><strong>7. Torni<\/strong><br \/>\nTorni on hiljattain remontoitu osa kampusta. Se remontoitiin 2019\u20132020 ja sen sisustus ja tekniikka ovat eritt\u00e4in modernia. Tornissa sijaitsee erilaisia oppimisymp\u00e4rist\u00f6j\u00e4, opettajien ty\u00f6tiloja ja opiskelijaruokala.<\/p>\n<p><strong>8. Johtola<\/strong><br \/>\nJohtola on vanha rakennus, joka ei ole t\u00e4ll\u00e4 hetkell\u00e4 k\u00e4yt\u00f6ss\u00e4. Johtolassa on aiemmin sijainnut opiskelijoiden kahvila ja yliopiston hallinnon ty\u00f6tiloja.<\/p>\n<p>&nbsp;<\/p>\n<hr \/>\n<h3><strong>Rauma<\/strong><\/h3>\n<p><a href=\"https:\/\/www.rauma.fi\/\">Rauma<\/a> sijaitsee Suomen l\u00e4nsirannikolla tarjoten <a href=\"https:\/\/www.visitrauma.fi\/nae-koe\/meri-ja-saaristo\/\">merellisyytt\u00e4 ja saaristoa<\/a>. Rauma on noin 40 tuhannen asukkaan kuvan kaunis kulttuurin ja teollisuuden tyyssija. Raumalla on kaksi UNESCO:n maailmanperint\u00f6kohdetta: <a href=\"https:\/\/www.vanharauma.fi\/\">Vanha Rauma<\/a> ja <a href=\"https:\/\/www.sammallahdenmaki.fi\/\">Sammallahdenm\u00e4ki<\/a>. Rauma tunnetaan my\u00f6s <a href=\"https:\/\/www.raumalace.fi\/\">pitsist\u00e4\u00e4n<\/a> ja <a href=\"https:\/\/rauma.guide\/2019\/06\/13\/rauma-has-its-own-language\/\">murteestaan<\/a>. <a href=\"https:\/\/www.rauma.fi\/\">Lue lis\u00e4\u00e4<\/a> Raumasta.<\/p>\n<p><img decoding=\"async\" class=\"alignnone wp-image-1377 lazyload\" data-src=\"https:\/\/blogit.utu.fi\/patt38\/wp-content\/uploads\/sites\/458\/2020\/10\/UTU_pinned-300x156.jpg\" alt=\"\" width=\"725\" height=\"377\" data-srcset=\"https:\/\/blogit.utu.fi\/patt38\/wp-content\/uploads\/sites\/458\/2020\/10\/UTU_pinned-300x156.jpg 300w, https:\/\/blogit.utu.fi\/patt38\/wp-content\/uploads\/sites\/458\/2020\/10\/UTU_pinned-1024x533.jpg 1024w, https:\/\/blogit.utu.fi\/patt38\/wp-content\/uploads\/sites\/458\/2020\/10\/UTU_pinned-768x400.jpg 768w, https:\/\/blogit.utu.fi\/patt38\/wp-content\/uploads\/sites\/458\/2020\/10\/UTU_pinned-1536x800.jpg 1536w, https:\/\/blogit.utu.fi\/patt38\/wp-content\/uploads\/sites\/458\/2020\/10\/UTU_pinned-2048x1066.jpg 2048w, https:\/\/blogit.utu.fi\/patt38\/wp-content\/uploads\/sites\/458\/2020\/10\/UTU_pinned-700x364.jpg 700w, https:\/\/blogit.utu.fi\/patt38\/wp-content\/uploads\/sites\/458\/2020\/10\/UTU_pinned-410x213.jpg 410w, https:\/\/blogit.utu.fi\/patt38\/wp-content\/uploads\/sites\/458\/2020\/10\/UTU_pinned-100x52.jpg 100w, https:\/\/blogit.utu.fi\/patt38\/wp-content\/uploads\/sites\/458\/2020\/10\/UTU_pinned-275x143.jpg 275w\" data-sizes=\"(max-width: 725px) 100vw, 725px\" src=\"data:image\/svg+xml;base64,PHN2ZyB3aWR0aD0iMSIgaGVpZ2h0PSIxIiB4bWxucz0iaHR0cDovL3d3dy53My5vcmcvMjAwMC9zdmciPjwvc3ZnPg==\" style=\"--smush-placeholder-width: 725px; --smush-placeholder-aspect-ratio: 725\/377;\" \/><\/p>\n<p>&nbsp;<\/p>\n<p>&nbsp;<\/p>\nFollow:      <a class=\"synved-social-button synved-social-button-follow synved-social-size-48 synved-social-resolution-single synved-social-provider-facebook nolightbox\" data-provider=\"facebook\" target=\"_blank\" rel=\"nofollow\" title=\"Follow PATT38 on Facebook\" href=\"https:\/\/www.facebook.com\/pg\/Patt38-107842510819866\/posts\/\" style=\"font-size: 0px;width:48px;height:48px;margin:0;margin-bottom:10px;margin-right:10px\"><img decoding=\"async\" alt=\"Facebook\" title=\"Follow PATT38 on Facebook\" class=\"synved-share-image synved-social-image synved-social-image-follow lazyload\" width=\"48\" height=\"48\" style=\"--smush-placeholder-width: 48px; --smush-placeholder-aspect-ratio: 48\/48;display: inline;width:48px;height:48px;margin: 0;padding: 0;border: none;box-shadow: none\" data-src=\"https:\/\/blogit.utu.fi\/patt38\/wp-content\/plugins\/social-media-feather\/synved-social\/image\/social\/regular\/96x96\/facebook.png\" src=\"data:image\/svg+xml;base64,PHN2ZyB3aWR0aD0iMSIgaGVpZ2h0PSIxIiB4bWxucz0iaHR0cDovL3d3dy53My5vcmcvMjAwMC9zdmciPjwvc3ZnPg==\" \/><\/a><a class=\"synved-social-button synved-social-button-follow synved-social-size-48 synved-social-resolution-single synved-social-provider-twitter nolightbox\" data-provider=\"twitter\" target=\"_blank\" rel=\"nofollow\" title=\"Follow PATT38 on Twitter\" href=\"https:\/\/twitter.com\/PATT381\" style=\"font-size: 0px;width:48px;height:48px;margin:0;margin-bottom:10px;margin-right:10px\"><img decoding=\"async\" alt=\"twitter\" title=\"Follow PATT38 on Twitter\" class=\"synved-share-image synved-social-image synved-social-image-follow lazyload\" width=\"48\" height=\"48\" style=\"--smush-placeholder-width: 48px; --smush-placeholder-aspect-ratio: 48\/48;display: inline;width:48px;height:48px;margin: 0;padding: 0;border: none;box-shadow: none\" data-src=\"https:\/\/blogit.utu.fi\/patt38\/wp-content\/plugins\/social-media-feather\/synved-social\/image\/social\/regular\/96x96\/twitter.png\" src=\"data:image\/svg+xml;base64,PHN2ZyB3aWR0aD0iMSIgaGVpZ2h0PSIxIiB4bWxucz0iaHR0cDovL3d3dy53My5vcmcvMjAwMC9zdmciPjwvc3ZnPg==\" \/><\/a><a class=\"synved-social-button synved-social-button-follow synved-social-size-48 synved-social-resolution-single synved-social-provider-instagram nolightbox\" data-provider=\"instagram\" target=\"_blank\" rel=\"nofollow\" title=\"Follow PATT38 on Instagram\" href=\"https:\/\/www.instagram.com\/patt38conference\/\" style=\"font-size: 0px;width:48px;height:48px;margin:0;margin-bottom:10px\"><img decoding=\"async\" alt=\"instagram\" title=\"Follow PATT38 on Instagram\" class=\"synved-share-image synved-social-image synved-social-image-follow lazyload\" width=\"48\" height=\"48\" style=\"--smush-placeholder-width: 48px; --smush-placeholder-aspect-ratio: 48\/48;display: inline;width:48px;height:48px;margin: 0;padding: 0;border: none;box-shadow: none\" data-src=\"https:\/\/blogit.utu.fi\/patt38\/wp-content\/plugins\/social-media-feather\/synved-social\/image\/social\/regular\/96x96\/instagram.png\" src=\"data:image\/svg+xml;base64,PHN2ZyB3aWR0aD0iMSIgaGVpZ2h0PSIxIiB4bWxucz0iaHR0cDovL3d3dy53My5vcmcvMjAwMC9zdmciPjwvc3ZnPg==\" \/><\/a>","protected":false},"excerpt":{"rendered":"<p>&nbsp; Turun yliopisto, Opettajankoulutuslaitos, Rauman kampus Seminaarinkatu 1 FI-26100 Rauma Katso konferenssipaikkaa Google Earthissa. PATT38 \u2013 38th Pupils\u2019 Attitudes Toward Technology -konferenssi pidettiin Turun yliopiston Opettajankoulutuslaitoksen Rauman kampukselta. Konferenssissa onli mahdollista n\u00e4hd\u00e4 k\u00e4sity\u00f6n aineenopettajaksi opiskelevien k\u00e4yt\u00e4nn\u00f6n toimintaa tunnelmallisella Seminaarinm\u00e4en kampusalueella. Vuonna 1896 perustetulla Rauman kampuksella on yli 120 vuotta kokemusta. Raumalla on pitk\u00e4t perinteet opettajankoulutuksessa [&hellip;]<\/p>\n","protected":false},"author":11237,"featured_media":0,"parent":0,"menu_order":17,"comment_status":"closed","ping_status":"closed","template":"","meta":{"_acf_changed":false,"footnotes":""},"class_list":["post-233","page","type-page","status-publish","hentry"],"acf":[],"_links":{"self":[{"href":"https:\/\/blogit.utu.fi\/patt38\/wp-json\/wp\/v2\/pages\/233","targetHints":{"allow":["GET"]}}],"collection":[{"href":"https:\/\/blogit.utu.fi\/patt38\/wp-json\/wp\/v2\/pages"}],"about":[{"href":"https:\/\/blogit.utu.fi\/patt38\/wp-json\/wp\/v2\/types\/page"}],"author":[{"embeddable":true,"href":"https:\/\/blogit.utu.fi\/patt38\/wp-json\/wp\/v2\/users\/11237"}],"replies":[{"embeddable":true,"href":"https:\/\/blogit.utu.fi\/patt38\/wp-json\/wp\/v2\/comments?post=233"}],"version-history":[{"count":11,"href":"https:\/\/blogit.utu.fi\/patt38\/wp-json\/wp\/v2\/pages\/233\/revisions"}],"predecessor-version":[{"id":5352,"href":"https:\/\/blogit.utu.fi\/patt38\/wp-json\/wp\/v2\/pages\/233\/revisions\/5352"}],"wp:attachment":[{"href":"https:\/\/blogit.utu.fi\/patt38\/wp-json\/wp\/v2\/media?parent=233"}],"curies":[{"name":"wp","href":"https:\/\/api.w.org\/{rel}","templated":true}]}}