{"id":3921,"date":"2021-04-01T20:41:48","date_gmt":"2021-04-01T18:41:48","guid":{"rendered":"https:\/\/blogit.utu.fi\/patt38\/?page_id=3921"},"modified":"2021-05-08T20:22:52","modified_gmt":"2021-05-08T18:22:52","slug":"konferenssiopas","status":"publish","type":"page","link":"https:\/\/blogit.utu.fi\/patt38\/konferenssiopas\/","title":{"rendered":"KONFERENSSIOPAS"},"content":{"rendered":"<p>&nbsp;<\/p>\n<p><img decoding=\"async\" class=\"wp-image-5232 alignleft lazyload\" data-src=\"https:\/\/blogit.utu.fi\/patt38\/wp-content\/uploads\/sites\/458\/2021\/05\/Conference-Guide-213x300.png\" alt=\"\" width=\"265\" height=\"373\" data-srcset=\"https:\/\/blogit.utu.fi\/patt38\/wp-content\/uploads\/sites\/458\/2021\/05\/Conference-Guide-213x300.png 213w, https:\/\/blogit.utu.fi\/patt38\/wp-content\/uploads\/sites\/458\/2021\/05\/Conference-Guide-410x577.png 410w, https:\/\/blogit.utu.fi\/patt38\/wp-content\/uploads\/sites\/458\/2021\/05\/Conference-Guide-100x141.png 100w, https:\/\/blogit.utu.fi\/patt38\/wp-content\/uploads\/sites\/458\/2021\/05\/Conference-Guide-275x387.png 275w, https:\/\/blogit.utu.fi\/patt38\/wp-content\/uploads\/sites\/458\/2021\/05\/Conference-Guide.png 642w\" data-sizes=\"(max-width: 265px) 100vw, 265px\" src=\"data:image\/svg+xml;base64,PHN2ZyB3aWR0aD0iMSIgaGVpZ2h0PSIxIiB4bWxucz0iaHR0cDovL3d3dy53My5vcmcvMjAwMC9zdmciPjwvc3ZnPg==\" style=\"--smush-placeholder-width: 265px; --smush-placeholder-aspect-ratio: 265\/373;\" \/><\/p>\n<p>PATT38-konferenssin Konferenssiopas on laaja kokoelma konferenssikokemusta tukevaa tietoa kaikille konferenssin osallistujille ja siit\u00e4 muuten vain kiinnostuneille. Konferenssioppaasta l\u00f6yd\u00e4t muun muassa konferenssin toimikuntien terveiset, konferenssin ja rinnakkaissessioiden ohjelman kuvauksineen ja ohjeita konferenssiin osallistumiseksi ja konferenssikokemuksen r\u00e4\u00e4t\u00e4l\u00f6imiseksi itsellesi sopivaksi. Kaikki t\u00e4m\u00e4 ja paljon muuta h\u00f6ystettyn\u00e4 upealla visuaalisella ilmeell\u00e4 ja tunnelmallisella esitystavalla! Konferenssiopas on saatavilla englanninkielisen\u00e4 PDF-tiedostona.<\/p>\n<p>Tarkastele julkista versiota konferenssioppaasta <a href=\"https:\/\/seafile.utu.fi\/d\/c2e7d6302d7d4aaa8f1a\/\">t\u00e4\u00e4lt\u00e4<\/a>! (ENG)<\/p>\n<p>Konferenssin osallistujat ovat saaneet s\u00e4hk\u00f6posteihinsa latauslinkin t\u00e4ydelliseen konferenssioppaaseen.<\/p>\n<p>&nbsp;<\/p>\nFollow:      <a class=\"synved-social-button synved-social-button-follow synved-social-size-48 synved-social-resolution-single synved-social-provider-facebook nolightbox\" data-provider=\"facebook\" target=\"_blank\" rel=\"nofollow\" title=\"Follow PATT38 on Facebook\" href=\"https:\/\/www.facebook.com\/pg\/Patt38-107842510819866\/posts\/\" style=\"font-size: 0px;width:48px;height:48px;margin:0;margin-bottom:10px;margin-right:10px\"><img decoding=\"async\" alt=\"Facebook\" title=\"Follow PATT38 on Facebook\" class=\"synved-share-image synved-social-image synved-social-image-follow lazyload\" width=\"48\" height=\"48\" style=\"--smush-placeholder-width: 48px; --smush-placeholder-aspect-ratio: 48\/48;display: inline;width:48px;height:48px;margin: 0;padding: 0;border: none;box-shadow: none\" data-src=\"https:\/\/blogit.utu.fi\/patt38\/wp-content\/plugins\/social-media-feather\/synved-social\/image\/social\/regular\/96x96\/facebook.png\" src=\"data:image\/svg+xml;base64,PHN2ZyB3aWR0aD0iMSIgaGVpZ2h0PSIxIiB4bWxucz0iaHR0cDovL3d3dy53My5vcmcvMjAwMC9zdmciPjwvc3ZnPg==\" \/><\/a><a class=\"synved-social-button synved-social-button-follow synved-social-size-48 synved-social-resolution-single synved-social-provider-twitter nolightbox\" data-provider=\"twitter\" target=\"_blank\" rel=\"nofollow\" title=\"Follow PATT38 on Twitter\" href=\"https:\/\/twitter.com\/PATT381\" style=\"font-size: 0px;width:48px;height:48px;margin:0;margin-bottom:10px;margin-right:10px\"><img decoding=\"async\" alt=\"twitter\" title=\"Follow PATT38 on Twitter\" class=\"synved-share-image synved-social-image synved-social-image-follow lazyload\" width=\"48\" height=\"48\" style=\"--smush-placeholder-width: 48px; --smush-placeholder-aspect-ratio: 48\/48;display: inline;width:48px;height:48px;margin: 0;padding: 0;border: none;box-shadow: none\" data-src=\"https:\/\/blogit.utu.fi\/patt38\/wp-content\/plugins\/social-media-feather\/synved-social\/image\/social\/regular\/96x96\/twitter.png\" src=\"data:image\/svg+xml;base64,PHN2ZyB3aWR0aD0iMSIgaGVpZ2h0PSIxIiB4bWxucz0iaHR0cDovL3d3dy53My5vcmcvMjAwMC9zdmciPjwvc3ZnPg==\" \/><\/a><a class=\"synved-social-button synved-social-button-follow synved-social-size-48 synved-social-resolution-single synved-social-provider-instagram nolightbox\" data-provider=\"instagram\" target=\"_blank\" rel=\"nofollow\" title=\"Follow PATT38 on Instagram\" href=\"https:\/\/www.instagram.com\/patt38conference\/\" style=\"font-size: 0px;width:48px;height:48px;margin:0;margin-bottom:10px\"><img decoding=\"async\" alt=\"instagram\" title=\"Follow PATT38 on Instagram\" class=\"synved-share-image synved-social-image synved-social-image-follow lazyload\" width=\"48\" height=\"48\" style=\"--smush-placeholder-width: 48px; --smush-placeholder-aspect-ratio: 48\/48;display: inline;width:48px;height:48px;margin: 0;padding: 0;border: none;box-shadow: none\" data-src=\"https:\/\/blogit.utu.fi\/patt38\/wp-content\/plugins\/social-media-feather\/synved-social\/image\/social\/regular\/96x96\/instagram.png\" src=\"data:image\/svg+xml;base64,PHN2ZyB3aWR0aD0iMSIgaGVpZ2h0PSIxIiB4bWxucz0iaHR0cDovL3d3dy53My5vcmcvMjAwMC9zdmciPjwvc3ZnPg==\" \/><\/a>","protected":false},"excerpt":{"rendered":"<p>&nbsp; PATT38-konferenssin Konferenssiopas on laaja kokoelma konferenssikokemusta tukevaa tietoa kaikille konferenssin osallistujille ja siit\u00e4 muuten vain kiinnostuneille. Konferenssioppaasta l\u00f6yd\u00e4t muun muassa konferenssin toimikuntien terveiset, konferenssin ja rinnakkaissessioiden ohjelman kuvauksineen ja ohjeita konferenssiin osallistumiseksi ja konferenssikokemuksen r\u00e4\u00e4t\u00e4l\u00f6imiseksi itsellesi sopivaksi. Kaikki t\u00e4m\u00e4 ja paljon muuta h\u00f6ystettyn\u00e4 upealla visuaalisella ilmeell\u00e4 ja tunnelmallisella esitystavalla! Konferenssiopas on saatavilla englanninkielisen\u00e4 PDF-tiedostona. [&hellip;]<\/p>\n","protected":false},"author":20754,"featured_media":0,"parent":0,"menu_order":0,"comment_status":"closed","ping_status":"closed","template":"","meta":{"_acf_changed":false,"footnotes":""},"class_list":["post-3921","page","type-page","status-publish","hentry"],"acf":[],"_links":{"self":[{"href":"https:\/\/blogit.utu.fi\/patt38\/wp-json\/wp\/v2\/pages\/3921","targetHints":{"allow":["GET"]}}],"collection":[{"href":"https:\/\/blogit.utu.fi\/patt38\/wp-json\/wp\/v2\/pages"}],"about":[{"href":"https:\/\/blogit.utu.fi\/patt38\/wp-json\/wp\/v2\/types\/page"}],"author":[{"embeddable":true,"href":"https:\/\/blogit.utu.fi\/patt38\/wp-json\/wp\/v2\/users\/20754"}],"replies":[{"embeddable":true,"href":"https:\/\/blogit.utu.fi\/patt38\/wp-json\/wp\/v2\/comments?post=3921"}],"version-history":[{"count":11,"href":"https:\/\/blogit.utu.fi\/patt38\/wp-json\/wp\/v2\/pages\/3921\/revisions"}],"predecessor-version":[{"id":5448,"href":"https:\/\/blogit.utu.fi\/patt38\/wp-json\/wp\/v2\/pages\/3921\/revisions\/5448"}],"wp:attachment":[{"href":"https:\/\/blogit.utu.fi\/patt38\/wp-json\/wp\/v2\/media?parent=3921"}],"curies":[{"name":"wp","href":"https:\/\/api.w.org\/{rel}","templated":true}]}}