{"id":65,"date":"2019-01-23T14:29:18","date_gmt":"2019-01-23T14:29:18","guid":{"rendered":"https:\/\/blogit.utu.fi\/plurideutsch\/?page_id=65"},"modified":"2019-10-26T12:55:17","modified_gmt":"2019-10-26T12:55:17","slug":"mitglieder","status":"publish","type":"page","link":"https:\/\/blogit.utu.fi\/plurideutsch\/mitglieder\/","title":{"rendered":"Mitglieder"},"content":{"rendered":"<ul>\n<li><a href=\"https:\/\/www.oulu.fi\/university\/researcher\/sabine-grasz\" target=\"_blank\" rel=\"noopener noreferrer\"><strong>Sabine Grasz<\/strong><\/a>, Universit\u00e4t Oulu, Germanische Philologie<\/li>\n<li><strong>Dr. Anta Kursi\u0161a<\/strong>, (DAAD-Lektorin, Universit\u00e4t Helsinki, Germanische Philologie, bis VII 2019) (Koordinierung)<\/li>\n<li><a href=\"https:\/\/www.utu.fi\/en\/people\/almut-meyer\" target=\"_blank\" rel=\"noopener noreferrer\"><strong>Almut Meyer<\/strong><\/a>, DAAD-Ortslektorin, Universit\u00e4t Turku, Zentrum f\u00fcr Sprachen- und Kommunikationsstudien, Jura-Fakult\u00e4t<\/li>\n<li><a href=\"https:\/\/tutcris.tut.fi\/portal\/en\/persons\/claudia-rehwagen(88fbbb13-4c88-4e31-ad58-8f001bb3270b).html\" target=\"_blank\" rel=\"noopener noreferrer\"><strong>Claudia Rehwagen<\/strong><\/a>, DAAD-Ortslektorin, Technische Universit\u00e4t Tampere \/ Universit\u00e4t Tampere, Sprachenzentrum<\/li>\n<li><a href=\"https:\/\/www.utu.fi\/en\/people\/joachim-schlabach\"><strong>Joachim S<\/strong><strong>chlabach<\/strong><\/a>, DAAD-Ortslektor, Universit\u00e4t Turku, Zentrum f\u00fcr Sprachen- und Kommunikationsstudien KieVi, Turku School of Economics, (Koordinierung)<\/li>\n<\/ul>\n<p>Fr\u00fchere Mitglieder:<\/p>\n<ul>\n<li><a href=\"https:\/\/tuhat.helsinki.fi\/portal\/en\/persons\/christian-niedling(13c99a7e-aa36-4795-a1c7-eb9cd790476b).html\" target=\"_blank\" rel=\"noopener noreferrer\"><strong>Christian Niedling<\/strong><\/a>, Universit\u00e4t Helsinki, Sprachenzentrum, bis VI 2019<\/li>\n<li><a href=\"https:\/\/tuhat.helsinki.fi\/portal\/fi\/persons\/tia-patenge(625e48c4-2fb1-4d36-ac6a-484946fa6c22).html\" target=\"_blank\" rel=\"noopener noreferrer\"><strong>Tia Patenge<\/strong><\/a>, Universit\u00e4t Helsinki, Sprachenzentrum, bis VI 2019<\/li>\n<\/ul>\n","protected":false},"excerpt":{"rendered":"<p>Sabine Grasz, Universit\u00e4t Oulu, Germanische Philologie Dr. Anta Kursi\u0161a, (DAAD-Lektorin, Universit\u00e4t Helsinki, Germanische Philologie, bis VII 2019) (Koordinierung) Almut Meyer, DAAD-Ortslektorin, Universit\u00e4t Turku, Zentrum f\u00fcr Sprachen- und Kommunikationsstudien, Jura-Fakult\u00e4t Claudia Rehwagen, DAAD-Ortslektorin, Technische Universit\u00e4t Tampere \/ Universit\u00e4t Tampere, Sprachenzentrum Joachim Schlabach, DAAD-Ortslektor, Universit\u00e4t Turku, Zentrum f\u00fcr Sprachen- und Kommunikationsstudien KieVi, Turku School of Economics, (Koordinierung) [&hellip;]<\/p>\n","protected":false},"author":1527,"featured_media":0,"parent":0,"menu_order":0,"comment_status":"closed","ping_status":"closed","template":"","meta":{"footnotes":""},"class_list":["post-65","page","type-page","status-publish","hentry"],"_links":{"self":[{"href":"https:\/\/blogit.utu.fi\/plurideutsch\/wp-json\/wp\/v2\/pages\/65","targetHints":{"allow":["GET"]}}],"collection":[{"href":"https:\/\/blogit.utu.fi\/plurideutsch\/wp-json\/wp\/v2\/pages"}],"about":[{"href":"https:\/\/blogit.utu.fi\/plurideutsch\/wp-json\/wp\/v2\/types\/page"}],"author":[{"embeddable":true,"href":"https:\/\/blogit.utu.fi\/plurideutsch\/wp-json\/wp\/v2\/users\/1527"}],"replies":[{"embeddable":true,"href":"https:\/\/blogit.utu.fi\/plurideutsch\/wp-json\/wp\/v2\/comments?post=65"}],"version-history":[{"count":6,"href":"https:\/\/blogit.utu.fi\/plurideutsch\/wp-json\/wp\/v2\/pages\/65\/revisions"}],"predecessor-version":[{"id":281,"href":"https:\/\/blogit.utu.fi\/plurideutsch\/wp-json\/wp\/v2\/pages\/65\/revisions\/281"}],"wp:attachment":[{"href":"https:\/\/blogit.utu.fi\/plurideutsch\/wp-json\/wp\/v2\/media?parent=65"}],"curies":[{"name":"wp","href":"https:\/\/api.w.org\/{rel}","templated":true}]}}