{"id":420,"date":"2020-03-28T07:17:41","date_gmt":"2020-03-28T07:17:41","guid":{"rendered":"https:\/\/blogit.utu.fi\/poikkeustila\/?page_id=420"},"modified":"2020-03-30T15:39:40","modified_gmt":"2020-03-30T15:39:40","slug":"paivakirja","status":"publish","type":"page","link":"https:\/\/blogit.utu.fi\/poikkeustila\/paivakirja\/","title":{"rendered":"P\u00e4iv\u00e4kirja"},"content":{"rendered":"\n<p>T\u00e4lt\u00e4 sivulta l\u00f6yd\u00e4t yrityskohtaiset p\u00e4iv\u00e4kirjat, joita p\u00e4ivit\u00e4mme viikottain. Seuraa eri yritysten tilannetta viikko viikolta klikkaamalla alla olevia yrityslinkkej\u00e4:<\/p>\n\n\n\n<p><a href=\"https:\/\/blogit.utu.fi\/poikkeustila\/paivakirja\/yritys-a\/\">Yritys A &#8211; Puu- ja metallituotteet<\/a><\/p>\n\n\n\n<p><a href=\"https:\/\/blogit.utu.fi\/poikkeustila\/paivakirja\/yritys-b\/\">Yritys B &#8211; Tekninen tukkukauppa<\/a><\/p>\n\n\n\n<p><a href=\"https:\/\/blogit.utu.fi\/poikkeustila\/paivakirja\/yritys-c\/\">Yritys C &#8211; Tekniset palvelut<\/a><\/p>\n\n\n\n<p><a href=\"https:\/\/blogit.utu.fi\/poikkeustila\/paivakirja\/yritys-d\/\">Yritys D &#8211; Ohjelmistotuotteet<\/a><\/p>\n\n\n\n<p><a href=\"https:\/\/blogit.utu.fi\/poikkeustila\/paivakirja\/yritys-e\/\">Yritys E &#8211; Ohjelmistokehitys<\/a><\/p>\n\n\n\n<p><a href=\"https:\/\/blogit.utu.fi\/poikkeustila\/paivakirja\/yritys-f\/\">Yritys F &#8211; Mainos- ja viestint\u00e4<\/a><\/p>\n\n\n\n<p><a href=\"https:\/\/blogit.utu.fi\/poikkeustila\/paivakirja\/yritys-g\/\">Yritys G &#8211; Logistiikkapalvelut<\/a><\/p>\n\n\n\n<p><a href=\"https:\/\/blogit.utu.fi\/poikkeustila\/paivakirja\/yritys-h\/\">Yritys H &#8211; Infra- ja kiinteist\u00f6huolto<\/a><\/p>\n\n\n\n<p><\/p>\n","protected":false},"excerpt":{"rendered":"<p>T\u00e4lt\u00e4 sivulta l\u00f6yd\u00e4t yrityskohtaiset p\u00e4iv\u00e4kirjat, joita p\u00e4ivit\u00e4mme viikottain. Seuraa eri yritysten tilannetta viikko viikolta klikkaamalla alla olevia yrityslinkkej\u00e4: Yritys A &#8211; Puu- ja metallituotteet Yritys B &#8211; Tekninen tukkukauppa Yritys C &#8211; Tekniset palvelut Yritys D &#8211; Ohjelmistotuotteet Yritys E &#8211; Ohjelmistokehitys Yritys F &#8211; Mainos- ja viestint\u00e4 Yritys G &#8211; Logistiikkapalvelut Yritys H &#8211;&#8230; <\/p>\n<div class=\"link-more\"><a href=\"https:\/\/blogit.utu.fi\/poikkeustila\/paivakirja\/\">Read More<\/a><\/div>\n","protected":false},"author":4910,"featured_media":459,"parent":0,"menu_order":2,"comment_status":"closed","ping_status":"closed","template":"","meta":{"footnotes":""},"class_list":["post-420","page","type-page","status-publish","has-post-thumbnail","hentry"],"_links":{"self":[{"href":"https:\/\/blogit.utu.fi\/poikkeustila\/wp-json\/wp\/v2\/pages\/420","targetHints":{"allow":["GET"]}}],"collection":[{"href":"https:\/\/blogit.utu.fi\/poikkeustila\/wp-json\/wp\/v2\/pages"}],"about":[{"href":"https:\/\/blogit.utu.fi\/poikkeustila\/wp-json\/wp\/v2\/types\/page"}],"author":[{"embeddable":true,"href":"https:\/\/blogit.utu.fi\/poikkeustila\/wp-json\/wp\/v2\/users\/4910"}],"replies":[{"embeddable":true,"href":"https:\/\/blogit.utu.fi\/poikkeustila\/wp-json\/wp\/v2\/comments?post=420"}],"version-history":[{"count":15,"href":"https:\/\/blogit.utu.fi\/poikkeustila\/wp-json\/wp\/v2\/pages\/420\/revisions"}],"predecessor-version":[{"id":795,"href":"https:\/\/blogit.utu.fi\/poikkeustila\/wp-json\/wp\/v2\/pages\/420\/revisions\/795"}],"wp:featuredmedia":[{"embeddable":true,"href":"https:\/\/blogit.utu.fi\/poikkeustila\/wp-json\/wp\/v2\/media\/459"}],"wp:attachment":[{"href":"https:\/\/blogit.utu.fi\/poikkeustila\/wp-json\/wp\/v2\/media?parent=420"}],"curies":[{"name":"wp","href":"https:\/\/api.w.org\/{rel}","templated":true}]}}