{"id":76,"date":"2014-02-25T11:35:02","date_gmt":"2014-02-25T09:35:02","guid":{"rendered":"http:\/\/blogit.utu.fi\/raskaustutkimus\/?page_id=76"},"modified":"2016-04-05T09:32:40","modified_gmt":"2016-04-05T07:32:40","slug":"tietoa-tutkimuksesta","status":"publish","type":"page","link":"https:\/\/blogit.utu.fi\/raskaustutkimus\/tietoa-tutkimuksesta\/","title":{"rendered":"Tietoa tutkimuksesta &#8211; osallistu!"},"content":{"rendered":"<div>\n<p>Tyks:ssa ja Turun yliopistossa on\u00a0meneill\u00e4\u00e4n tutkimus, jossa selvitet\u00e4\u00e4n voiko probiootti- ja\/tai kala\u00f6ljy -valmisteilla pienent\u00e4\u00e4 raskausdiabeteksen kehittymisen riski\u00e4 ja vaikuttaa suotuisasti \u00e4idin aineenvaihduntaan ja painoon raskauden aikana ja sen j\u00e4lkeen. Lis\u00e4ksi selvit\u00e4mme, voidaanko n\u00e4ill\u00e4 vaikuttaa syntyv\u00e4n lapsen puolustusvasteeseen ja edist\u00e4\u00e4 lapsen terveytt\u00e4.<\/p>\n<p>Sovellut tutkimukseen jos:<\/p>\n<ul>\n<li>raskautesi on alussa (alle 16 raskausviikkoa),<\/li>\n<li>painoindeksisi (BMI)\u00a0on 25 tai yli,\u200b<\/li>\n<li>asut Turun tai l\u00e4hikuntien alueella.<\/li>\n<\/ul>\n<h2><strong>J\u00e4t\u00e4 yhteystietosi\u00a0<a href=\"https:\/\/www.webropolsurveys.com\/S\/A9EA2BB326BBA7E4.par\" target=\"_blank\">t\u00e4nne<\/a>\u00a0niin kerromme lis\u00e4\u00e4!<\/strong><\/h2>\n<p>Osallistumalla tutkimukseen saat:<\/p>\n<ul>\n<li><a href=\"https:\/\/blogit.utu.fi\/raskaustutkimus\/ultraaanitutkimukset-raskauden-aikana\/\">ylim\u00e4\u00e4r\u00e4isen ultra\u00e4\u00e4nitutkimuksen<\/a> raskauden loppuvaiheessa (viikoilla 34-36)<\/li>\n<li>\u00a0tutkimustuotteet sek\u00e4\u00a0Devisol D-vitamiinit raskauden ja imetyksen ajaksi<\/li>\n<li>lapsen allergiatestauksen 1 ja 2 -vuotiaana<\/li>\n<li>ravintoanalyysit<\/li>\n<li>tietoa omasta ja lapsesi terveydentilasta tutkimuksen aikana teht\u00e4vist\u00e4 laboratoriokokeista ja mittauksista<\/li>\n<li>pieni\u00e4 tuotelahjoituksia tutkimuksen kuluessa<\/li>\n<\/ul>\n<\/div>\n<p>T\u00e4yty yll\u00e4 oleva yhteystietolomake tai ota yhteytt\u00e4 muuten niin kerromme lis\u00e4\u00e4!:<br \/>\npuh: 050-4004 903 (klo 8-16)<br \/>\nemail: <a title=\"raskausdiabetesjaravinto@utu.fi\" href=\"mailto:raskausdiabetesjaravinto@utu.fi\" target=\"_blank\">raskausdiabetesjaravinto@utu.fi<\/a><\/p>\n","protected":false},"excerpt":{"rendered":"<p>Tyks:ssa ja Turun yliopistossa on\u00a0meneill\u00e4\u00e4n tutkimus, jossa selvitet\u00e4\u00e4n voiko probiootti- ja\/tai kala\u00f6ljy -valmisteilla pienent\u00e4\u00e4 raskausdiabeteksen kehittymisen riski\u00e4 ja vaikuttaa suotuisasti \u00e4idin aineenvaihduntaan ja painoon raskauden aikana ja sen j\u00e4lkeen. Lis\u00e4ksi selvit\u00e4mme, voidaanko n\u00e4ill\u00e4 vaikuttaa syntyv\u00e4n lapsen puolustusvasteeseen ja edist\u00e4\u00e4 lapsen terveytt\u00e4. Sovellut tutkimukseen jos: raskautesi on alussa (alle 16 raskausviikkoa), painoindeksisi (BMI)\u00a0on 25 tai yli,\u200b &hellip; <a href=\"https:\/\/blogit.utu.fi\/raskaustutkimus\/tietoa-tutkimuksesta\/\" class=\"more-link\">Jatka lukemista <span class=\"screen-reader-text\">Tietoa tutkimuksesta &#8211; osallistu!<\/span> <span class=\"meta-nav\">&rarr;<\/span><\/a><\/p>\n","protected":false},"author":31,"featured_media":0,"parent":0,"menu_order":0,"comment_status":"open","ping_status":"open","template":"","meta":{"footnotes":""},"class_list":["post-76","page","type-page","status-publish","hentry"],"_links":{"self":[{"href":"https:\/\/blogit.utu.fi\/raskaustutkimus\/wp-json\/wp\/v2\/pages\/76","targetHints":{"allow":["GET"]}}],"collection":[{"href":"https:\/\/blogit.utu.fi\/raskaustutkimus\/wp-json\/wp\/v2\/pages"}],"about":[{"href":"https:\/\/blogit.utu.fi\/raskaustutkimus\/wp-json\/wp\/v2\/types\/page"}],"author":[{"embeddable":true,"href":"https:\/\/blogit.utu.fi\/raskaustutkimus\/wp-json\/wp\/v2\/users\/31"}],"replies":[{"embeddable":true,"href":"https:\/\/blogit.utu.fi\/raskaustutkimus\/wp-json\/wp\/v2\/comments?post=76"}],"version-history":[{"count":10,"href":"https:\/\/blogit.utu.fi\/raskaustutkimus\/wp-json\/wp\/v2\/pages\/76\/revisions"}],"predecessor-version":[{"id":492,"href":"https:\/\/blogit.utu.fi\/raskaustutkimus\/wp-json\/wp\/v2\/pages\/76\/revisions\/492"}],"wp:attachment":[{"href":"https:\/\/blogit.utu.fi\/raskaustutkimus\/wp-json\/wp\/v2\/media?parent=76"}],"curies":[{"name":"wp","href":"https:\/\/api.w.org\/{rel}","templated":true}]}}