{"id":67,"date":"2014-01-15T15:26:23","date_gmt":"2014-01-15T13:26:23","guid":{"rendered":"https:\/\/blogit.utu.fi\/reimag\/?page_id=67"},"modified":"2015-03-02T12:11:54","modified_gmt":"2015-03-02T09:11:54","slug":"fi","status":"publish","type":"page","link":"https:\/\/blogit.utu.fi\/reimag\/fi\/","title":{"rendered":"| Suomeksi |"},"content":{"rendered":"<h3>Suomen Akatemian tutkimushanke 2013-2017<br \/>\n<em>Helsingin, Tampereen ja Turun yliopistot<\/em><\/h3>\n<h1><img loading=\"lazy\" decoding=\"async\" class=\"alignleft  wp-image-209\" src=\"https:\/\/blogit.utu.fi\/reimag\/wp-content\/uploads\/sites\/139\/2014\/01\/Ortelius_Septentrionalivm_regionvm-1024x763.jpg\" alt=\"Ortelius_Septentrionalivm_regionvm\" width=\"625\" height=\"465\" srcset=\"https:\/\/blogit.utu.fi\/reimag\/wp-content\/uploads\/sites\/139\/2014\/01\/Ortelius_Septentrionalivm_regionvm-1024x763.jpg 1024w, https:\/\/blogit.utu.fi\/reimag\/wp-content\/uploads\/sites\/139\/2014\/01\/Ortelius_Septentrionalivm_regionvm-300x223.jpg 300w, https:\/\/blogit.utu.fi\/reimag\/wp-content\/uploads\/sites\/139\/2014\/01\/Ortelius_Septentrionalivm_regionvm-624x465.jpg 624w, https:\/\/blogit.utu.fi\/reimag\/wp-content\/uploads\/sites\/139\/2014\/01\/Ortelius_Septentrionalivm_regionvm.jpg 1360w\" sizes=\"auto, (max-width: 625px) 100vw, 625px\" \/><\/h1>\n<p>&nbsp;<\/p>\n<h1>Tulevaisuuden hahmottuminen<\/h1>\n<h2>Euroopan pohjoisella ulottuvuudella kylm\u00e4n sodan p\u00e4\u00e4ttyess\u00e4<\/h2>\n<p>&nbsp;<\/p>\n<h4><em>Tulevaisuuden hahmottuminen<\/em> -tutkimushanke (<em>Reimagining Futures<\/em>, ReImag) tarkastelee Suomen kokemuksia kylm\u00e4n sodan p\u00e4\u00e4ttymisest\u00e4 kansainv\u00e4lisen politiikan, talouden ja pohjoisen Euroopan geopolitiikan n\u00e4k\u00f6kulmista.<\/h4>\n<p>Hankkeessa analysoidaan aikalaisten, p\u00e4\u00e4t\u00f6ksentekij\u00f6iden ja muiden toimijoiden n\u00e4kemyksi\u00e4, kokemuksia ja toimintaa muutoksen aikana sek\u00e4 tutkitaan millaisia tulevaisuuden skenaarioita heill\u00e4 oli. Projekti hy\u00f6dynt\u00e4\u00e4 jatkuvuuden ja muutoksen tematiikkaa sek\u00e4 kansainv\u00e4lisen politiikan teorian ja historiantutkimuksen l\u00e4hestymistapoja ja tuottaa uutta tietoa 1980- ja 1990-lukujen suuresta murroksesta.<\/p>\n<p>Hanke on teoreettisesti ja metodologisesti innovatiivinen, sill\u00e4 sen puitteissa empiirinen historiantutkimus yhdistyy kansainv\u00e4lisen politiikan tutkimuksen kannalta keskeiseen teorianmuodostukseen.<\/p>\n<h3>Tutkimushankkeen johto<\/h3>\n<ul>\n<li>Hankkeen johtaja, professori <a title=\"Team\" href=\"https:\/\/blogit.utu.fi\/reimag\/team\/#rentola\">Kimmo Rentola<\/a>,\u00a0Helsingin yliopisto<\/li>\n<li>Johtaja <a title=\"Team\" href=\"https:\/\/blogit.utu.fi\/reimag\/team\/#aunesluoma\">Juhana Aunesluoma<\/a>, Helsingin yliopisto<\/li>\n<li>Vt. professori <a title=\"Team\" href=\"https:\/\/blogit.utu.fi\/reimag\/team\/#haukkala\">Hiski Haukkala<\/a>, Tampereen yliopisto<\/li>\n<li>Professori <a href=\"https:\/\/blogit.utu.fi\/reimag\/team\/#hanhimaki\">Jussi Hanhim\u00e4ki<\/a>, The Graduate Institute, Geneve<\/li>\n<\/ul>\n<p><em>ReImag-hanketta koskevat yhteydenotot voit l\u00e4hett\u00e4\u00e4 Kimmo Rentolalle: <\/em><strong><span style=\"color: #000000;\">contact[at]reimag.fi<\/span><\/strong><\/p>\n<p><em>Yksitt\u00e4iset tutkijat tavoitat parhaiten henkil\u00f6kohtaisten s\u00e4hk\u00f6postiosoitteiden kautta.<\/em><\/p>\n","protected":false},"excerpt":{"rendered":"<p>Suomen Akatemian tutkimushanke 2013-2017 Helsingin, Tampereen ja Turun yliopistot &nbsp; Tulevaisuuden hahmottuminen Euroopan pohjoisella ulottuvuudella kylm\u00e4n sodan p\u00e4\u00e4ttyess\u00e4 &nbsp; Tulevaisuuden hahmottuminen -tutkimushanke (Reimagining Futures, ReImag) tarkastelee Suomen kokemuksia kylm\u00e4n sodan p\u00e4\u00e4ttymisest\u00e4 kansainv\u00e4lisen politiikan, talouden ja pohjoisen Euroopan geopolitiikan n\u00e4k\u00f6kulmista. Hankkeessa analysoidaan aikalaisten, p\u00e4\u00e4t\u00f6ksentekij\u00f6iden ja muiden toimijoiden n\u00e4kemyksi\u00e4, kokemuksia ja toimintaa muutoksen aikana sek\u00e4 tutkitaan millaisia [&hellip;]<\/p>\n","protected":false},"author":5271,"featured_media":0,"parent":0,"menu_order":0,"comment_status":"closed","ping_status":"closed","template":"","meta":{"footnotes":""},"class_list":["post-67","page","type-page","status-publish","hentry"],"_links":{"self":[{"href":"https:\/\/blogit.utu.fi\/reimag\/wp-json\/wp\/v2\/pages\/67","targetHints":{"allow":["GET"]}}],"collection":[{"href":"https:\/\/blogit.utu.fi\/reimag\/wp-json\/wp\/v2\/pages"}],"about":[{"href":"https:\/\/blogit.utu.fi\/reimag\/wp-json\/wp\/v2\/types\/page"}],"author":[{"embeddable":true,"href":"https:\/\/blogit.utu.fi\/reimag\/wp-json\/wp\/v2\/users\/5271"}],"replies":[{"embeddable":true,"href":"https:\/\/blogit.utu.fi\/reimag\/wp-json\/wp\/v2\/comments?post=67"}],"version-history":[{"count":25,"href":"https:\/\/blogit.utu.fi\/reimag\/wp-json\/wp\/v2\/pages\/67\/revisions"}],"predecessor-version":[{"id":434,"href":"https:\/\/blogit.utu.fi\/reimag\/wp-json\/wp\/v2\/pages\/67\/revisions\/434"}],"wp:attachment":[{"href":"https:\/\/blogit.utu.fi\/reimag\/wp-json\/wp\/v2\/media?parent=67"}],"curies":[{"name":"wp","href":"https:\/\/api.w.org\/{rel}","templated":true}]}}