{"id":77,"date":"2017-07-07T06:29:46","date_gmt":"2017-07-07T06:29:46","guid":{"rendered":"https:\/\/blogit.utu.fi\/seili\/?page_id=77"},"modified":"2023-03-15T16:59:39","modified_gmt":"2023-03-15T13:59:39","slug":"tietoja","status":"publish","type":"page","link":"https:\/\/blogit.utu.fi\/seili\/","title":{"rendered":"Tietoja"},"content":{"rendered":"<p style=\"text-align: center\"><span style=\"font-size: 14pt\"><strong>Tervetuloa lukemaan Turun yliopiston Saaristomeren tutkimuslaitoksen blogia!<\/strong><\/span><\/p>\n<div id=\"attachment_4134\" style=\"width: 730px\" class=\"wp-caption aligncenter\"><img loading=\"lazy\" decoding=\"async\" aria-describedby=\"caption-attachment-4134\" class=\"wp-image-4134 size-full\" src=\"https:\/\/blogit.utu.fi\/seili\/wp-content\/uploads\/sites\/116\/2018\/05\/IMG_4395.jpg\" alt=\"\" width=\"720\" height=\"312\" srcset=\"https:\/\/blogit.utu.fi\/seili\/wp-content\/uploads\/sites\/116\/2018\/05\/IMG_4395.jpg 720w, https:\/\/blogit.utu.fi\/seili\/wp-content\/uploads\/sites\/116\/2018\/05\/IMG_4395-300x130.jpg 300w, https:\/\/blogit.utu.fi\/seili\/wp-content\/uploads\/sites\/116\/2018\/05\/IMG_4395-676x293.jpg 676w\" sizes=\"auto, (max-width: 720px) 100vw, 720px\" \/><p id=\"caption-attachment-4134\" class=\"wp-caption-text\">Kuva: Tommi Pohjakallio<\/p><\/div>\n<p style=\"text-align: center\">Blogia yll\u00e4pit\u00e4v\u00e4t ja p\u00e4ivitt\u00e4v\u00e4t tutkimuslaitoksen henkil\u00f6kunta ja tutkijat ja sen tarkoituksena on sukeltaa tutkimuslaitoksen toimintaan ja yli 50-vuotiseen historiaan Seilin saarella.<\/p>\n<p style=\"text-align: center\">Blogi on suunnattu suurelle yleis\u00f6lle, kaikille tutkimuksesta, It\u00e4merest\u00e4, saaristosta ja Seilin saaresta kiinnostuneille. Blogissa kerromme monipuolisesta toiminnastamme Seilin saarella, ajankohtaisista tutkimusprojekteista, opetuksesta kuin my\u00f6s It\u00e4meren ja Saaristomeren tilasta. Blogia seuraamalla p\u00e4\u00e4set my\u00f6s kurkistamaan millaista on tutkijan arki Seilin saarella.<\/p>\n<p style=\"text-align: center\">Blogista l\u00f6ytyy erillinen kieliversio sek\u00e4 suomelle ja englannille. Voit tutustua blogin englanninkieliseen versioon <a href=\"https:\/\/blogit.utu.fi\/seili\/en\/about\/\">t\u00e4\u00e4ll\u00e4<\/a>.\u00a0Sivuston pit\u00e4isi automaattisesti p\u00e4\u00e4tell\u00e4 onko selain suomenkielinen, mutta jos sivu on on edelleen englanninkielinen, voit vaihtaa kielt\u00e4 helposti Kieli-linkkien alta.<\/p>\n<blockquote>\n<p style=\"text-align: center\"><strong>Tietoja Saaristomeren tutkimuslaitoksesta<\/strong><\/p>\n<p><img loading=\"lazy\" decoding=\"async\" class=\"aligncenter size-full wp-image-243\" src=\"https:\/\/blogit.utu.fi\/seili\/wp-content\/uploads\/sites\/116\/2017\/07\/yhd1.jpg\" alt=\"\" width=\"965\" height=\"220\" srcset=\"https:\/\/blogit.utu.fi\/seili\/wp-content\/uploads\/sites\/116\/2017\/07\/yhd1.jpg 965w, https:\/\/blogit.utu.fi\/seili\/wp-content\/uploads\/sites\/116\/2017\/07\/yhd1-300x68.jpg 300w, https:\/\/blogit.utu.fi\/seili\/wp-content\/uploads\/sites\/116\/2017\/07\/yhd1-768x175.jpg 768w\" sizes=\"auto, (max-width: 965px) 100vw, 965px\" \/><\/p>\n<p style=\"text-align: center\">Saaristomeren tutkimuslaitos on osa Turun yliopiston\u00a0<a href=\"http:\/\/www.utu.fi\/fi\/yksikot\/biodiversiteettiyksikko\/Sivut\/home.aspx\">biodiversiteettiyksikk\u00f6\u00e4<\/a>. Tutkimuslaitoksen kentt\u00e4asema sijaitsee Seilin saarella (Nauvo, Parainen), joka on tunnettu paitsi kauniista luonnostaan niin my\u00f6s mielenkiintoisesta historiastaan sairaala-saarena. Tutkimuslaitos on toiminut Seiliss\u00e4 ymp\u00e4rivuotisesti jo vuodesta 1964 l\u00e4htien. Tutkimuslaitoksella on my\u00f6s toimisto Turussa, Turun yliopiston kampusalueella.<\/p>\n<p style=\"text-align: center\">Tutkimuslaitoksen toiminta keskittyy Saaristomeren ja It\u00e4meren alueen monitieteelliseen tutkimukseen, jonka\u00a0keski\u00f6ss\u00e4 on erityisesti meriymp\u00e4rist\u00f6n tilan pitk\u00e4aikaisseuranta. Suurin osa tutkimuksesta tehd\u00e4\u00e4n yhteisty\u00f6ss\u00e4 muiden yliopistojen ja laitosten kanssa. Laitoksen oma tutkimus koostuu p\u00e4\u00e4asiassa Saaristomeren biologista ja geologista tilaa tutkivista projekteista. Tutkijoille, opettajille ja opiskelijoille tutkimuslaitos tarjoaa ty\u00f6skentelytiloja, tutkimus- ja opetusv\u00e4lineit\u00e4,\u00a0venekuljetuspalveluita ja tutkimustietoutta.<\/p>\n<p style=\"text-align: center\">Lis\u00e4tietoja <a href=\"http:\/\/utu.fi\/seili\">kotisivullamme<\/a>.<\/p>\n<\/blockquote>\n<p><img loading=\"lazy\" decoding=\"async\" class=\"size-medium wp-image-3819 aligncenter\" src=\"https:\/\/blogit.utu.fi\/seili\/wp-content\/uploads\/sites\/116\/2018\/02\/UTU_Saaristomeren_tutkimuslaitos_tunnus_FI_RGB-300x150.png\" alt=\"\" width=\"300\" height=\"150\" srcset=\"https:\/\/blogit.utu.fi\/seili\/wp-content\/uploads\/sites\/116\/2018\/02\/UTU_Saaristomeren_tutkimuslaitos_tunnus_FI_RGB-300x150.png 300w, https:\/\/blogit.utu.fi\/seili\/wp-content\/uploads\/sites\/116\/2018\/02\/UTU_Saaristomeren_tutkimuslaitos_tunnus_FI_RGB.png 567w\" sizes=\"auto, (max-width: 300px) 100vw, 300px\" \/><\/p>\n<p style=\"text-align: center\"><strong>Palautetta, kommentteja, kysymyksi\u00e4? <\/strong><strong>Mist\u00e4 aiheista sin\u00e4 haluaisit lukea?<\/strong><\/p>\n<p style=\"text-align: center\">Voit ottaa yhteytt\u00e4\u00a0<a href=\"https:\/\/www.utu.fi\/seili\">kotisivujemme<\/a> kautta tai laittaa viesti\u00e4 vaikka\u00a0<a href=\"http:\/\/www.facebook.com\/saaristomeren.tutkimuslaitos\">Facebookissa.<\/a><\/p>\n","protected":false},"excerpt":{"rendered":"<p>Tervetuloa lukemaan Turun yliopiston Saaristomeren tutkimuslaitoksen blogia! Blogia yll\u00e4pit\u00e4v\u00e4t ja p\u00e4ivitt\u00e4v\u00e4t tutkimuslaitoksen henkil\u00f6kunta ja tutkijat ja sen tarkoituksena on sukeltaa tutkimuslaitoksen toimintaan ja yli 50-vuotiseen historiaan Seilin saarella. Blogi on suunnattu suurelle yleis\u00f6lle, kaikille tutkimuksesta, It\u00e4merest\u00e4, saaristosta ja Seilin saaresta kiinnostuneille. Blogissa kerromme monipuolisesta toiminnastamme Seilin saarella, ajankohtaisista tutkimusprojekteista, opetuksesta kuin my\u00f6s It\u00e4meren ja Saaristomeren [&hellip;]<\/p>\n","protected":false},"author":184,"featured_media":0,"parent":0,"menu_order":2,"comment_status":"closed","ping_status":"closed","template":"","meta":{"footnotes":""},"class_list":["post-77","page","type-page","status-publish","hentry","post-preview"],"_links":{"self":[{"href":"https:\/\/blogit.utu.fi\/seili\/wp-json\/wp\/v2\/pages\/77","targetHints":{"allow":["GET"]}}],"collection":[{"href":"https:\/\/blogit.utu.fi\/seili\/wp-json\/wp\/v2\/pages"}],"about":[{"href":"https:\/\/blogit.utu.fi\/seili\/wp-json\/wp\/v2\/types\/page"}],"author":[{"embeddable":true,"href":"https:\/\/blogit.utu.fi\/seili\/wp-json\/wp\/v2\/users\/184"}],"replies":[{"embeddable":true,"href":"https:\/\/blogit.utu.fi\/seili\/wp-json\/wp\/v2\/comments?post=77"}],"version-history":[{"count":66,"href":"https:\/\/blogit.utu.fi\/seili\/wp-json\/wp\/v2\/pages\/77\/revisions"}],"predecessor-version":[{"id":4679,"href":"https:\/\/blogit.utu.fi\/seili\/wp-json\/wp\/v2\/pages\/77\/revisions\/4679"}],"wp:attachment":[{"href":"https:\/\/blogit.utu.fi\/seili\/wp-json\/wp\/v2\/media?parent=77"}],"curies":[{"name":"wp","href":"https:\/\/api.w.org\/{rel}","templated":true}]}}