{"id":252,"date":"2016-12-08T21:11:27","date_gmt":"2016-12-08T19:11:27","guid":{"rendered":"https:\/\/blogit.utu.fi\/sisallissodanmaisemat\/?page_id=252"},"modified":"2017-01-16T20:31:40","modified_gmt":"2017-01-16T18:31:40","slug":"haminaholma","status":"publish","type":"page","link":"https:\/\/blogit.utu.fi\/sisallissodanmaisemat\/haminaholma\/","title":{"rendered":"Haminaholma"},"content":{"rendered":"<p><strong>Sis\u00e4llissota Haminaholman historiassa<\/strong><\/p>\n<p>Dokumenttielokuvani aihe on minulle hyvin t\u00e4rke\u00e4, henkil\u00f6kohtainen ja ajankohtainen, sill\u00e4 my\u00f6s kandity\u00f6ni liittyy samaan aiheeseen. Dokumenttielokuva poikkeaa hieman kuvaussuunnitelmasta, sill\u00e4 ajanpuutteesta johtuen jouduin tekem\u00e4\u00e4n siit\u00e4 hieman lyhyemm\u00e4n, joten muutin suunnitelmaani niin, ettei siin\u00e4 ole valokuvia olleenkaan, vaan yhten\u00e4ist\u00e4 videota. Dokumenttielokuvan tausta\u00e4\u00e4ni on videoiden omat \u00e4\u00e4net, eik\u00e4 hiljainen musiikki niin kuin kuvaussuunnitelmassa luki, sill\u00e4 muu musiikki olisi rikkonut videon tunnelman ja videoiden \u00e4\u00e4net olivat sopivan tasaisia tausta\u00e4\u00e4neksi. Dokumenttielokuvan hiljaisuus kuvastaa Haminaholman saaren hiljaista olemusta muiden saarien joukossa, kantaen kuitenkin muihin l\u00e4hisaariin verrattuna suurinta historiaa.<\/p>\n<p>-Hanna Kukola-<\/p>\n<p>https:\/\/youtu.be\/zHhqwMPPaLA<\/p>\n<p>&nbsp;<\/p>\n","protected":false},"excerpt":{"rendered":"<p>Sis\u00e4llissota Haminaholman historiassa Dokumenttielokuvani aihe on minulle hyvin t\u00e4rke\u00e4, henkil\u00f6kohtainen ja ajankohtainen, sill\u00e4 my\u00f6s kandity\u00f6ni liittyy samaan aiheeseen. Dokumenttielokuva poikkeaa hieman kuvaussuunnitelmasta, sill\u00e4 ajanpuutteesta johtuen jouduin tekem\u00e4\u00e4n siit\u00e4 hieman lyhyemm\u00e4n, joten muutin suunnitelmaani niin, ettei siin\u00e4 ole valokuvia olleenkaan, vaan &hellip; <a href=\"https:\/\/blogit.utu.fi\/sisallissodanmaisemat\/haminaholma\/\">Lue loppuun <span class=\"meta-nav\">&rarr;<\/span><\/a><\/p>\n","protected":false},"author":1197,"featured_media":0,"parent":0,"menu_order":0,"comment_status":"closed","ping_status":"closed","template":"","meta":{"footnotes":""},"class_list":["post-252","page","type-page","status-publish","hentry"],"_links":{"self":[{"href":"https:\/\/blogit.utu.fi\/sisallissodanmaisemat\/wp-json\/wp\/v2\/pages\/252","targetHints":{"allow":["GET"]}}],"collection":[{"href":"https:\/\/blogit.utu.fi\/sisallissodanmaisemat\/wp-json\/wp\/v2\/pages"}],"about":[{"href":"https:\/\/blogit.utu.fi\/sisallissodanmaisemat\/wp-json\/wp\/v2\/types\/page"}],"author":[{"embeddable":true,"href":"https:\/\/blogit.utu.fi\/sisallissodanmaisemat\/wp-json\/wp\/v2\/users\/1197"}],"replies":[{"embeddable":true,"href":"https:\/\/blogit.utu.fi\/sisallissodanmaisemat\/wp-json\/wp\/v2\/comments?post=252"}],"version-history":[{"count":5,"href":"https:\/\/blogit.utu.fi\/sisallissodanmaisemat\/wp-json\/wp\/v2\/pages\/252\/revisions"}],"predecessor-version":[{"id":433,"href":"https:\/\/blogit.utu.fi\/sisallissodanmaisemat\/wp-json\/wp\/v2\/pages\/252\/revisions\/433"}],"wp:attachment":[{"href":"https:\/\/blogit.utu.fi\/sisallissodanmaisemat\/wp-json\/wp\/v2\/media?parent=252"}],"curies":[{"name":"wp","href":"https:\/\/api.w.org\/{rel}","templated":true}]}}