{"id":385,"date":"2017-01-12T11:10:40","date_gmt":"2017-01-12T09:10:40","guid":{"rendered":"https:\/\/blogit.utu.fi\/suomisugri\/?page_id=385"},"modified":"2017-08-21T11:36:42","modified_gmt":"2017-08-21T09:36:42","slug":"tapahtumat","status":"publish","type":"page","link":"https:\/\/blogit.utu.fi\/suomisugri\/tapahtumat\/","title":{"rendered":"Tapahtumat"},"content":{"rendered":"<p><strong>25.8.2017 klo 12.00 Tanja Toropaisen v\u00e4it\u00f6stilaisuus<br \/>\n<\/strong><\/p>\n<p>FM Tanja Toropainen esitt\u00e4\u00e4 v\u00e4it\u00f6skirjansa <em>Yhdyssanat ja yhdyssanamaiset rakenteet Mikael Agricolan teoksissa<\/em> julkisesti tarkastettavaksi Turun yliopistossa perjantaina 25.8.2017 klo 12 (Turun yliopisto, Sirkkalan kasarmialue, Minerva, Janus-sali, Kaivokatu 12, Turku).<\/p>\n<p>Vastav\u00e4itt\u00e4j\u00e4n\u00e4 toimii dosentti <strong>Kaarina Pitk\u00e4nen-Heikkil\u00e4<\/strong> (Helsingin yliopisto) ja kustoksena professori emerita <strong>Kaisa H\u00e4kkinen<\/strong> (Turun yliopisto). Tilaisuus on suomenkielinen.<\/p>\n<p>&nbsp;<\/p>\n<p><strong>17.2.2017 klo 12.00-16.00 Katri Priikin v\u00e4it\u00f6stilaisuus<\/strong><\/p>\n<p>FM Katri Priiki esitt\u00e4\u00e4 v\u00e4it\u00f6skirjansa <em>H\u00e4n, se, t\u00e4\u00e4 vai toi? Vuorovaikutussosiolingvistinen tutkimus henkil\u00f6viittauksista Kaakkois-Satakunnan nykypuhekieless\u00e4<\/em> julkisesti tarkastettavaksi Turun yliopistossa perjantaina 17.2.2017 klo 12.00 (Turun yliopisto, Educarium, Edu 2 -luentosali, Assistentinkatu 5, Turku).<\/p>\n<p>Vastav\u00e4itt\u00e4j\u00e4n\u00e4 toimii professori Renate Pajusalu (Tarton yliopisto, Viro) ja kustoksena professori Marja-Liisa Helasvuo (Turun yliopisto). Tilaisuus on suomenkielinen.<\/p>\n<p>Turun yliopisto<br \/>\nEducarium, Assistentinkatu 5 T47<br \/>\nEdu 2 -luentosali<\/p>\n","protected":false},"excerpt":{"rendered":"<p>25.8.2017 klo 12.00 Tanja Toropaisen v\u00e4it\u00f6stilaisuus FM Tanja Toropainen esitt\u00e4\u00e4 v\u00e4it\u00f6skirjansa Yhdyssanat ja yhdyssanamaiset rakenteet Mikael Agricolan teoksissa julkisesti tarkastettavaksi Turun yliopistossa perjantaina 25.8.2017 klo 12 (Turun yliopisto, Sirkkalan kasarmialue, Minerva, Janus-sali, Kaivokatu 12, Turku). Vastav\u00e4itt\u00e4j\u00e4n\u00e4 toimii dosentti Kaarina Pitk\u00e4nen-Heikkil\u00e4 (Helsingin yliopisto) ja kustoksena professori emerita Kaisa H\u00e4kkinen (Turun yliopisto). Tilaisuus on suomenkielinen. &nbsp; 17.2.2017&nbsp;&#8230;<\/p>\n","protected":false},"author":2046,"featured_media":478,"parent":0,"menu_order":0,"comment_status":"closed","ping_status":"closed","template":"","meta":{"footnotes":""},"class_list":["post-385","page","type-page","status-publish","has-post-thumbnail","hentry"],"_links":{"self":[{"href":"https:\/\/blogit.utu.fi\/suomisugri\/wp-json\/wp\/v2\/pages\/385","targetHints":{"allow":["GET"]}}],"collection":[{"href":"https:\/\/blogit.utu.fi\/suomisugri\/wp-json\/wp\/v2\/pages"}],"about":[{"href":"https:\/\/blogit.utu.fi\/suomisugri\/wp-json\/wp\/v2\/types\/page"}],"author":[{"embeddable":true,"href":"https:\/\/blogit.utu.fi\/suomisugri\/wp-json\/wp\/v2\/users\/2046"}],"replies":[{"embeddable":true,"href":"https:\/\/blogit.utu.fi\/suomisugri\/wp-json\/wp\/v2\/comments?post=385"}],"version-history":[{"count":3,"href":"https:\/\/blogit.utu.fi\/suomisugri\/wp-json\/wp\/v2\/pages\/385\/revisions"}],"predecessor-version":[{"id":1070,"href":"https:\/\/blogit.utu.fi\/suomisugri\/wp-json\/wp\/v2\/pages\/385\/revisions\/1070"}],"wp:featuredmedia":[{"embeddable":true,"href":"https:\/\/blogit.utu.fi\/suomisugri\/wp-json\/wp\/v2\/media\/478"}],"wp:attachment":[{"href":"https:\/\/blogit.utu.fi\/suomisugri\/wp-json\/wp\/v2\/media?parent=385"}],"curies":[{"name":"wp","href":"https:\/\/api.w.org\/{rel}","templated":true}]}}