{"id":346,"date":"2018-04-06T11:36:56","date_gmt":"2018-04-06T11:36:56","guid":{"rendered":"https:\/\/blogit.utu.fi\/supupaivat2018\/?page_id=346"},"modified":"2018-10-09T10:30:31","modified_gmt":"2018-10-09T10:30:31","slug":"majoitus","status":"publish","type":"page","link":"https:\/\/blogit.utu.fi\/supupaivat2018\/majoitus\/","title":{"rendered":"Majoitus"},"content":{"rendered":"<p>Konferenssivieraat voivat varata yhteisty\u00f6hotellistamme <strong>Scandic Juliasta<\/strong> majoituksen alennettuun hintaan. Hotelli sijaitsee Turun keskustassa, noin 15 minuutin k\u00e4velymatkan p\u00e4\u00e4ss\u00e4 konferenssipaikalta. Joukkoliikenne sek\u00e4 Turun ett\u00e4 Helsingin lentokentille on lyhyen matkan p\u00e4\u00e4ss\u00e4 hotellilta.<\/p>\n<p>Konferenssihinnat koskevat sek\u00e4 yhden ett\u00e4 kahden hengen huoneita: 95\u20ac\/y\u00f6 (yhden hengen huone) sek\u00e4 100\u20ac\/y\u00f6 (kahden hengen huone). Alennetut hinnat ovat voimassa <strong>8.11. menness\u00e4<\/strong> s\u00e4hk\u00f6postitse tai puhelimitse tehtyihin varauksiin. Varatessa on mainittava varaustunnus &#8221;Sukupuolentutkimuksen p\u00e4iv\u00e4t&#8221;. Huoneen hintaan kuuluu wifi-yhteys sek\u00e4 aamiainen hotellin ravintolassa.<\/p>\n<p><a href=\"https:\/\/www.scandichotels.com\/hotels\/finland\/turku\/scandic-julia\">Hotel Scandic Julia<\/a><\/p>\n<p>Osoite: Eerikinkatu 4, 20100 Turku<br \/>\nPuh.: +358 2 336 000<br \/>\nS\u00e4hk\u00f6posti: julia@scandichotels.com<\/p>\n","protected":false},"excerpt":{"rendered":"<p>Konferenssivieraat voivat varata yhteisty\u00f6hotellistamme Scandic Juliasta majoituksen alennettuun hintaan. Hotelli sijaitsee Turun keskustassa, noin 15 minuutin k\u00e4velymatkan p\u00e4\u00e4ss\u00e4 konferenssipaikalta. Joukkoliikenne sek\u00e4 Turun ett\u00e4 Helsingin lentokentille on lyhyen matkan p\u00e4\u00e4ss\u00e4 hotellilta. Konferenssihinnat koskevat sek\u00e4 yhden ett\u00e4 kahden hengen huoneita: 95\u20ac\/y\u00f6 (yhden hengen huone) sek\u00e4 100\u20ac\/y\u00f6 (kahden hengen huone). Alennetut hinnat ovat voimassa 8.11. menness\u00e4 s\u00e4hk\u00f6postitse tai [&hellip;]<\/p>\n","protected":false},"author":5676,"featured_media":0,"parent":0,"menu_order":7,"comment_status":"closed","ping_status":"closed","template":"","meta":{"footnotes":""},"class_list":["post-346","page","type-page","status-publish","hentry"],"_links":{"self":[{"href":"https:\/\/blogit.utu.fi\/supupaivat2018\/wp-json\/wp\/v2\/pages\/346","targetHints":{"allow":["GET"]}}],"collection":[{"href":"https:\/\/blogit.utu.fi\/supupaivat2018\/wp-json\/wp\/v2\/pages"}],"about":[{"href":"https:\/\/blogit.utu.fi\/supupaivat2018\/wp-json\/wp\/v2\/types\/page"}],"author":[{"embeddable":true,"href":"https:\/\/blogit.utu.fi\/supupaivat2018\/wp-json\/wp\/v2\/users\/5676"}],"replies":[{"embeddable":true,"href":"https:\/\/blogit.utu.fi\/supupaivat2018\/wp-json\/wp\/v2\/comments?post=346"}],"version-history":[{"count":4,"href":"https:\/\/blogit.utu.fi\/supupaivat2018\/wp-json\/wp\/v2\/pages\/346\/revisions"}],"predecessor-version":[{"id":1185,"href":"https:\/\/blogit.utu.fi\/supupaivat2018\/wp-json\/wp\/v2\/pages\/346\/revisions\/1185"}],"wp:attachment":[{"href":"https:\/\/blogit.utu.fi\/supupaivat2018\/wp-json\/wp\/v2\/media?parent=346"}],"curies":[{"name":"wp","href":"https:\/\/api.w.org\/{rel}","templated":true}]}}