{"id":270,"date":"2017-12-14T13:53:07","date_gmt":"2017-12-14T13:53:07","guid":{"rendered":"http:\/\/blogit.utu.fi\/svif18\/?page_id=270"},"modified":"2018-10-10T19:39:08","modified_gmt":"2018-10-10T19:39:08","slug":"program","status":"publish","type":"page","link":"https:\/\/blogit.utu.fi\/svif18\/program\/","title":{"rendered":"PROGRAM"},"content":{"rendered":"<p>Konferensen ordnas 11-12.10.2018 i \u00c5bo.<\/p>\n<p>Konferensprogrammet hittar du <a href=\"https:\/\/blogit.utu.fi\/svif18\/wp-content\/uploads\/sites\/132\/2018\/10\/PROGRAM.pdf\">h\u00e4r<\/a>\u00a0(uppdaterat 10.10.2018).<\/p>\n<p>Plenarf\u00f6rel\u00e4sare:<\/p>\n<ul>\n<li><strong>Catrin Norrby<\/strong>, Stockholms universitet: \u201cAtt interagera p\u00e5 finlandssvenska och sverigesvenska. Hur h\u00e4nger spr\u00e5kbruk, kultur och nation ihop?\u201d<\/li>\n<li><strong>Taina Juurakko-Paavola<\/strong>, Tammerfors universitet:\u00a0\u201cSvenskundervisning i den digitala eran\u201d<\/li>\n<\/ul>\n<p>&nbsp;<\/p>\n<p><strong>Torsdag den 11 oktober<\/strong><\/p>\n<p>Konferensen \u00f6ppnas kl. 11.<\/p>\n<p>Konferensmiddagen h\u00e5lls p\u00e5 mus\u00e9et Aboa Vetus &amp; Ars Nova och b\u00f6rjar kl. 19. F\u00f6re middagen (kl. 18) ordnas en rundvandring i den historiska delen av mus\u00e9et.<\/p>\n<p>&nbsp;<\/p>\n<p><strong>Fredag den 12 oktober<\/strong><\/p>\n<p>Dagen b\u00f6rjar med det andra plenarf\u00f6redraget kl. 9.30.<\/p>\n<p>Konferensen slutar kl. 15.<\/p>\n","protected":false},"excerpt":{"rendered":"<p>Konferensen ordnas 11-12.10.2018 i \u00c5bo. Konferensprogrammet hittar du h\u00e4r\u00a0(uppdaterat 10.10.2018). Plenarf\u00f6rel\u00e4sare: Catrin Norrby, Stockholms universitet: \u201cAtt interagera p\u00e5 finlandssvenska och sverigesvenska. Hur h\u00e4nger spr\u00e5kbruk, kultur och nation ihop?\u201d Taina Juurakko-Paavola, Tammerfors universitet:\u00a0\u201cSvenskundervisning i den digitala eran\u201d &nbsp; Torsdag den 11 oktober Konferensen \u00f6ppnas kl. 11. Konferensmiddagen h\u00e5lls p\u00e5 mus\u00e9et Aboa Vetus &amp; Ars Nova och [&hellip;]<\/p>\n","protected":false},"author":2683,"featured_media":0,"parent":0,"menu_order":0,"comment_status":"closed","ping_status":"closed","template":"","meta":{"footnotes":""},"class_list":["post-270","page","type-page","status-publish","hentry","post-preview"],"_links":{"self":[{"href":"https:\/\/blogit.utu.fi\/svif18\/wp-json\/wp\/v2\/pages\/270","targetHints":{"allow":["GET"]}}],"collection":[{"href":"https:\/\/blogit.utu.fi\/svif18\/wp-json\/wp\/v2\/pages"}],"about":[{"href":"https:\/\/blogit.utu.fi\/svif18\/wp-json\/wp\/v2\/types\/page"}],"author":[{"embeddable":true,"href":"https:\/\/blogit.utu.fi\/svif18\/wp-json\/wp\/v2\/users\/2683"}],"replies":[{"embeddable":true,"href":"https:\/\/blogit.utu.fi\/svif18\/wp-json\/wp\/v2\/comments?post=270"}],"version-history":[{"count":20,"href":"https:\/\/blogit.utu.fi\/svif18\/wp-json\/wp\/v2\/pages\/270\/revisions"}],"predecessor-version":[{"id":552,"href":"https:\/\/blogit.utu.fi\/svif18\/wp-json\/wp\/v2\/pages\/270\/revisions\/552"}],"wp:attachment":[{"href":"https:\/\/blogit.utu.fi\/svif18\/wp-json\/wp\/v2\/media?parent=270"}],"curies":[{"name":"wp","href":"https:\/\/api.w.org\/{rel}","templated":true}]}}