{"id":54,"date":"2017-12-11T14:17:05","date_gmt":"2017-12-11T14:17:05","guid":{"rendered":"http:\/\/blogit.utu.fi\/svif18\/?page_id=54"},"modified":"2018-09-27T13:23:50","modified_gmt":"2018-09-27T13:23:50","slug":"anmalan","status":"publish","type":"page","link":"https:\/\/blogit.utu.fi\/svif18\/anmalan\/","title":{"rendered":"ANM\u00c4LAN"},"content":{"rendered":"<p><strong>Anm\u00e4lningstiden har g\u00e5tt ut den 20 september.<\/strong><\/p>\n<p class=\"p1\"><b>Konferensavgiften<\/b>\u00a0\u00e4r\u00a0<b>120\u20ac<\/b>,<br \/>\nmed subventionerade avgifter f\u00f6r doktorander (65\u20ac) och studenter (20\u20ac).<\/p>\n<p class=\"p1\">D\u00e4rtill kommer priset p\u00e5 konferensmiddagen (45\u20ac eller 30\u20ac f\u00f6r doktorander\/studenter) om du v\u00e4ljer att delta i den.<\/p>\n<hr \/>\n<p>Deadline f\u00f6r abstrakt till f\u00f6redrag och poster (max 300 ord inklusive referenser) var\u00a0<strong>den 27 augusti 2018<\/strong>. De antagna f\u00f6redragsh\u00e5llarna har f\u00e5tt ett besked om sitt bidrag i slutet av augusti.<\/p>\n","protected":false},"excerpt":{"rendered":"<p>Anm\u00e4lningstiden har g\u00e5tt ut den 20 september. Konferensavgiften\u00a0\u00e4r\u00a0120\u20ac, med subventionerade avgifter f\u00f6r doktorander (65\u20ac) och studenter (20\u20ac). D\u00e4rtill kommer priset p\u00e5 konferensmiddagen (45\u20ac eller 30\u20ac f\u00f6r doktorander\/studenter) om du v\u00e4ljer att delta i den. Deadline f\u00f6r abstrakt till f\u00f6redrag och poster (max 300 ord inklusive referenser) var\u00a0den 27 augusti 2018. De antagna f\u00f6redragsh\u00e5llarna har f\u00e5tt [&hellip;]<\/p>\n","protected":false},"author":2683,"featured_media":0,"parent":0,"menu_order":0,"comment_status":"closed","ping_status":"closed","template":"","meta":{"footnotes":""},"class_list":["post-54","page","type-page","status-publish","hentry","post-preview"],"_links":{"self":[{"href":"https:\/\/blogit.utu.fi\/svif18\/wp-json\/wp\/v2\/pages\/54","targetHints":{"allow":["GET"]}}],"collection":[{"href":"https:\/\/blogit.utu.fi\/svif18\/wp-json\/wp\/v2\/pages"}],"about":[{"href":"https:\/\/blogit.utu.fi\/svif18\/wp-json\/wp\/v2\/types\/page"}],"author":[{"embeddable":true,"href":"https:\/\/blogit.utu.fi\/svif18\/wp-json\/wp\/v2\/users\/2683"}],"replies":[{"embeddable":true,"href":"https:\/\/blogit.utu.fi\/svif18\/wp-json\/wp\/v2\/comments?post=54"}],"version-history":[{"count":16,"href":"https:\/\/blogit.utu.fi\/svif18\/wp-json\/wp\/v2\/pages\/54\/revisions"}],"predecessor-version":[{"id":532,"href":"https:\/\/blogit.utu.fi\/svif18\/wp-json\/wp\/v2\/pages\/54\/revisions\/532"}],"wp:attachment":[{"href":"https:\/\/blogit.utu.fi\/svif18\/wp-json\/wp\/v2\/media?parent=54"}],"curies":[{"name":"wp","href":"https:\/\/api.w.org\/{rel}","templated":true}]}}