{"id":211,"date":"2022-05-24T07:54:02","date_gmt":"2022-05-24T07:54:02","guid":{"rendered":"https:\/\/blogit.utu.fi\/sydanpuhe\/?page_id=211"},"modified":"2022-10-17T06:26:19","modified_gmt":"2022-10-17T06:26:19","slug":"keskustelutilaisuudet","status":"publish","type":"page","link":"https:\/\/blogit.utu.fi\/sydanpuhe\/keskustelutilaisuudet\/","title":{"rendered":"Keskustelutilaisuudet"},"content":{"rendered":"\n<h3 class=\"wp-block-heading\">Ruoka syd\u00e4men l\u00e4hell\u00e4 &#8211; keskustelutilaisuus&nbsp;sepelvaltimotautia&nbsp;sairastaville&nbsp;<\/h3>\n\n\n\n<p>Ruoka on mukanamme arjessa ja juhlassa, ilossa ja surussa. Lempiruoat, perinnereseptit, mieltymykset ja tottumukset heijastuvat suhteessamme ruokaan. Ruoka on keholle polttoainetta, mutta my\u00f6s t\u00e4rke\u00e4 osa tapakulttuuria, johon liittyy muistoja ja tunteita.&nbsp;&nbsp;<\/p>\n\n\n\n<p>Sepelvaltimotautiin sairastuminen tuottaa monelle tilanteen, jossa omaa ruokavaliota on tarkasteltava uudelleen. Moni joutuu luopumaan tutuista ruoista ja seuraamaan omaa sy\u00f6mist\u00e4\u00e4n mahdollisesti t\u00e4ysin uudella tavalla. Millaisia ajatuksia ruokavalion muuttuminen tai rajoittaminen saa aikaan? Mist\u00e4 luovutaan ja&nbsp;mit\u00e4 saadaan tilalle? Tule keskustelemaan ruoasta, sy\u00f6misest\u00e4, resepteist\u00e4 ja ruokavalioista!&nbsp;&nbsp;<\/p>\n\n\n\n<p><strong>Paikka: Varsinais-Suomen Syd\u00e4npiiri,\u00a0Eerikinkatu 27 A, 20100 Turku\u00a0<\/strong><\/p>\n\n\n\n<p><strong>Aika: Keskiviikkona 9.11.2022 klo 16.15-18.00\u00a0<\/strong><\/p>\n\n\n\n<p>Keskustelutilaisuus on osa Syd\u00e4npuhe-hanketta, jossa hahmotetaan sepelvaltimotautiin liittyv\u00e4\u00e4 kokemusper\u00e4ist\u00e4 sairauskerrontaa. Keskustelutilaisuuden j\u00e4rjest\u00e4\u00e4 Turun yliopiston folkloristiikan v\u00e4it\u00f6skirjatutkija Iida R\u00e4ty. Keskustelutilaisuus nauhoitetaan ja sit\u00e4 k\u00e4ytet\u00e4\u00e4n aineistona v\u00e4it\u00f6skirjatutkimuksessa. Nauhoitteesta poistetaan tiedot, joista haastatteluun osallistuneet voidaan tunnistaa. Osallistujilta pyydet\u00e4\u00e4n lupaa aineiston arkistoimiseen tutkimusk\u00e4ytt\u00f6\u00e4 varten. Osallistujia pyydet\u00e4\u00e4n ilmoittautumaan s\u00e4hk\u00f6postitse (<a href=\"mailto:iida.raty@utu.fi\" target=\"_blank\" rel=\"noreferrer noopener\">iida.raty@utu.fi<\/a>) tai puhelimitse (029 4504031).&nbsp;&nbsp;<\/p>\n\n\n\n<p><strong>Kaikissa kysymyksiss\u00e4 voitte ottaa yhteytt\u00e4 hankkeen v\u00e4it\u00f6skirjatutkijaan:<\/strong>&nbsp;<\/p>\n\n\n\n<p>Iida R\u00e4ty&nbsp;<br>FM, folkloristiikan v\u00e4it\u00f6skirjatutkija&nbsp;<br>Syd\u00e4npuhe -hanke&nbsp;<br>Historian, kulttuurin ja taiteiden tutkimuksen laitos, Turun yliopisto&nbsp;<br><a href=\"mailto:iida.raty@utu.fi\" target=\"_blank\" rel=\"noreferrer noopener\">iida.raty@utu.fi<\/a>&nbsp;<br>puh. +358 29 4504031, gsm +358 50 475 9630&nbsp;<\/p>\n","protected":false},"excerpt":{"rendered":"<p>Ruoka syd\u00e4men l\u00e4hell\u00e4 &#8211; keskustelutilaisuus&nbsp;sepelvaltimotautia&nbsp;sairastaville&nbsp; Ruoka on mukanamme arjessa ja juhlassa, ilossa ja surussa. Lempiruoat, perinnereseptit, mieltymykset ja tottumukset heijastuvat suhteessamme ruokaan. Ruoka on keholle polttoainetta, mutta my\u00f6s t\u00e4rke\u00e4 osa tapakulttuuria, johon liittyy muistoja ja tunteita.&nbsp;&nbsp; Sepelvaltimotautiin sairastuminen tuottaa monelle tilanteen, jossa omaa ruokavaliota on tarkasteltava uudelleen. Moni joutuu luopumaan tutuista ruoista ja seuraamaan omaa [&hellip;]<\/p>\n","protected":false},"author":13913,"featured_media":124,"parent":0,"menu_order":0,"comment_status":"closed","ping_status":"closed","template":"","meta":{"_acf_changed":false,"_monsterinsights_skip_tracking":false,"_monsterinsights_sitenote_active":false,"_monsterinsights_sitenote_note":"","_monsterinsights_sitenote_category":0,"footnotes":""},"class_list":["post-211","page","type-page","status-publish","has-post-thumbnail","czr-hentry"],"acf":[],"yoast_head":"<!-- This site is optimized with the Yoast SEO plugin v27.0 - https:\/\/yoast.com\/product\/yoast-seo-wordpress\/ -->\n<title>Keskustelutilaisuudet - Syd\u00e4npuhe \u2013 Heart Talk<\/title>\n<meta name=\"description\" content=\"Syd\u00e4npuhe, Turun yliopisto. Ajankohtaiset tapahtumat ja keskustelutilaisuudet. Ruoka syd\u00e4men l\u00e4hell\u00e4 keskustelutilaisuus.\" \/>\n<meta name=\"robots\" content=\"index, follow, max-snippet:-1, max-image-preview:large, max-video-preview:-1\" \/>\n<link rel=\"canonical\" href=\"https:\/\/blogit.utu.fi\/sydanpuhe\/keskustelutilaisuudet\/\" \/>\n<meta property=\"og:locale\" content=\"fi_FI\" \/>\n<meta property=\"og:type\" content=\"article\" \/>\n<meta property=\"og:title\" content=\"Keskustelutilaisuudet - Syd\u00e4npuhe \u2013 Heart Talk\" \/>\n<meta property=\"og:description\" content=\"Syd\u00e4npuhe, Turun yliopisto. Ajankohtaiset tapahtumat ja keskustelutilaisuudet. Ruoka syd\u00e4men l\u00e4hell\u00e4 keskustelutilaisuus.\" \/>\n<meta property=\"og:url\" content=\"https:\/\/blogit.utu.fi\/sydanpuhe\/keskustelutilaisuudet\/\" \/>\n<meta property=\"og:site_name\" content=\"Syd\u00e4npuhe \u2013 Heart Talk\" \/>\n<meta property=\"article:modified_time\" content=\"2022-10-17T06:26:19+00:00\" \/>\n<meta property=\"og:image\" content=\"https:\/\/blogit.utu.fi\/sydanpuhe\/wp-content\/uploads\/sites\/669\/2022\/03\/flowers-g65a284727_1920.jpg\" \/>\n\t<meta property=\"og:image:width\" content=\"1920\" \/>\n\t<meta property=\"og:image:height\" content=\"1280\" \/>\n\t<meta property=\"og:image:type\" content=\"image\/jpeg\" \/>\n<meta name=\"twitter:card\" content=\"summary_large_image\" \/>\n<meta name=\"twitter:label1\" content=\"Arvioitu lukuaika\" \/>\n\t<meta name=\"twitter:data1\" content=\"2 minuuttia\" \/>\n<script type=\"application\/ld+json\" class=\"yoast-schema-graph\">{\"@context\":\"https:\/\/schema.org\",\"@graph\":[{\"@type\":\"WebPage\",\"@id\":\"https:\/\/blogit.utu.fi\/sydanpuhe\/keskustelutilaisuudet\/\",\"url\":\"https:\/\/blogit.utu.fi\/sydanpuhe\/keskustelutilaisuudet\/\",\"name\":\"Keskustelutilaisuudet - Syd\u00e4npuhe \u2013 Heart Talk\",\"isPartOf\":{\"@id\":\"https:\/\/blogit.utu.fi\/sydanpuhe\/#website\"},\"primaryImageOfPage\":{\"@id\":\"https:\/\/blogit.utu.fi\/sydanpuhe\/keskustelutilaisuudet\/#primaryimage\"},\"image\":{\"@id\":\"https:\/\/blogit.utu.fi\/sydanpuhe\/keskustelutilaisuudet\/#primaryimage\"},\"thumbnailUrl\":\"https:\/\/blogit.utu.fi\/sydanpuhe\/wp-content\/uploads\/sites\/669\/2022\/03\/flowers-g65a284727_1920.jpg\",\"datePublished\":\"2022-05-24T07:54:02+00:00\",\"dateModified\":\"2022-10-17T06:26:19+00:00\",\"description\":\"Syd\u00e4npuhe, Turun yliopisto. Ajankohtaiset tapahtumat ja keskustelutilaisuudet. Ruoka syd\u00e4men l\u00e4hell\u00e4 keskustelutilaisuus.\",\"breadcrumb\":{\"@id\":\"https:\/\/blogit.utu.fi\/sydanpuhe\/keskustelutilaisuudet\/#breadcrumb\"},\"inLanguage\":\"fi\",\"potentialAction\":[{\"@type\":\"ReadAction\",\"target\":[\"https:\/\/blogit.utu.fi\/sydanpuhe\/keskustelutilaisuudet\/\"]}]},{\"@type\":\"ImageObject\",\"inLanguage\":\"fi\",\"@id\":\"https:\/\/blogit.utu.fi\/sydanpuhe\/keskustelutilaisuudet\/#primaryimage\",\"url\":\"https:\/\/blogit.utu.fi\/sydanpuhe\/wp-content\/uploads\/sites\/669\/2022\/03\/flowers-g65a284727_1920.jpg\",\"contentUrl\":\"https:\/\/blogit.utu.fi\/sydanpuhe\/wp-content\/uploads\/sites\/669\/2022\/03\/flowers-g65a284727_1920.jpg\",\"width\":1920,\"height\":1280,\"caption\":\"sarkynytsydan\"},{\"@type\":\"BreadcrumbList\",\"@id\":\"https:\/\/blogit.utu.fi\/sydanpuhe\/keskustelutilaisuudet\/#breadcrumb\",\"itemListElement\":[{\"@type\":\"ListItem\",\"position\":1,\"name\":\"Etusivu\",\"item\":\"https:\/\/blogit.utu.fi\/sydanpuhe\/\"},{\"@type\":\"ListItem\",\"position\":2,\"name\":\"Keskustelutilaisuudet\"}]},{\"@type\":\"WebSite\",\"@id\":\"https:\/\/blogit.utu.fi\/sydanpuhe\/#website\",\"url\":\"https:\/\/blogit.utu.fi\/sydanpuhe\/\",\"name\":\"Syd\u00e4npuhe \u2013 Heart Talk\",\"description\":\"Turun yliopiston Syd\u00e4npuhe-hankkeen kotisivut\",\"publisher\":{\"@id\":\"https:\/\/blogit.utu.fi\/sydanpuhe\/#organization\"},\"potentialAction\":[{\"@type\":\"SearchAction\",\"target\":{\"@type\":\"EntryPoint\",\"urlTemplate\":\"https:\/\/blogit.utu.fi\/sydanpuhe\/?s={search_term_string}\"},\"query-input\":{\"@type\":\"PropertyValueSpecification\",\"valueRequired\":true,\"valueName\":\"search_term_string\"}}],\"inLanguage\":\"fi\"},{\"@type\":\"Organization\",\"@id\":\"https:\/\/blogit.utu.fi\/sydanpuhe\/#organization\",\"name\":\"Syd\u00e4npuhe \u2013 Heart Talk\",\"url\":\"https:\/\/blogit.utu.fi\/sydanpuhe\/\",\"logo\":{\"@type\":\"ImageObject\",\"inLanguage\":\"fi\",\"@id\":\"https:\/\/blogit.utu.fi\/sydanpuhe\/#\/schema\/logo\/image\/\",\"url\":\"https:\/\/blogit.utu.fi\/sydanpuhe\/wp-content\/uploads\/sites\/669\/2022\/03\/cropped-UTU_logo_FI_RGB.jpg\",\"contentUrl\":\"https:\/\/blogit.utu.fi\/sydanpuhe\/wp-content\/uploads\/sites\/669\/2022\/03\/cropped-UTU_logo_FI_RGB.jpg\",\"width\":1236,\"height\":494,\"caption\":\"Syd\u00e4npuhe \u2013 Heart Talk\"},\"image\":{\"@id\":\"https:\/\/blogit.utu.fi\/sydanpuhe\/#\/schema\/logo\/image\/\"}}]}<\/script>\n<!-- \/ Yoast SEO plugin. -->","yoast_head_json":{"title":"Keskustelutilaisuudet - Syd\u00e4npuhe \u2013 Heart Talk","description":"Syd\u00e4npuhe, Turun yliopisto. Ajankohtaiset tapahtumat ja keskustelutilaisuudet. Ruoka syd\u00e4men l\u00e4hell\u00e4 keskustelutilaisuus.","robots":{"index":"index","follow":"follow","max-snippet":"max-snippet:-1","max-image-preview":"max-image-preview:large","max-video-preview":"max-video-preview:-1"},"canonical":"https:\/\/blogit.utu.fi\/sydanpuhe\/keskustelutilaisuudet\/","og_locale":"fi_FI","og_type":"article","og_title":"Keskustelutilaisuudet - Syd\u00e4npuhe \u2013 Heart Talk","og_description":"Syd\u00e4npuhe, Turun yliopisto. Ajankohtaiset tapahtumat ja keskustelutilaisuudet. Ruoka syd\u00e4men l\u00e4hell\u00e4 keskustelutilaisuus.","og_url":"https:\/\/blogit.utu.fi\/sydanpuhe\/keskustelutilaisuudet\/","og_site_name":"Syd\u00e4npuhe \u2013 Heart Talk","article_modified_time":"2022-10-17T06:26:19+00:00","og_image":[{"width":1920,"height":1280,"url":"https:\/\/blogit.utu.fi\/sydanpuhe\/wp-content\/uploads\/sites\/669\/2022\/03\/flowers-g65a284727_1920.jpg","type":"image\/jpeg"}],"twitter_card":"summary_large_image","twitter_misc":{"Arvioitu lukuaika":"2 minuuttia"},"schema":{"@context":"https:\/\/schema.org","@graph":[{"@type":"WebPage","@id":"https:\/\/blogit.utu.fi\/sydanpuhe\/keskustelutilaisuudet\/","url":"https:\/\/blogit.utu.fi\/sydanpuhe\/keskustelutilaisuudet\/","name":"Keskustelutilaisuudet - Syd\u00e4npuhe \u2013 Heart Talk","isPartOf":{"@id":"https:\/\/blogit.utu.fi\/sydanpuhe\/#website"},"primaryImageOfPage":{"@id":"https:\/\/blogit.utu.fi\/sydanpuhe\/keskustelutilaisuudet\/#primaryimage"},"image":{"@id":"https:\/\/blogit.utu.fi\/sydanpuhe\/keskustelutilaisuudet\/#primaryimage"},"thumbnailUrl":"https:\/\/blogit.utu.fi\/sydanpuhe\/wp-content\/uploads\/sites\/669\/2022\/03\/flowers-g65a284727_1920.jpg","datePublished":"2022-05-24T07:54:02+00:00","dateModified":"2022-10-17T06:26:19+00:00","description":"Syd\u00e4npuhe, Turun yliopisto. Ajankohtaiset tapahtumat ja keskustelutilaisuudet. Ruoka syd\u00e4men l\u00e4hell\u00e4 keskustelutilaisuus.","breadcrumb":{"@id":"https:\/\/blogit.utu.fi\/sydanpuhe\/keskustelutilaisuudet\/#breadcrumb"},"inLanguage":"fi","potentialAction":[{"@type":"ReadAction","target":["https:\/\/blogit.utu.fi\/sydanpuhe\/keskustelutilaisuudet\/"]}]},{"@type":"ImageObject","inLanguage":"fi","@id":"https:\/\/blogit.utu.fi\/sydanpuhe\/keskustelutilaisuudet\/#primaryimage","url":"https:\/\/blogit.utu.fi\/sydanpuhe\/wp-content\/uploads\/sites\/669\/2022\/03\/flowers-g65a284727_1920.jpg","contentUrl":"https:\/\/blogit.utu.fi\/sydanpuhe\/wp-content\/uploads\/sites\/669\/2022\/03\/flowers-g65a284727_1920.jpg","width":1920,"height":1280,"caption":"sarkynytsydan"},{"@type":"BreadcrumbList","@id":"https:\/\/blogit.utu.fi\/sydanpuhe\/keskustelutilaisuudet\/#breadcrumb","itemListElement":[{"@type":"ListItem","position":1,"name":"Etusivu","item":"https:\/\/blogit.utu.fi\/sydanpuhe\/"},{"@type":"ListItem","position":2,"name":"Keskustelutilaisuudet"}]},{"@type":"WebSite","@id":"https:\/\/blogit.utu.fi\/sydanpuhe\/#website","url":"https:\/\/blogit.utu.fi\/sydanpuhe\/","name":"Syd\u00e4npuhe \u2013 Heart Talk","description":"Turun yliopiston Syd\u00e4npuhe-hankkeen kotisivut","publisher":{"@id":"https:\/\/blogit.utu.fi\/sydanpuhe\/#organization"},"potentialAction":[{"@type":"SearchAction","target":{"@type":"EntryPoint","urlTemplate":"https:\/\/blogit.utu.fi\/sydanpuhe\/?s={search_term_string}"},"query-input":{"@type":"PropertyValueSpecification","valueRequired":true,"valueName":"search_term_string"}}],"inLanguage":"fi"},{"@type":"Organization","@id":"https:\/\/blogit.utu.fi\/sydanpuhe\/#organization","name":"Syd\u00e4npuhe \u2013 Heart Talk","url":"https:\/\/blogit.utu.fi\/sydanpuhe\/","logo":{"@type":"ImageObject","inLanguage":"fi","@id":"https:\/\/blogit.utu.fi\/sydanpuhe\/#\/schema\/logo\/image\/","url":"https:\/\/blogit.utu.fi\/sydanpuhe\/wp-content\/uploads\/sites\/669\/2022\/03\/cropped-UTU_logo_FI_RGB.jpg","contentUrl":"https:\/\/blogit.utu.fi\/sydanpuhe\/wp-content\/uploads\/sites\/669\/2022\/03\/cropped-UTU_logo_FI_RGB.jpg","width":1236,"height":494,"caption":"Syd\u00e4npuhe \u2013 Heart Talk"},"image":{"@id":"https:\/\/blogit.utu.fi\/sydanpuhe\/#\/schema\/logo\/image\/"}}]}},"_links":{"self":[{"href":"https:\/\/blogit.utu.fi\/sydanpuhe\/wp-json\/wp\/v2\/pages\/211","targetHints":{"allow":["GET"]}}],"collection":[{"href":"https:\/\/blogit.utu.fi\/sydanpuhe\/wp-json\/wp\/v2\/pages"}],"about":[{"href":"https:\/\/blogit.utu.fi\/sydanpuhe\/wp-json\/wp\/v2\/types\/page"}],"author":[{"embeddable":true,"href":"https:\/\/blogit.utu.fi\/sydanpuhe\/wp-json\/wp\/v2\/users\/13913"}],"replies":[{"embeddable":true,"href":"https:\/\/blogit.utu.fi\/sydanpuhe\/wp-json\/wp\/v2\/comments?post=211"}],"version-history":[{"count":6,"href":"https:\/\/blogit.utu.fi\/sydanpuhe\/wp-json\/wp\/v2\/pages\/211\/revisions"}],"predecessor-version":[{"id":233,"href":"https:\/\/blogit.utu.fi\/sydanpuhe\/wp-json\/wp\/v2\/pages\/211\/revisions\/233"}],"wp:featuredmedia":[{"embeddable":true,"href":"https:\/\/blogit.utu.fi\/sydanpuhe\/wp-json\/wp\/v2\/media\/124"}],"wp:attachment":[{"href":"https:\/\/blogit.utu.fi\/sydanpuhe\/wp-json\/wp\/v2\/media?parent=211"}],"curies":[{"name":"wp","href":"https:\/\/api.w.org\/{rel}","templated":true}]}}