{"id":101,"date":"2022-01-13T15:04:23","date_gmt":"2022-01-13T15:04:23","guid":{"rendered":"https:\/\/blogit.utu.fi\/taruntestiblogi\/?page_id=101"},"modified":"2022-01-13T15:04:24","modified_gmt":"2022-01-13T15:04:24","slug":"info","status":"publish","type":"page","link":"https:\/\/blogit.utu.fi\/taruntestiblogi\/info\/","title":{"rendered":"Info"},"content":{"rendered":"\n<p>T\u00e4m\u00e4 blogi on yhteis\u00f6viestinn\u00e4n kurssin portfolioharjoituksia varten. <\/p>\n","protected":false},"excerpt":{"rendered":"<p>T\u00e4m\u00e4 blogi on yhteis\u00f6viestinn\u00e4n kurssin portfolioharjoituksia varten.<\/p>\n","protected":false},"author":20706,"featured_media":0,"parent":0,"menu_order":0,"comment_status":"closed","ping_status":"closed","template":"","meta":{"footnotes":""},"class_list":["post-101","page","type-page","status-publish","hentry","post-preview"],"_links":{"self":[{"href":"https:\/\/blogit.utu.fi\/taruntestiblogi\/wp-json\/wp\/v2\/pages\/101","targetHints":{"allow":["GET"]}}],"collection":[{"href":"https:\/\/blogit.utu.fi\/taruntestiblogi\/wp-json\/wp\/v2\/pages"}],"about":[{"href":"https:\/\/blogit.utu.fi\/taruntestiblogi\/wp-json\/wp\/v2\/types\/page"}],"author":[{"embeddable":true,"href":"https:\/\/blogit.utu.fi\/taruntestiblogi\/wp-json\/wp\/v2\/users\/20706"}],"replies":[{"embeddable":true,"href":"https:\/\/blogit.utu.fi\/taruntestiblogi\/wp-json\/wp\/v2\/comments?post=101"}],"version-history":[{"count":1,"href":"https:\/\/blogit.utu.fi\/taruntestiblogi\/wp-json\/wp\/v2\/pages\/101\/revisions"}],"predecessor-version":[{"id":102,"href":"https:\/\/blogit.utu.fi\/taruntestiblogi\/wp-json\/wp\/v2\/pages\/101\/revisions\/102"}],"wp:attachment":[{"href":"https:\/\/blogit.utu.fi\/taruntestiblogi\/wp-json\/wp\/v2\/media?parent=101"}],"curies":[{"name":"wp","href":"https:\/\/api.w.org\/{rel}","templated":true}]}}