{"id":99,"date":"2024-05-15T14:42:07","date_gmt":"2024-05-15T11:42:07","guid":{"rendered":"https:\/\/blogit.utu.fi\/titaraturku2024\/?page_id=99"},"modified":"2024-10-01T22:11:45","modified_gmt":"2024-10-01T19:11:45","slug":"lunch","status":"publish","type":"page","link":"https:\/\/blogit.utu.fi\/titaraturku2024\/lunch\/","title":{"rendered":"Lunch"},"content":{"rendered":"\n<p>The lunches during the symposium will be at one\u2019s own expense and attendees are free to choose their respective lunch spots. Here are some suggestions of nearby options:<\/p>\n\n\n\n<p><strong><a href=\"https:\/\/www.unica.fi\/en\/\" data-type=\"link\" data-id=\"https:\/\/www.unica.fi\/en\/\">Unica restaurants<\/a><\/strong><br>Unica runs the university cafeterias. The closest ones to the venue are Macciavelli (in Educarium), Assarin Ullakko (Rehtorinpellonkatu 4 A), Monttu ja Mercatori (School of Economics, Rehtorinpellonkatu 3), and Galilei (in Agora, Vesilinnantie 3). Doctoral researchers may be entitled to a discount with a valid doctoral student ID.<\/p>\n\n\n\n<p><a href=\"https:\/\/www.ravintolakuori.fi\/menu\" data-type=\"link\" data-id=\"https:\/\/www.ravintolakuori.fi\/menu\"><strong>Kuori<\/strong><\/a> (H\u00e4meenkatu 8)<br>Exclusively vegetarian menu, vegan options available. A falafel bar, an all-you-can-eat buffet, and salad bowls. <strong>Note<\/strong> that attendees get a discount of -1e from the lunch.<\/p>\n\n\n\n<p><a href=\"https:\/\/www.lillaneapolitan.fi\/\" data-type=\"link\" data-id=\"https:\/\/www.lillaneapolitan.fi\/\"><strong>LillaNeapolitan<\/strong><\/a> (Piispankatu 14)<br>Italian cuisine. Vegetarian options available. <strong>Note<\/strong> that attendees can get lunch for 12,80e, including a salad, pizza, desert and coffee OR -15% from the items on the menu.<\/p>\n\n\n\n<p><strong>VG Wok H\u00e4meenkatu<\/strong><em> <\/em>(H\u00e4meenkatu 1)<br>Vegetarian Vietnamese and Thai cuisine.<\/p>\n\n\n\n<p><strong><a href=\"https:\/\/aurinkoinen.fi\/kahvilat\/turku-hameenkatu\/?gad_source=1&amp;gclid=CjwKCAjwupGyBhBBEiwA0UcqaJeIvxmxDw3vTcKcJAST0qF_U1IUZO3KwRwez3uRA1QPDZnFwY2S4RoCQiAQAvD_BwE\" data-type=\"link\" data-id=\"https:\/\/aurinkoinen.fi\/kahvilat\/turku-hameenkatu\/?gad_source=1&amp;gclid=CjwKCAjwupGyBhBBEiwA0UcqaJeIvxmxDw3vTcKcJAST0qF_U1IUZO3KwRwez3uRA1QPDZnFwY2S4RoCQiAQAvD_BwE\">Naantalin Aurinkoinen<\/a><\/strong> (H\u00e4meenkatu 3)<br>A soup lunch, sandwiches and other treats.<\/p>\n\n\n\n<p><strong>Kembuz Caf\u00e9 <\/strong>(H\u00e4meenkatu 3B)<br>Salads, soups, and sweet treats. Plenty of gluten free and vegan options.<\/p>\n\n\n\n<p><strong><a href=\"https:\/\/www.delhidarbar.fi\/en\/\" data-type=\"link\" data-id=\"https:\/\/www.delhidarbar.fi\/en\/\">Delhi Darbar<\/a><\/strong><em><strong> <\/strong><\/em>(H\u00e4meenkatu 8)<br>Indian cuisine. Vegetarian and gluten free options available.<\/p>\n\n\n\n<p><a href=\"http:\/\/afroditetaverna.fi\/\" data-type=\"link\" data-id=\"http:\/\/afroditetaverna.fi\/\"><strong>Afrodite<\/strong><\/a> (H\u00e4meenkatu 9)<br>Greek cuisine. Some vegetarian options available.<\/p>\n\n\n\n<p><a href=\"https:\/\/trattoriaromana.fi\/\" data-type=\"link\" data-id=\"https:\/\/trattoriaromana.fi\/\"><strong>Trattoria Romana<\/strong><\/a> (H\u00e4meenkatu 9)<br>Italian cuisine. Some vegetarian and vegan options available. Gluten free pizzas available for an extra fee.<\/p>\n\n\n\n<p><strong><a href=\"https:\/\/yangtze.fi\/?gclid=CjwKCAjwupGyBhBBEiwA0UcqaNXpzxYNTT3sOLj7BqWNRlEzkBFHJnbKcWo7C2vDeOlKjho4A23DHRoCCqwQAvD_BwE\" data-type=\"link\" data-id=\"https:\/\/yangtze.fi\/?gclid=CjwKCAjwupGyBhBBEiwA0UcqaNXpzxYNTT3sOLj7BqWNRlEzkBFHJnbKcWo7C2vDeOlKjho4A23DHRoCCqwQAvD_BwE\">Yangtze<\/a><\/strong> (H\u00e4meenkatu 9)<br>Chinese buffet lunch.<\/p>\n\n\n\n<p><strong><a href=\"https:\/\/zhonghua.fi\/\" data-type=\"link\" data-id=\"https:\/\/zhonghua.fi\/\">Zhong Hua<\/a><\/strong> (H\u00e4meenkatu 10)<br>Thai and Chinese buffet lunch.<\/p>\n\n\n\n<p><strong><a href=\"https:\/\/www.pawonlawu.com\/en-gb\" data-type=\"link\" data-id=\"https:\/\/www.pawonlawu.com\/en-gb\">Pawon Lawu<\/a><\/strong><em> <\/em>(Kiinanmyllynkatu 5a)<br>Indonesian cuisine. Vegan options available.<\/p>\n\n\n\n<p>There are also two smaller grocery stores nearby: Sale H\u00e4meenkatu (H\u00e4meenkatu 6) and K-Market Puhakka (H\u00e4meenkatu 5).<\/p>\n","protected":false},"excerpt":{"rendered":"<p>The lunches during the symposium will be at one\u2019s own expense and attendees are free to choose their respective lunch spots. Here are some suggestions of nearby options: Unica restaurantsUnica runs the university cafeterias. The closest ones to the venue are Macciavelli (in Educarium), Assarin Ullakko (Rehtorinpellonkatu 4 A), Monttu ja Mercatori (School of Economics, [&hellip;]<\/p>\n","protected":false},"author":249,"featured_media":0,"parent":0,"menu_order":0,"comment_status":"closed","ping_status":"closed","template":"","meta":{"footnotes":""},"class_list":["post-99","page","type-page","status-publish","hentry","post-preview"],"_links":{"self":[{"href":"https:\/\/blogit.utu.fi\/titaraturku2024\/wp-json\/wp\/v2\/pages\/99","targetHints":{"allow":["GET"]}}],"collection":[{"href":"https:\/\/blogit.utu.fi\/titaraturku2024\/wp-json\/wp\/v2\/pages"}],"about":[{"href":"https:\/\/blogit.utu.fi\/titaraturku2024\/wp-json\/wp\/v2\/types\/page"}],"author":[{"embeddable":true,"href":"https:\/\/blogit.utu.fi\/titaraturku2024\/wp-json\/wp\/v2\/users\/249"}],"replies":[{"embeddable":true,"href":"https:\/\/blogit.utu.fi\/titaraturku2024\/wp-json\/wp\/v2\/comments?post=99"}],"version-history":[{"count":7,"href":"https:\/\/blogit.utu.fi\/titaraturku2024\/wp-json\/wp\/v2\/pages\/99\/revisions"}],"predecessor-version":[{"id":194,"href":"https:\/\/blogit.utu.fi\/titaraturku2024\/wp-json\/wp\/v2\/pages\/99\/revisions\/194"}],"wp:attachment":[{"href":"https:\/\/blogit.utu.fi\/titaraturku2024\/wp-json\/wp\/v2\/media?parent=99"}],"curies":[{"name":"wp","href":"https:\/\/api.w.org\/{rel}","templated":true}]}}