{"id":102,"date":"2021-03-29T13:36:38","date_gmt":"2021-03-29T13:36:38","guid":{"rendered":"https:\/\/blogit.utu.fi\/tkyt\/?page_id=102"},"modified":"2025-04-09T12:10:56","modified_gmt":"2025-04-09T12:10:56","slug":"yhdistyksen-hallitus","status":"publish","type":"page","link":"https:\/\/blogit.utu.fi\/tkyt\/yhdistyksen-hallitus\/","title":{"rendered":"Yhdistyksen hallitus"},"content":{"rendered":"\n<p>Yhdistyksen hallituksen muodostaa kuusi kolmeksi vuodeksi valittua j\u00e4sent\u00e4, jotka valitaan vuosikokouksessa. Varaj\u00e4seni\u00e4 on kolme.<\/p>\n\n\n\n<p>Hallitus toimikaudella 2024\u20132026<\/p>\n\n\n\n<p>Turun yliopiston edustajat:<br>Pekka R\u00e4s\u00e4nen<br>Heikki Ervasti<\/p>\n\n\n\n<p>\u00c5bo Akademin edustajat:<br>Mika Helander (pj)<br>Edvard Johansson<br>Mikko Lagerspetz (varalla)<\/p>\n\n\n\n<p>Muut hallituksen j\u00e4senet:<br>Ari Korhonen<br>Hanna Mattila<br>Timo Toivonen (varalla)<\/p>\n\n\n\n<p>Yhdistyksen sihteeri: J\u00fcrgen Ross<\/p>\n","protected":false},"excerpt":{"rendered":"<p>Yhdistyksen hallituksen muodostaa kuusi kolmeksi vuodeksi valittua j\u00e4sent\u00e4, jotka valitaan vuosikokouksessa. Varaj\u00e4seni\u00e4 on kolme. Hallitus toimikaudella 2024\u20132026 Turun yliopiston edustajat:Pekka R\u00e4s\u00e4nenHeikki Ervasti \u00c5bo Akademin edustajat:Mika Helander (pj)Edvard JohanssonMikko Lagerspetz (varalla) Muut hallituksen j\u00e4senet:Ari KorhonenHanna MattilaTimo Toivonen (varalla) Yhdistyksen sihteeri: J\u00fcrgen [&hellip;]<\/p>\n","protected":false},"author":5421,"featured_media":0,"parent":0,"menu_order":0,"comment_status":"closed","ping_status":"closed","template":"","meta":{"footnotes":""},"class_list":["post-102","page","type-page","status-publish","hentry"],"_links":{"self":[{"href":"https:\/\/blogit.utu.fi\/tkyt\/wp-json\/wp\/v2\/pages\/102","targetHints":{"allow":["GET"]}}],"collection":[{"href":"https:\/\/blogit.utu.fi\/tkyt\/wp-json\/wp\/v2\/pages"}],"about":[{"href":"https:\/\/blogit.utu.fi\/tkyt\/wp-json\/wp\/v2\/types\/page"}],"author":[{"embeddable":true,"href":"https:\/\/blogit.utu.fi\/tkyt\/wp-json\/wp\/v2\/users\/5421"}],"replies":[{"embeddable":true,"href":"https:\/\/blogit.utu.fi\/tkyt\/wp-json\/wp\/v2\/comments?post=102"}],"version-history":[{"count":8,"href":"https:\/\/blogit.utu.fi\/tkyt\/wp-json\/wp\/v2\/pages\/102\/revisions"}],"predecessor-version":[{"id":434,"href":"https:\/\/blogit.utu.fi\/tkyt\/wp-json\/wp\/v2\/pages\/102\/revisions\/434"}],"wp:attachment":[{"href":"https:\/\/blogit.utu.fi\/tkyt\/wp-json\/wp\/v2\/media?parent=102"}],"curies":[{"name":"wp","href":"https:\/\/api.w.org\/{rel}","templated":true}]}}