{"id":114,"date":"2021-03-29T13:37:51","date_gmt":"2021-03-29T13:37:51","guid":{"rendered":"https:\/\/blogit.utu.fi\/tkyt\/?page_id=114"},"modified":"2025-05-15T08:56:03","modified_gmt":"2025-05-15T08:56:03","slug":"liity-jaseneksi","status":"publish","type":"page","link":"https:\/\/blogit.utu.fi\/tkyt\/liity-jaseneksi\/","title":{"rendered":"Liity j\u00e4seneksi"},"content":{"rendered":"\n<p>Voit liitty\u00e4 yhdistyksen kannattajaj\u00e4seneksi t\u00e4ytt\u00e4m\u00e4ll\u00e4 ja l\u00e4hett\u00e4m\u00e4ll\u00e4 alla olevan lomakkeen. Kannattajaj\u00e4senen vuosimaksu on yksityishenkil\u00f6lt\u00e4 20\u20ac&nbsp; ja juridiselta j\u00e4senelt\u00e4 110 \u20ac.<\/p>\n\n\n\n<p>J\u00e4senet saavat yhdistyksen julkaiseman Finnish Journal of Social Research -lehden postitettuna kotiin. <\/p>\n\n\n\n<p>Lis\u00e4tiedot: Mika Helander, mika.helander@abo.fi<\/p>\n\n\n\n<div class=\"wp-block-contact-form-7-contact-form-selector\">\n<div class=\"wpcf7 no-js\" id=\"wpcf7-f135-o1\" lang=\"fi\" dir=\"ltr\" data-wpcf7-id=\"135\">\n<div class=\"screen-reader-response\"><p role=\"status\" aria-live=\"polite\" aria-atomic=\"true\"><\/p> <ul><\/ul><\/div>\n<form action=\"\/tkyt\/wp-json\/wp\/v2\/pages\/114#wpcf7-f135-o1\" method=\"post\" class=\"wpcf7-form init\" aria-label=\"Yhteydenottolomake\" novalidate=\"novalidate\" data-status=\"init\">\n<fieldset class=\"hidden-fields-container\"><input type=\"hidden\" name=\"_wpcf7\" value=\"135\" \/><input type=\"hidden\" name=\"_wpcf7_version\" value=\"6.1.5\" \/><input type=\"hidden\" name=\"_wpcf7_locale\" value=\"fi\" \/><input type=\"hidden\" name=\"_wpcf7_unit_tag\" value=\"wpcf7-f135-o1\" \/><input type=\"hidden\" name=\"_wpcf7_container_post\" value=\"0\" \/><input type=\"hidden\" name=\"_wpcf7_posted_data_hash\" value=\"\" \/>\n<\/fieldset>\n<p><label> Nimi<br \/>\n<span class=\"wpcf7-form-control-wrap\" data-name=\"your-name\"><input size=\"40\" maxlength=\"400\" class=\"wpcf7-form-control wpcf7-text wpcf7-validates-as-required\" aria-required=\"true\" aria-invalid=\"false\" value=\"\" type=\"text\" name=\"your-name\" \/><\/span> <\/label>\n<\/p>\n<p><label> S\u00e4hk\u00f6posti<br \/>\n<span class=\"wpcf7-form-control-wrap\" data-name=\"your-email\"><input size=\"40\" maxlength=\"400\" class=\"wpcf7-form-control wpcf7-email wpcf7-validates-as-required wpcf7-text wpcf7-validates-as-email\" aria-required=\"true\" aria-invalid=\"false\" value=\"\" type=\"email\" name=\"your-email\" \/><\/span> <\/label>\n<\/p>\n<p><label> Aihe<br \/>\n<span class=\"wpcf7-form-control-wrap\" data-name=\"your-subject\"><input size=\"40\" maxlength=\"400\" class=\"wpcf7-form-control wpcf7-text wpcf7-validates-as-required\" aria-required=\"true\" aria-invalid=\"false\" value=\"J\u00e4seneksi liittyminen\" type=\"text\" name=\"your-subject\" \/><\/span> <\/label>\n<\/p>\n<p>J\u00e4senyys<br \/>\n<span class=\"wpcf7-form-control-wrap\" data-name=\"radio-97\"><span class=\"wpcf7-form-control wpcf7-radio\"><span class=\"wpcf7-list-item first\"><label><input type=\"radio\" name=\"radio-97\" value=\"yksityishenkil\u00f6\" checked=\"checked\" \/><span class=\"wpcf7-list-item-label\">yksityishenkil\u00f6<\/span><\/label><\/span><span class=\"wpcf7-list-item last\"><label><input type=\"radio\" name=\"radio-97\" value=\"juridinen j\u00e4sen\" \/><span class=\"wpcf7-list-item-label\">juridinen j\u00e4sen<\/span><\/label><\/span><\/span><\/span>\n<\/p>\n<p><label> Osoitetiedot<br \/>\n<span class=\"wpcf7-form-control-wrap\" data-name=\"your-message\"><textarea cols=\"40\" rows=\"10\" maxlength=\"2000\" class=\"wpcf7-form-control wpcf7-textarea wpcf7-validates-as-required\" aria-required=\"true\" aria-invalid=\"false\" name=\"your-message\"><\/textarea><\/span> <\/label>\n<\/p>\n<p><input class=\"wpcf7-form-control wpcf7-submit has-spinner\" type=\"submit\" value=\"L\u00e4het\u00e4\" \/>\n<\/p><div class=\"wpcf7-response-output\" aria-hidden=\"true\"><\/div>\n<\/form>\n<\/div>\n<\/div>\n","protected":false},"excerpt":{"rendered":"<p>Voit liitty\u00e4 yhdistyksen kannattajaj\u00e4seneksi t\u00e4ytt\u00e4m\u00e4ll\u00e4 ja l\u00e4hett\u00e4m\u00e4ll\u00e4 alla olevan lomakkeen. Kannattajaj\u00e4senen vuosimaksu on yksityishenkil\u00f6lt\u00e4 20\u20ac&nbsp; ja juridiselta j\u00e4senelt\u00e4 110 \u20ac. J\u00e4senet saavat yhdistyksen julkaiseman Finnish Journal of Social Research -lehden postitettuna kotiin. Lis\u00e4tiedot: Mika Helander, mika.helander@abo.fi<\/p>\n","protected":false},"author":5421,"featured_media":0,"parent":0,"menu_order":0,"comment_status":"closed","ping_status":"closed","template":"","meta":{"footnotes":""},"class_list":["post-114","page","type-page","status-publish","hentry"],"_links":{"self":[{"href":"https:\/\/blogit.utu.fi\/tkyt\/wp-json\/wp\/v2\/pages\/114","targetHints":{"allow":["GET"]}}],"collection":[{"href":"https:\/\/blogit.utu.fi\/tkyt\/wp-json\/wp\/v2\/pages"}],"about":[{"href":"https:\/\/blogit.utu.fi\/tkyt\/wp-json\/wp\/v2\/types\/page"}],"author":[{"embeddable":true,"href":"https:\/\/blogit.utu.fi\/tkyt\/wp-json\/wp\/v2\/users\/5421"}],"replies":[{"embeddable":true,"href":"https:\/\/blogit.utu.fi\/tkyt\/wp-json\/wp\/v2\/comments?post=114"}],"version-history":[{"count":3,"href":"https:\/\/blogit.utu.fi\/tkyt\/wp-json\/wp\/v2\/pages\/114\/revisions"}],"predecessor-version":[{"id":440,"href":"https:\/\/blogit.utu.fi\/tkyt\/wp-json\/wp\/v2\/pages\/114\/revisions\/440"}],"wp:attachment":[{"href":"https:\/\/blogit.utu.fi\/tkyt\/wp-json\/wp\/v2\/media?parent=114"}],"curies":[{"name":"wp","href":"https:\/\/api.w.org\/{rel}","templated":true}]}}