{"id":183,"date":"2021-03-29T13:57:35","date_gmt":"2021-03-29T13:57:35","guid":{"rendered":"https:\/\/blogit.utu.fi\/tkyt\/?page_id=183"},"modified":"2025-10-01T12:38:27","modified_gmt":"2025-10-01T12:38:27","slug":"tkyt","status":"publish","type":"page","link":"https:\/\/blogit.utu.fi\/tkyt\/","title":{"rendered":"Uutiset"},"content":{"rendered":"\n<p>24.9.2025<\/p>\n\n\n\n<figure class=\"wp-block-image size-large\"><img loading=\"lazy\" decoding=\"async\" width=\"819\" height=\"1024\" src=\"https:\/\/blogit.utu.fi\/tkyt\/wp-content\/uploads\/sites\/606\/2025\/09\/Fairbrother2025-819x1024.png\" alt=\"\" class=\"wp-image-455\" srcset=\"https:\/\/blogit.utu.fi\/tkyt\/wp-content\/uploads\/sites\/606\/2025\/09\/Fairbrother2025-819x1024.png 819w, https:\/\/blogit.utu.fi\/tkyt\/wp-content\/uploads\/sites\/606\/2025\/09\/Fairbrother2025-240x300.png 240w, https:\/\/blogit.utu.fi\/tkyt\/wp-content\/uploads\/sites\/606\/2025\/09\/Fairbrother2025-768x960.png 768w, https:\/\/blogit.utu.fi\/tkyt\/wp-content\/uploads\/sites\/606\/2025\/09\/Fairbrother2025-260x325.png 260w, https:\/\/blogit.utu.fi\/tkyt\/wp-content\/uploads\/sites\/606\/2025\/09\/Fairbrother2025.png 1080w\" sizes=\"auto, (max-width: 819px) 100vw, 819px\" \/><\/figure>\n\n\n\n<h3 class=\"wp-block-heading\">Vuoden 2025 Mauno Koivisto -luennon pit\u00e4\u00e4 professori Malcolm Fairbrother Uppsalan yliopistosta otsikolla &#8221;Explaining Environmental Successes and Failures&#8221;. Luento on Turun yliopiston Mauno Koivisto salissa tiistaina 7. lokakuuta klo 14:00. Luento on englannin kielell\u00e4 ja tarjotaan my\u00f6s striimin\u00e4: <a href=\"https:\/\/aboakademi.zoom.us\/j\/69781209016\"> https:\/\/aboakademi.zoom.us\/j\/69781209016<\/a>. Tervetuloa! <br><br>\u00c5rets Mauno Koivisto f\u00f6rel\u00e4sning h\u00e5lls av professor Malcolm Fairbrother fr\u00e5n Uppsala universitet med rubriken &#8221;Explaining Environmental Successes and Failures&#8221;. F\u00f6rel\u00e4sningen \u00e4ger rum i \u00c5bo Universitetets Mauno Koivisto sal tisdagen 7. oktober kl. 14:00. F\u00f6rel\u00e4sningen \u00e4r p\u00e5 engelska och streamas ocks\u00e5: <a href=\"https:\/\/aboakademi.zoom.us\/j\/69781209016\"> https:\/\/aboakademi.zoom.us\/j\/69781209016<\/a>. V\u00e4lkommen!<br><br>This year the Mauno Koivisto lecture is given by professor Malcolm Fairbrother with the title &#8221;Explaining Environmental Successes and Failures&#8221;. The lecture takes place in Turun yliopisto&#8217;s Mauno Koivisto lecture hall on Tuesday October 7<sup>th<\/sup> 2 pm. The lecture is in English and is also available as a stream: <a href=\"https:\/\/aboakademi.zoom.us\/j\/69781209016\"> https:\/\/aboakademi.zoom.us\/j\/69781209016<\/a>. Welcome!<br><br>Abstract:<br><\/h3>\n\n\n\n<figure class=\"wp-block-image size-full\"><img loading=\"lazy\" decoding=\"async\" width=\"174\" height=\"180\" src=\"https:\/\/blogit.utu.fi\/tkyt\/wp-content\/uploads\/sites\/606\/2025\/09\/image.png\" alt=\"\" class=\"wp-image-445\" \/><figcaption class=\"wp-element-caption\">Professor Malcolm Fairbrother<br>Uppsala universitet<\/figcaption><\/figure>\n\n\n\n<p>Why has the world performed so poorly in reducing greenhouse gas emissions and limiting climate change? Humanity has performed far better in addressing other environmental challenges: protecting the ozone layer, mitigating acid rain, improving air quality, and reducing people&#8217;s exposure to dioxins and lead. In this talk I will consider different environmental outcomes in comparative perspective, and conditions leading to better versus worse outcomes. I will argue, contrary to other perspectives, that there have been two key differences between climate change and more successfully mitigated problems. First, polluting industries have resisted regulation more strongly in the case of climate change, with exceptional political efforts to deny and delay in turn due to the uniquely unconvertible character of key industrial assets. Second, in the success cases, ordinary people were asked to make little or no material sacrifice, whereas in the case of climate change there is more of a price to be paid&#8211;and most people appear unwilling to pay a price, even though it is modest, because of their distrust. I will conclude by elaborating implications for how we should seek to resolve the climate crisis.<\/p>\n\n\n\n<p><\/p>\n\n\n\n<p><\/p>\n\n\n\n<p><\/p>\n\n\n\n<p>9.1.2025 <\/p>\n\n\n\n<p><strong>Vuoden 2024 Mauno Koivisto -luennon tallenne:<\/strong><\/p>\n\n\n\n<p>Kriminologian professori <strong>Janne Kivivuori<\/strong> (Helsingin yliopisto): <em>Mit\u00e4 on historiallinen kriminologia? Esimerkkin\u00e4 pohjoismainen pitk\u00e4n keston henkirikostutkimus<\/em><\/p>\n\n\n\n<figure class=\"wp-block-embed is-type-video is-provider-youtube wp-block-embed-youtube wp-embed-aspect-16-9 wp-has-aspect-ratio\"><div class=\"wp-block-embed__wrapper\">\n<iframe loading=\"lazy\" title=\"Mit\u00e4 on historiallinen kriminologia? Esimerkkin\u00e4 pohjoismainen pitk\u00e4n keston henkirikostutkimus\" width=\"630\" height=\"354\" src=\"https:\/\/www.youtube.com\/embed\/tUXUT7RcGzw?feature=oembed\" frameborder=\"0\" allow=\"accelerometer; autoplay; clipboard-write; encrypted-media; gyroscope; picture-in-picture; web-share\" referrerpolicy=\"strict-origin-when-cross-origin\" allowfullscreen><\/iframe>\n<\/div><\/figure>\n\n\n\n<p><\/p>\n\n\n\n<p><strong>14.11.2024<\/strong><\/p>\n\n\n\n<p><strong>Mauno Koivisto -luennolla professori Janne Kivivuori tutustuttaa kuulijat historialliseen kriminologiaan<\/strong><\/p>\n\n\n\n<p>Tervetuloa vuoden 2024 Mauno Koivisto -luennolle, jossa kriminologian professori Janne Kivivuori&nbsp;(Helsingin yliopisto) tarkastelee historialliseksi kriminologiaksi kutsuttua suuntausta. Luento pohjautuu <em>Nordic Homicide in Deep Time<\/em> -tutkimushankkeeseen, jossa vertailtin pohjoismaisen henkirikollisuuden piirteit\u00e4 1600-luvulla ja nyky\u00e4\u00e4n.<\/p>\n\n\n\n<p>Luentoa voi kuunnella sek\u00e4 paikan p\u00e4\u00e4ll\u00e4 Turun yliopiston Pub3-salissa ett\u00e4 et\u00e4yhteyksin.&nbsp; Luento on avoin kaikille kiinnostuneille. L\u00e4mpim\u00e4sti tervetuloa kuuntelemaan ja keskustelemaan!&nbsp;&nbsp;<\/p>\n\n\n\n<p><strong>Mauno Koivisto -luento: <\/strong>\u201dMit\u00e4 on historiallinen kriminologia? Esimerkkin\u00e4 pohjoismainen pitk\u00e4n keston henkirikostutkimus\u201d, kriminologian professori <strong>Janne Kivivuori<\/strong>.&nbsp;&nbsp;<\/p>\n\n\n\n<p><strong>Aika: <\/strong>Keskiviikkona 11.12.2024 kello 14:00 \u2013 15:30.<br><strong>Paikka:<\/strong> Pub 3 -luentosali, Publicum 1. krs, Assistentinkatu 7 20500 Turkutai Zoom-verkkoluento: <a href=\"https:\/\/ty.fi\/mk2024\">https:\/\/ty.fi\/mk2024<\/a><\/p>\n\n\n\n<p>Alla on luennon abstrakti sek\u00e4 Janne Kivivuoren esittely.<\/p>\n\n\n\n<p><a><strong>Mit\u00e4 on historiallinen kriminologia? Esimerkkin\u00e4 pohjoismainen pitk\u00e4n keston henkirikostutkimus<\/strong><\/a><\/p>\n\n\n\n<p>Kriminologia on tieteenala, joka tutkii empiirisesti rikollisuutta ja siihen kohdistuvia reaktioita. Viime vuosina sen piiriss\u00e4 on vahvistunut historialliseksi kriminologiaksi kutsuttu suuntaus. Tarkastelen luennossani t\u00e4t\u00e4 nousua ja havainnollistan sit\u00e4 tutkimusesimerkin kautta. Esimerkkin\u00e4 on Nordic Homicide in Deep Time -tutkimushanke, jossa vertailtin pohjoismaisen henkirikollisuuden piirteit\u00e4 1600-luvulla ja nyky\u00e4\u00e4n. Hankkeessa kehitettiin metodi, joka mahdollistaa v\u00e4kivallan vertailun pitk\u00e4ll\u00e4 vertailujaksolla (Historical Homicide Monitor). Sis\u00e4ll\u00f6llisesti tavoitteena oli kuvata eritellysti v\u00e4kivallan pitk\u00e4n keston muutosta sek\u00e4 paikallistaa lyhytkestoisia henkirikospiikkej\u00e4. Esityksen lopuksi pohdin, onko historiallisella kriminologialla sanottavaa rikollisuuden ehk\u00e4isylle nykyhetkess\u00e4.<\/p>\n\n\n\n<p>Ks. my\u00f6s <a href=\"https:\/\/blogs.helsinki.fi\/historicalhomicidemonitor\/\">https:\/\/blogs.helsinki.fi\/historicalhomicidemonitor\/<\/a><\/p>\n\n\n\n<p><strong>Janne Kivivuori<\/strong> on kriminologian professori Helsingin yliopiston Kriminologian ja oikeuspolitiikan instituutissa (KRIMO). H\u00e4nen tutkimuksensa on keskittynyt nuoriso- ja henkirikollisuuteen, rikollisuuden seurantaj\u00e4rjestelmien kehitt\u00e4miseen sek\u00e4 historialliseen kriminologiaan. Kivivuori on perustanut nykyiset keskeiset kokonaisrikollisuuden kansalliset seurantaj\u00e4rjestelm\u00e4t: Nuorisorikollisuuskyselyt (1995-), Henkirikollisuuden seurantaj\u00e4rjestelm\u00e4n (2002-) ja Kansallisen rikosuhritutkimuksen (2012-). H\u00e4n on osallistunut my\u00f6s kansainv\u00e4listen rikollisuusmittarien kehitt\u00e4miseen, toimien kansainv\u00e4lisen nuorisorikollisuuskyselyn (ISRD) ja Euroopan henkirikollisuuden seurantaj\u00e4rjestelm\u00e4n (EHM) johtoryhmiss\u00e4. Kivivuoren keskeisi\u00e4 teoksia ovat Discovery of Hidden Crime (2011), Kriminologia (2018), Nordic Homicide in Deep Time (2022) sek\u00e4 Crime and Civilization (2024).<\/p>\n\n\n\n<p>Ks. my\u00f6s <a href=\"https:\/\/blogs.helsinki.fi\/jkakiviv\/\">https:\/\/blogs.helsinki.fi\/jkakiviv\/<\/a><\/p>\n\n\n\n<p><strong>15.11.2023<\/strong><\/p>\n\n\n\n<p>Tervetuloa vuoden 2023 Mauno Koivisto -luennolle, jossa taloustieteen professori Johanna Rickne&nbsp; (Tukholman yliopisto) tarkastelee seksuaalista h\u00e4irint\u00e4\u00e4 ja sukupuolten v\u00e4list\u00e4 eriarvoisuutta ty\u00f6markkinoilla. <br><br>Luentoa voi kuunnella sek\u00e4 paikan p\u00e4\u00e4ll\u00e4 Turun yliopiston Natura X -salissa ett\u00e4 et\u00e4yhteyksin.&nbsp; Luento on avoin kaikille kiinnostuneille. L\u00e4mpim\u00e4sti tervetuloa kuuntelemaan ja keskustelemaan!&nbsp; <strong>Mauno Koivisto -luento:<\/strong> \u201dSexual Harassment and Gender Inequality in the Labor Market\u201d, taloustieteen professori Johanna Rickne.&nbsp; <strong>Aika:<\/strong> Keskiviikkona 15.11.2023 kello 13:15 &#8211; 14:45 <strong>Paikka:<\/strong> Natura X -sali, Natura 2. krs, Vesilinnantie 5 20500 Turku tai Zoom-verkkoluento:<\/p>\n\n\n\n<figure class=\"wp-block-embed\"><div class=\"wp-block-embed__wrapper\">\nhttps:\/\/utu.zoom.us\/j\/61568094184\n<\/div><\/figure>\n\n\n\n<p><strong>30.11.2022 <\/strong><\/p>\n\n\n\n<p>Mauno Koivisto -luennon videotallenne on n\u00e4ht\u00e4viss\u00e4 YouTubessa:<strong> <\/strong><\/p>\n\n\n\n<figure class=\"wp-block-embed is-type-video is-provider-youtube wp-block-embed-youtube wp-embed-aspect-16-9 wp-has-aspect-ratio\"><div class=\"wp-block-embed__wrapper\">\n<iframe loading=\"lazy\" title=\"Jalkapallo - pelkk\u00e4\u00e4 urheilua vai moraalinen velvoite?\" width=\"630\" height=\"354\" src=\"https:\/\/www.youtube.com\/embed\/91eSba47qqI?feature=oembed\" frameborder=\"0\" allow=\"accelerometer; autoplay; clipboard-write; encrypted-media; gyroscope; picture-in-picture; web-share\" referrerpolicy=\"strict-origin-when-cross-origin\" allowfullscreen><\/iframe>\n<\/div><\/figure>\n\n\n\n<p><strong>28.10.2022<\/strong> <\/p>\n\n\n\n<p><strong>Mauno Koivisto -luento<\/strong> <strong>tiistaina 29.11 klo 14 <\/strong><\/p>\n\n\n\n<p>Tervetuloa vuoden 2022 Mauno Koivisto -luennolle, jossa poliittisen historian professori Vesa Vares (Turun yliopisto) luennoi jalkapallon MM-kisojen yli 90-vuotisesta historiasta politiikan, rahavallan ja edistyksen n\u00e4k\u00f6kulmista. Peli alkaa vuoden 1934 Italian jalkapallon maailmanmestaruuskisoista ja p\u00e4\u00e4ttyy marraskuussa 2022 alkaviin Qatarin MM-kisoihin, joita on kritisoitu erityisesti ihmisoikeusrikkomuksista.<\/p>\n\n\n\n<p>Vesa Vares on Turun yliopiston poliittisen historian professori, jonka teoksiin kuuluvat esimerkiksi <em>Enemm\u00e4n kuin peli\u00e4 &#8211; Naisten jalkapallo tasa-arvon tiell\u00e4 maailmalla ja Suomessa<\/em> (2022), <em>Pallon herruus \u2013 kuningaslajin valta ja lumo<\/em> (2018) sek\u00e4 <em>Turun yliopiston Turun yliopiston historia, osa 1: Kansallinen teht\u00e4v\u00e4 1920-1974<\/em> (2020).<\/p>\n\n\n\n<p>Luentoa voi kuunnella sek\u00e4 paikan p\u00e4\u00e4ll\u00e4 Turun yliopiston Mauno Koivisto -salissa ett\u00e4 et\u00e4yhteyksin.&nbsp; Luento on avoin kaikille kiinnostuneille eik\u00e4 vaadi ennakkoilmoittautumista. L\u00e4mpim\u00e4sti tervetuloa kuuntelemaan ja keskustelemaan!<\/p>\n\n\n\n<p><strong>Mauno Koivisto -luento: \u201d<\/strong>Pelkk\u00e4\u00e4 urheilua vai moraalinen velvoite? Jalkapallo politiikan, rahavallan ja edistyksen paineissa Mussolinista Qatariin\u201d, poliittisen historian professori <strong>Vesa Vares<\/strong>.<\/p>\n\n\n\n<p><strong>Aika: <\/strong>Tiistaina 29.11.2022 kello 14:00-16:00<\/p>\n\n\n\n<p><strong>Paikka: <\/strong>Mauno Koivisto -sali, Publicum 1. krs, Assistentinkatu 7, 20500 Turku tai Zoom-verkkoluento:<a href=\"https:\/\/utu.zoom.us\/j\/69105185494\">https:\/\/utu.zoom.us\/j\/69105185494<\/a> <\/p>\n\n\n\n<p><\/p>\n\n\n\n<p><strong>Mauno Koivisto f\u00f6rel\u00e4sning p\u00e5 tisdag 29.11 kl. 14<\/strong><\/p>\n\n\n\n<p>V\u00e4lkommen p\u00e5 \u00e5rets 2022 Mauno Koivisto f\u00f6rel\u00e4sning, d\u00e4r professorn i politisk historia Vesa Vares (\u00c5bo universitet) f\u00f6rel\u00e4ser om fotbolls VM:s \u00f6ver 90-\u00e5riga historia ur politikens, penning maktens och framstegens perspektiv. Spelet b\u00f6rjar vid Italiens VM-turnering \u00e5r 1934 och slutar vid VM i Qatar som inleds i november 2022 och som kritiserats i synnerhet f\u00f6r brott mot m\u00e4nskliga r\u00e4ttigheter.<\/p>\n\n\n\n<p>Vesa Vares \u00e4r professor i politisk historia vid \u00c5bo universitet, vars produktion inkluderar exempelvis f\u00f6ljande verk: <em>Enemm\u00e4n kuin peli\u00e4 &#8211; Naisten jalkapallo tasa-arvon tiell\u00e4 maailmalla ja Suomessa<\/em> (2022), <em>Pallon herruus \u2013 kuningaslajin valta ja lumo<\/em> (2018) samt <em>Turun yliopiston Turun yliopiston historia, osa 1: Kansallinen teht\u00e4v\u00e4 1920\u20131974<\/em> (2020).<\/p>\n\n\n\n<p>F\u00f6rel\u00e4sningen kan \u00e5h\u00f6ras s\u00e5v\u00e4l p\u00e5 plats som p\u00e5 distans. F\u00f6rel\u00e4sningen \u00e4r \u00f6ppen f\u00f6r alla intresserade och kr\u00e4ver ingen f\u00f6rhandsanm\u00e4lan. Varmt v\u00e4lkomna och lyssna och diskutera!<\/p>\n\n\n\n<p><strong>Mauno Koivisto f\u00f6rel\u00e4sning<\/strong>: <strong>\u201d<\/strong>Pelkk\u00e4\u00e4 urheilua vai moraalinen velvoite? Jalkapallo politiikan, rahavallan ja edistyksen paineissa Mussolinista Qatariin\u201d, (Enbart sport eller en moralisk f\u00f6rpliktelse? Fotbollen i politikens, penning maktens och framstegens korstryck fr\u00e5n Mussolini till Qatar), professorn i politisk historia <strong>Vesa Vares<\/strong>. <strong>F\u00f6rel\u00e4sningen \u00e4r p\u00e5 finska.<\/strong> <\/p>\n\n\n\n<p><strong>Tid:<\/strong> tisdag 29.11.2022 kl. 14:00-16:00<\/p>\n\n\n\n<p><strong>Plats:<\/strong> Mauno Koivisto salen, Publicum 1 v\u00e5n., Assistentsgatan 7, 20500 \u00c5bo eller Zoom n\u00e4tf\u00f6rel\u00e4sning:<br><a href=\"https:\/\/utu.zoom.us\/j\/69105185494\">https:\/\/utu.zoom.us\/j\/69105185494<\/a><\/p>\n\n\n\n<figure class=\"wp-block-image size-large\"><img loading=\"lazy\" decoding=\"async\" width=\"683\" height=\"1024\" src=\"https:\/\/blogit.utu.fi\/tkyt\/wp-content\/uploads\/sites\/606\/2022\/10\/jalkapallo-vares-koivunen-97-683x1024.jpg\" alt=\"\" class=\"wp-image-398\" srcset=\"https:\/\/blogit.utu.fi\/tkyt\/wp-content\/uploads\/sites\/606\/2022\/10\/jalkapallo-vares-koivunen-97-683x1024.jpg 683w, https:\/\/blogit.utu.fi\/tkyt\/wp-content\/uploads\/sites\/606\/2022\/10\/jalkapallo-vares-koivunen-97-200x300.jpg 200w, https:\/\/blogit.utu.fi\/tkyt\/wp-content\/uploads\/sites\/606\/2022\/10\/jalkapallo-vares-koivunen-97-768x1152.jpg 768w, https:\/\/blogit.utu.fi\/tkyt\/wp-content\/uploads\/sites\/606\/2022\/10\/jalkapallo-vares-koivunen-97-1024x1536.jpg 1024w, https:\/\/blogit.utu.fi\/tkyt\/wp-content\/uploads\/sites\/606\/2022\/10\/jalkapallo-vares-koivunen-97-1366x2048.jpg 1366w, https:\/\/blogit.utu.fi\/tkyt\/wp-content\/uploads\/sites\/606\/2022\/10\/jalkapallo-vares-koivunen-97-260x390.jpg 260w, https:\/\/blogit.utu.fi\/tkyt\/wp-content\/uploads\/sites\/606\/2022\/10\/jalkapallo-vares-koivunen-97.jpg 1667w\" sizes=\"auto, (max-width: 683px) 100vw, 683px\" \/><figcaption class=\"wp-element-caption\">Kuva: Hanna Oksanen \/ Turun yliopisto<\/figcaption><\/figure>\n\n\n\n<p><\/p>\n\n\n\n<p><strong>16.5.2022<\/strong> <\/p>\n\n\n\n<p><strong>Vuosikokous<\/strong><\/p>\n\n\n\n<p>Yhdistyksen j\u00e4senet ovat tervetulleita Turun korkeakoulujen yhteiskunnallis-taloudellisen tutkimusyhdistyksen vuosikokoukseen maanantaina 30.5.2021 klo 15:00-16:00. Kokous j\u00e4rjestet\u00e4\u00e4n l\u00e4hikokouksena Turun yliopiston yhteiskuntatieteellisen tiedekunnan <strong>seminaarihuoneessa Pub499 (Uno Harva)<\/strong> osoitteessa Assistentinkatu 7, 20500 Turku (<strong>Publicum-rakennus<\/strong>). <\/p>\n\n\n\n<p><strong>10.6.2021<\/strong> <\/p>\n\n\n\n<p>Vuoden 2021 Mauno Koivisto -luento on n\u00e4ht\u00e4viss\u00e4 YouTubessa: <\/p>\n\n\n\n<figure class=\"wp-block-embed is-type-rich is-provider-upotuksen-k-sittelij wp-block-embed-upotuksen-k-sittelij wp-embed-aspect-16-9 wp-has-aspect-ratio\"><div class=\"wp-block-embed__wrapper\">\n<iframe loading=\"lazy\" title=\"Mauno Koivisto ja Turun yliopistot\" width=\"630\" height=\"354\" src=\"https:\/\/www.youtube.com\/embed\/4ALzcq9nTNo?feature=oembed\" frameborder=\"0\" allow=\"accelerometer; autoplay; clipboard-write; encrypted-media; gyroscope; picture-in-picture; web-share\" referrerpolicy=\"strict-origin-when-cross-origin\" allowfullscreen><\/iframe>\n<\/div><\/figure>\n\n\n\n<p><strong>17.5.2021<\/strong><\/p>\n\n\n\n<p>Tervetuloa vuoden 2021 Mauno Koivisto -luennolle, jossa historiantutkija <strong>Tapio Bergholm<\/strong> (FT, YT) tutustuttaa kuulijat presidentti Mauno Koiviston nuoruusvuosiin. Luento pohjautuu Bergholmin vastajulkaistuun teokseen <em>Kiihke\u00e4 Koivisto<\/em>.<\/p>\n\n\n\n<p>Luennon j\u00e4rjest\u00e4\u00e4 Turun korkeakoulujen yhteiskunnallis-taloudellinen tutkimusyhdistys, joka on vuonna 1957 perustettu tieteellinen yhdistys. Yksi yhdistyksen perustajaj\u00e4senist\u00e4 oli presidentti Mauno Koivisto. Yhdistys on j\u00e4rjest\u00e4nyt vuodesta 2003 l\u00e4htien vuosittaisen, ajankohtaista yhteiskunnallista tai taloudellista aihetta k\u00e4sittelev\u00e4n Mauno Koivisto -luennon. Lis\u00e4tietoja yhdistyksest\u00e4 l\u00f6ytyy sivulta <a href=\"https:\/\/blogit.utu.fi\/tkyt\/\">https:\/\/blogit.utu.fi\/tkyt\/<\/a><\/p>\n\n\n\n<p>Verkkoluento on avoin kaikille kiinnostuneille eik\u00e4 vaadi ennakkoilmoittautumista. L\u00e4mpim\u00e4sti tervetuloa kuuntelemaan ja keskustelemaan!<\/p>\n\n\n\n<p><strong>Mauno Koivisto -luento<\/strong>: <em>Mauno Koivisto ja Turun yliopistot<\/em>, historiantutkija Tapio Bergholm (FT, YT)<\/p>\n\n\n\n<p><strong>Aika<\/strong>: Perjantaina 28.5.2021 kello 14:00-16:00<\/p>\n\n\n\n<p><strong>Paikka<\/strong>: Zoom-verkkoluento: <a href=\"https:\/\/utu.zoom.us\/j\/66861832457\">https:\/\/utu.zoom.us\/j\/66861832457<\/a><\/p>\n\n\n\n<p><strong>20.4.2021<\/strong> <\/p>\n\n\n\n<p>Yhdistyksen s\u00e4\u00e4nt\u00f6m\u00e4\u00e4r\u00e4inen vuosikokous pidet\u00e4\u00e4n et\u00e4kokouksena maanantaina 10.5.2021. Kokouskutsu on vuosikokoukset-sivulla: <a href=\"https:\/\/blogit.utu.fi\/tkyt\/vuosikokoukset\/\">https:\/\/blogit.utu.fi\/tkyt\/vuosikokoukset\/<\/a>. <\/p>\n\n\n\n<p><strong>29.3.2021 <\/strong><\/p>\n\n\n\n<p>Tervetuloa yhdistyksen uusille nettisivuille.<\/p>\n","protected":false},"excerpt":{"rendered":"<p>24.9.2025 Vuoden 2025 Mauno Koivisto -luennon pit\u00e4\u00e4 professori Malcolm Fairbrother Uppsalan yliopistosta otsikolla &#8221;Explaining Environmental Successes and Failures&#8221;. Luento on Turun yliopiston Mauno Koivisto salissa tiistaina 7. lokakuuta klo 14:00. Luento on englannin kielell\u00e4 ja tarjotaan my\u00f6s striimin\u00e4: https:\/\/aboakademi.zoom.us\/j\/69781209016. Tervetuloa! [&hellip;]<\/p>\n","protected":false},"author":5421,"featured_media":455,"parent":0,"menu_order":0,"comment_status":"closed","ping_status":"closed","template":"","meta":{"footnotes":""},"class_list":["post-183","page","type-page","status-publish","has-post-thumbnail","hentry"],"_links":{"self":[{"href":"https:\/\/blogit.utu.fi\/tkyt\/wp-json\/wp\/v2\/pages\/183","targetHints":{"allow":["GET"]}}],"collection":[{"href":"https:\/\/blogit.utu.fi\/tkyt\/wp-json\/wp\/v2\/pages"}],"about":[{"href":"https:\/\/blogit.utu.fi\/tkyt\/wp-json\/wp\/v2\/types\/page"}],"author":[{"embeddable":true,"href":"https:\/\/blogit.utu.fi\/tkyt\/wp-json\/wp\/v2\/users\/5421"}],"replies":[{"embeddable":true,"href":"https:\/\/blogit.utu.fi\/tkyt\/wp-json\/wp\/v2\/comments?post=183"}],"version-history":[{"count":35,"href":"https:\/\/blogit.utu.fi\/tkyt\/wp-json\/wp\/v2\/pages\/183\/revisions"}],"predecessor-version":[{"id":463,"href":"https:\/\/blogit.utu.fi\/tkyt\/wp-json\/wp\/v2\/pages\/183\/revisions\/463"}],"wp:featuredmedia":[{"embeddable":true,"href":"https:\/\/blogit.utu.fi\/tkyt\/wp-json\/wp\/v2\/media\/455"}],"wp:attachment":[{"href":"https:\/\/blogit.utu.fi\/tkyt\/wp-json\/wp\/v2\/media?parent=183"}],"curies":[{"name":"wp","href":"https:\/\/api.w.org\/{rel}","templated":true}]}}