{"id":927,"date":"2017-03-15T18:18:39","date_gmt":"2017-03-15T18:18:39","guid":{"rendered":"https:\/\/blogit.utu.fi\/toimitusketjujenjohtaminen\/?page_id=927"},"modified":"2017-03-15T20:02:04","modified_gmt":"2017-03-15T20:02:04","slug":"yleista-2","status":"publish","type":"page","link":"https:\/\/blogit.utu.fi\/toimitusketjujenjohtaminen\/yleista-2\/","title":{"rendered":"Yleist\u00e4"},"content":{"rendered":"<p>\u200bYhteydet yritysmaailmaan ja ymp\u00e4r\u00f6iv\u00e4\u00e4n yhteiskuntaan ovat t\u00e4rkeit\u00e4 niin tutkijoille kuin opiskelijoillekin. Turun kauppakorkeakoulun toimitusketjujen johtamisen aineella (ent. logistiikka) on jo pitk\u00e4\u00e4n ollut aktiivista molemminpuolista yhteisty\u00f6t\u00e4 erilaisten yliopiston ulkopuolisten tahojen kanssa. Tutkijoille yhteisty\u00f6 tarjoaa yhteyden yritysmaailman todellisuuteen. Opiskelijat puolestaan saavat tietoa mahdollisista valmistumisen j\u00e4lkeisist\u00e4 ty\u00f6teht\u00e4vist\u00e4 ja niiden vaatimuksista. Yhteisty\u00f6kumppanit hy\u00f6tyv\u00e4t alan uusimmasta tutkimustiedosta ja osaamisesta sek\u00e4 luovat yhteyksi\u00e4 nykyisiin ja tulevaisuuden osaajiin.<\/p>\n<h2 class=\"ms-rteElement-H3\">Yhteisty\u00f6hankkeet ja toimeksiantotutkielmat<\/h2>\n<div>\n<div>Aineen tutkimus- tai yhteisty\u00f6hankkeista l\u00f6ytyy tietoa omilta alasivuiltaan. Aine on ollut p\u00e4\u00e4vastuutahona monikansallisissa DaGoB- ja LogOn Baltic -projekteissa. Yhteisty\u00f6 Maailmanpankin kanssa eri tutkimusprojekteissa on ollut aktiivista. Toimitusketjujen johtamisen aineen tutkijaryhm\u00e4 on my\u00f6s toteuttanut vuodesta 2006 kansallisia logistiikkaselvityksi\u00e4 liikenne- ja viestint\u00e4ministeri\u00f6n toimeksiannoista.<\/div>\n<\/div>\n<div><\/div>\n<div>\n<div>Toimimme yritysten kanssa yhteisty\u00f6ss\u00e4 kaikilla tasoilla. Esimerkiksi pro gradu -t\u00f6it\u00e4 on tehty runsaasti toimeksiantoina. Pro gradu -toimeksianto tarjoaa organisaatiolle tavan hankkia tuoreinta tutkimustietoa ja osaamista esimerkiksi p\u00e4\u00e4t\u00f6ksenteon pohjaksi tai toiminnan kehitt\u00e4miseen. Toimeksiannon suorittava opiskelija saa kokemusta ja yhteyksi\u00e4 yritysel\u00e4m\u00e4\u00e4n sek\u00e4 taloudellista tukea tutkielmansa tuottamiseen.<\/div>\n<\/div>\n<h2 class=\"ms-rteElement-H3\"><\/h2>\n<h2 class=\"ms-rteElement-H3\">Miten yhteisty\u00f6h\u00f6n<\/h2>\n<p class=\"ms-rteElement-P\">Voit ottaa yhteytt\u00e4 yhteisty\u00f6asioissa professori Lauri Ojalaan: lauri.ojala(a)utu.fi<\/p>\n<p class=\"ms-rteElement-P\">Halutessasi tiedottaa pro gradu -toimeksiannosta opiskelijoille voit ottaa yhteytt\u00e4 my\u00f6s toimitusketjujen johtamisen ainej\u00e4rjest\u00f6 Kolmas osapuoli ry:n tiedottajaan: ky-3p-hallitus@utu.fi<\/p>\n","protected":false},"excerpt":{"rendered":"<p>\u200bYhteydet yritysmaailmaan ja ymp\u00e4r\u00f6iv\u00e4\u00e4n yhteiskuntaan ovat t\u00e4rkeit\u00e4 niin tutkijoille kuin opiskelijoillekin. Turun kauppakorkeakoulun toimitusketjujen johtamisen aineella (ent. logistiikka) on jo pitk\u00e4\u00e4n ollut aktiivista molemminpuolista yhteisty\u00f6t\u00e4 erilaisten yliopiston ulkopuolisten tahojen kanssa. Tutkijoille yhteisty\u00f6 tarjoaa yhteyden yritysmaailman todellisuuteen. Opiskelijat puolestaan saavat tietoa mahdollisista valmistumisen j\u00e4lkeisist\u00e4 ty\u00f6teht\u00e4vist\u00e4 ja niiden vaatimuksista. Yhteisty\u00f6kumppanit hy\u00f6tyv\u00e4t alan &#8230;<\/p>\n","protected":false},"author":2479,"featured_media":0,"parent":0,"menu_order":0,"comment_status":"closed","ping_status":"closed","template":"","meta":{"footnotes":""},"class_list":["post-927","page","type-page","status-publish","hentry","column","twocol"],"_links":{"self":[{"href":"https:\/\/blogit.utu.fi\/toimitusketjujenjohtaminen\/wp-json\/wp\/v2\/pages\/927","targetHints":{"allow":["GET"]}}],"collection":[{"href":"https:\/\/blogit.utu.fi\/toimitusketjujenjohtaminen\/wp-json\/wp\/v2\/pages"}],"about":[{"href":"https:\/\/blogit.utu.fi\/toimitusketjujenjohtaminen\/wp-json\/wp\/v2\/types\/page"}],"author":[{"embeddable":true,"href":"https:\/\/blogit.utu.fi\/toimitusketjujenjohtaminen\/wp-json\/wp\/v2\/users\/2479"}],"replies":[{"embeddable":true,"href":"https:\/\/blogit.utu.fi\/toimitusketjujenjohtaminen\/wp-json\/wp\/v2\/comments?post=927"}],"version-history":[{"count":2,"href":"https:\/\/blogit.utu.fi\/toimitusketjujenjohtaminen\/wp-json\/wp\/v2\/pages\/927\/revisions"}],"predecessor-version":[{"id":945,"href":"https:\/\/blogit.utu.fi\/toimitusketjujenjohtaminen\/wp-json\/wp\/v2\/pages\/927\/revisions\/945"}],"wp:attachment":[{"href":"https:\/\/blogit.utu.fi\/toimitusketjujenjohtaminen\/wp-json\/wp\/v2\/media?parent=927"}],"curies":[{"name":"wp","href":"https:\/\/api.w.org\/{rel}","templated":true}]}}