{"id":360,"date":"2017-02-23T13:03:24","date_gmt":"2017-02-23T13:03:24","guid":{"rendered":"https:\/\/blogit.utu.fi\/tulos\/?page_id=360"},"modified":"2017-04-23T23:24:09","modified_gmt":"2017-04-23T20:24:09","slug":"tulevaisuudentutkimus","status":"publish","type":"page","link":"https:\/\/blogit.utu.fi\/tulos\/?page_id=360","title":{"rendered":"TULEVAISUUDENTUTKIMUS"},"content":{"rendered":"<p><img loading=\"lazy\" decoding=\"async\" class=\"alignnone wp-image-1296\" src=\"https:\/\/blogit.utu.fi\/tulos\/wp-content\/uploads\/sites\/96\/2017\/04\/tulevaisuudentutkimus-e1492958573869.png\" alt=\"\" width=\"700\" height=\"344\" \/><\/p>\n<p>Tulevaisuus ei ole t\u00e4sm\u00e4llisesti ennustettavissa eik\u00e4 sit\u00e4 voida tutkia suoraan. Se ei ole olemassa samassa mieless\u00e4 kuin nykyhetki, joka on menneisyydess\u00e4 tehtyjen p\u00e4\u00e4t\u00f6sten ja valintojen ja niiden seuraamusten tulos. Sen sijaan tulevaisuuden voidaan ajatella olevan olemassa nykyisyydess\u00e4 aikomuksina, mahdollisuuksina, pelkoina, toiveina ja unelmina. Tulevaisuudentutkimuksessa suunnitellaan ja arvioidaan erilaisia tulevaisuuden vaihtoehtoja.<\/p>\n<p>Tulevaisuudentutkimuksessa tulevaisuutta pyrit\u00e4\u00e4nkin usein hahmottamaan vaihtoehtoisten tulevaisuudentilojen kautta. T\u00e4ll\u00f6in tunnistetaan mahdollisia, todenn\u00e4k\u00f6isi\u00e4 ja toivottavia tulevaisuuksia. Mahdollisia tulevaisuuksia kartoitettaessa on hyv\u00e4 astua totuttujen ja perinteisten raamien ulkopuolelle ja ottaa ep\u00e4tavallinen, ellei jopa hieman ep\u00e4suosittu n\u00e4k\u00f6kulma asioihin. T\u00e4ll\u00f6in on t\u00e4rke\u00e4 kysy\u00e4, mit\u00e4 voisi olla, leikitell\u00e4 erilaisilla ajatuksilla ja antaa niiden n\u00e4in laajentaa vaihtoehtoisten tulevaisuustilojen valikoimaa. Todenn\u00e4k\u00f6isi\u00e4 tulevaisuuksia hahmoteltaessa kysyt\u00e4\u00e4n, mik\u00e4 olisi tietyn ilmi\u00f6n todenn\u00e4k\u00f6isin tulevaisuus, jos asiat kehittyv\u00e4t tietyll\u00e4 tavalla? My\u00f6s todenn\u00e4k\u00f6isiss\u00e4 tulevaisuustiloissa on eri asteita, ja jotkut tulevaisuudet toteutuvat todenn\u00e4k\u00f6isemmin kuin jotkut muut. Tarkasteltava ilmi\u00f6 voi olla mik\u00e4 tahansa henkil\u00f6kohtainen asia, kuten opiskelu, ty\u00f6, ihmissuhteet, tai joku yhteiskunnallinen ilmi\u00f6, kuten koulutuksen tai paikallishallinnon j\u00e4rjest\u00e4minen. Erilaisia mahdollisuuksia ja vaihtoehtoisia tulevaisuuksia kartoitettaessa tulee v\u00e4ist\u00e4m\u00e4tt\u00e4 pohdiskeltua, mit\u00e4 pit\u00e4\u00e4 t\u00e4rke\u00e4n\u00e4 ja tavoiteltavana ja miksi.<\/p>\n<p>Jotkin tulevaisuudentilat ovat selv\u00e4sti toivottavampia kuin jotkin muut, ja jotkin taas ovat selv\u00e4sti ei-toivottuja. Kartoitammekin t\u00e4ss\u00e4 kyselyss\u00e4 toivottavia tulevaisuuksia, kun kysymme nuorten toiveita asumisen, toimeentulon ja el\u00e4m\u00e4ntapojen suhteen. Toiveet paljastavat, mist\u00e4 nuoret haaveilevat ja miten he tahtoisivat el\u00e4\u00e4 tulevaisuudessa. Toivottavia tulevaisuuskuvia voidaan analysoida, ja aineistosta johtaa kehitt\u00e4missuosituksia p\u00e4\u00e4t\u00f6ksenteon tueksi. Toivottavat tulevaisuudet tuovatkin mukaan oivallista aineistoa kunnalliseen keskusteluun ja nostavat nuoret esiin p\u00e4\u00e4t\u00f6ksenteossa.<\/p>\n<p>Tulevaisuutta tehd\u00e4\u00e4n p\u00e4ivitt\u00e4in niin henkil\u00f6kohtaisella tasolla kuin yhteiskunnallisella tasolla. Tulevaisuutta miettim\u00e4ll\u00e4 meille avautuu uusia valinnan mahdollisuuksia nykyhetkess\u00e4!<\/p>\n<p>&nbsp;<\/p>\n<p>Teksti pohjautuu osittain <span style=\"color: #0000ff\"><a style=\"color: #0000ff\" href=\"https:\/\/tulevaisuus.fi\/\" target=\"_blank\" rel=\"noopener noreferrer\">TOPI-sivustolta<\/a><\/span> hy\u00f6dynnettyyn materiaaliin, josta l\u00f6ytyv\u00e4t tarkemmat l\u00e4hdetiedot.<\/p>\n<p><a href=\"https:\/\/blogit.utu.fi\/tulos\/?page_id=366\"><img loading=\"lazy\" decoding=\"async\" class=\"alignnone wp-image-1344 size-medium\" src=\"https:\/\/blogit.utu.fi\/tulos\/wp-content\/uploads\/sites\/96\/2017\/02\/vastaa_kyselyyn-300x86.png\" alt=\"\" width=\"300\" height=\"86\" srcset=\"https:\/\/blogit.utu.fi\/tulos\/wp-content\/uploads\/sites\/96\/2017\/02\/vastaa_kyselyyn-300x86.png 300w, https:\/\/blogit.utu.fi\/tulos\/wp-content\/uploads\/sites\/96\/2017\/02\/vastaa_kyselyyn.png 417w\" sizes=\"auto, (max-width: 300px) 100vw, 300px\" \/><\/a><\/p>\n","protected":false},"excerpt":{"rendered":"<p>Tulevaisuus ei ole t\u00e4sm\u00e4llisesti ennustettavissa eik\u00e4 sit\u00e4 voida tutkia suoraan. Se ei ole olemassa samassa mieless\u00e4 kuin nykyhetki, joka on menneisyydess\u00e4 tehtyjen p\u00e4\u00e4t\u00f6sten ja valintojen ja niiden seuraamusten tulos. Sen sijaan tulevaisuuden voidaan ajatella olevan olemassa nykyisyydess\u00e4 aikomuksina, mahdollisuuksina, pelkoina, toiveina ja unelmina. Tulevaisuudentutkimuksessa suunnitellaan ja arvioidaan erilaisia tulevaisuuden vaihtoehtoja. Tulevaisuudentutkimuksessa tulevaisuutta pyrit\u00e4\u00e4nkin usein hahmottamaan [&hellip;]<\/p>\n","protected":false},"author":2770,"featured_media":1251,"parent":0,"menu_order":0,"comment_status":"closed","ping_status":"closed","template":"","meta":{"footnotes":""},"class_list":["post-360","page","type-page","status-publish","has-post-thumbnail","czr-hentry"],"_links":{"self":[{"href":"https:\/\/blogit.utu.fi\/tulos\/index.php?rest_route=\/wp\/v2\/pages\/360","targetHints":{"allow":["GET"]}}],"collection":[{"href":"https:\/\/blogit.utu.fi\/tulos\/index.php?rest_route=\/wp\/v2\/pages"}],"about":[{"href":"https:\/\/blogit.utu.fi\/tulos\/index.php?rest_route=\/wp\/v2\/types\/page"}],"author":[{"embeddable":true,"href":"https:\/\/blogit.utu.fi\/tulos\/index.php?rest_route=\/wp\/v2\/users\/2770"}],"replies":[{"embeddable":true,"href":"https:\/\/blogit.utu.fi\/tulos\/index.php?rest_route=%2Fwp%2Fv2%2Fcomments&post=360"}],"version-history":[{"count":20,"href":"https:\/\/blogit.utu.fi\/tulos\/index.php?rest_route=\/wp\/v2\/pages\/360\/revisions"}],"predecessor-version":[{"id":1359,"href":"https:\/\/blogit.utu.fi\/tulos\/index.php?rest_route=\/wp\/v2\/pages\/360\/revisions\/1359"}],"wp:featuredmedia":[{"embeddable":true,"href":"https:\/\/blogit.utu.fi\/tulos\/index.php?rest_route=\/wp\/v2\/media\/1251"}],"wp:attachment":[{"href":"https:\/\/blogit.utu.fi\/tulos\/index.php?rest_route=%2Fwp%2Fv2%2Fmedia&parent=360"}],"curies":[{"name":"wp","href":"https:\/\/api.w.org\/{rel}","templated":true}]}}