{"id":513,"date":"2017-02-24T11:05:37","date_gmt":"2017-02-24T11:05:37","guid":{"rendered":"https:\/\/blogit.utu.fi\/tulos\/?page_id=513"},"modified":"2017-04-23T23:20:53","modified_gmt":"2017-04-23T20:20:53","slug":"ota-yhteytta","status":"publish","type":"page","link":"https:\/\/blogit.utu.fi\/tulos\/?page_id=513","title":{"rendered":"Ota yhteytt\u00e4"},"content":{"rendered":"<p><strong>Jos sinulla on kysymyksi\u00e4, \u00e4l\u00e4 ep\u00e4r\u00f6i ottaa meihin yhteytt\u00e4!<\/strong><\/p>\n<p>&nbsp;<\/p>\n<p><strong>Projektin johtaja<\/strong><\/p>\n<p>Tuomas Kuhmonen<\/p>\n<p><a href=\"mailto:tuomas.kuhmonen@utu.fi\">tuomas.kuhmonen (@) utu.fi<\/a><\/p>\n<p>&nbsp;<\/p>\n<p><strong>Projektip\u00e4\u00e4llikk\u00f6 <\/strong><\/p>\n<p>Venla Kinnunen<\/p>\n<p><a href=\"mailto:venla.kinnunen@utu.fi\">venla.kinnunen (@) utu.fi<\/a><\/p>\n<p>Puh: 02 333 9837<\/p>\n<p>&nbsp;<\/p>\n<p><a href=\"https:\/\/blogit.utu.fi\/tulos\/?page_id=366\"><img loading=\"lazy\" decoding=\"async\" class=\"alignnone wp-image-1344 size-medium\" src=\"https:\/\/blogit.utu.fi\/tulos\/wp-content\/uploads\/sites\/96\/2017\/02\/vastaa_kyselyyn-300x86.png\" alt=\"\" width=\"300\" height=\"86\" srcset=\"https:\/\/blogit.utu.fi\/tulos\/wp-content\/uploads\/sites\/96\/2017\/02\/vastaa_kyselyyn-300x86.png 300w, https:\/\/blogit.utu.fi\/tulos\/wp-content\/uploads\/sites\/96\/2017\/02\/vastaa_kyselyyn.png 417w\" sizes=\"auto, (max-width: 300px) 100vw, 300px\" \/><\/a><\/p>\n","protected":false},"excerpt":{"rendered":"<p>Jos sinulla on kysymyksi\u00e4, \u00e4l\u00e4 ep\u00e4r\u00f6i ottaa meihin yhteytt\u00e4! &nbsp; Projektin johtaja Tuomas Kuhmonen tuomas.kuhmonen (@) utu.fi &nbsp; Projektip\u00e4\u00e4llikk\u00f6 Venla Kinnunen venla.kinnunen (@) utu.fi Puh: 02 333 9837 &nbsp;<\/p>\n","protected":false},"author":2770,"featured_media":0,"parent":0,"menu_order":0,"comment_status":"closed","ping_status":"closed","template":"","meta":{"footnotes":""},"class_list":["post-513","page","type-page","status-publish","czr-hentry"],"_links":{"self":[{"href":"https:\/\/blogit.utu.fi\/tulos\/index.php?rest_route=\/wp\/v2\/pages\/513","targetHints":{"allow":["GET"]}}],"collection":[{"href":"https:\/\/blogit.utu.fi\/tulos\/index.php?rest_route=\/wp\/v2\/pages"}],"about":[{"href":"https:\/\/blogit.utu.fi\/tulos\/index.php?rest_route=\/wp\/v2\/types\/page"}],"author":[{"embeddable":true,"href":"https:\/\/blogit.utu.fi\/tulos\/index.php?rest_route=\/wp\/v2\/users\/2770"}],"replies":[{"embeddable":true,"href":"https:\/\/blogit.utu.fi\/tulos\/index.php?rest_route=%2Fwp%2Fv2%2Fcomments&post=513"}],"version-history":[{"count":8,"href":"https:\/\/blogit.utu.fi\/tulos\/index.php?rest_route=\/wp\/v2\/pages\/513\/revisions"}],"predecessor-version":[{"id":1350,"href":"https:\/\/blogit.utu.fi\/tulos\/index.php?rest_route=\/wp\/v2\/pages\/513\/revisions\/1350"}],"wp:attachment":[{"href":"https:\/\/blogit.utu.fi\/tulos\/index.php?rest_route=%2Fwp%2Fv2%2Fmedia&parent=513"}],"curies":[{"name":"wp","href":"https:\/\/api.w.org\/{rel}","templated":true}]}}