{"id":2241,"date":"2021-04-19T08:20:00","date_gmt":"2021-04-19T08:20:00","guid":{"rendered":"https:\/\/blogit.utu.fi\/turaus\/?page_id=2241"},"modified":"2026-01-02T14:48:20","modified_gmt":"2026-01-02T14:48:20","slug":"hallitukseen","status":"publish","type":"page","link":"https:\/\/blogit.utu.fi\/turaus\/yhdistys\/hallitukseen\/","title":{"rendered":"Hallitukseen?"},"content":{"rendered":"\n<h2 class=\"wp-block-heading\"><strong>Hallitustoiminnasta<\/strong><\/h2>\n\n\n\n<p>TurAuksen hallitus muodostuu puheenjohtajan lis\u00e4ksi 4\u20138 hallituksen varsinaisesta j\u00e4senest\u00e4 ja 0\u20132 varaj\u00e4senest\u00e4. Hallitusvuosi on hieman poikkeuksellinen ja sijoittuu 15.10\u201314.10 v\u00e4liselle ajalle. T\u00e4m\u00e4 johtuu siit\u00e4, ett\u00e4 TurAuksen hallitusvuosi on sijoitettu auskuvuoden rytmi\u00e4 ajatellen. TurAuksen hallitustoiminta tukee ja tuo oman erityisen perspektiivin auskuvuoteen. TurAuksen hallitustoiminnasta saa kouluharjoittelua ja hallituksessa p\u00e4\u00e4see vaikuttamaan ja tekem\u00e4\u00e4n pedagogisten vuodesta omansa n\u00e4k\u00f6ist\u00e4. Hallitustoiminta ei vie my\u00f6sk\u00e4\u00e4n hirve\u00e4sti aikaa, sill\u00e4 hallitus kokoustaa perinteisesti kerran kuussa.<\/p>\n\n\n\n<p>Hallitukseen voi hakea kuka tahansa pedagogisista opinnoista kiinnostunut, niit\u00e4 k\u00e4yv\u00e4 tai ne jo k\u00e4ynyt. Ajankohtaisimpana hallitustoiminta on luonnollisesti kuitenkin kyseisen vuoden auskuille ja kyseisen vuoden auskut saavat varmasti my\u00f6s vuodesta eniten irti. Hallitusvuosi voi toimia toki my\u00f6s tutustuttujana pedagogisten vuoteen. Aiempaa kokemusta hallitustoiminnasta ei tarvita.<\/p>\n\n\n\n<p>Kiinnostuitko? Lis\u00e4tietoja eri hallituspesteist\u00e4 l\u00f6ytyy alempaa. Voit lukea aiempien vuosien hallituslaisten kokemuksia hallitustoiminnasta ja pedagogisten vuodesta <a rel=\"noreferrer noopener\" href=\"https:\/\/blogit.utu.fi\/turaus\/blogi\/\" target=\"_blank\">TurAuksen blogissa<\/a>.<\/p>\n\n\n\n<div class=\"wp-block-columns is-layout-flex wp-container-core-columns-is-layout-9d6595d7 wp-block-columns-is-layout-flex\">\n<div class=\"wp-block-column is-layout-flow wp-block-column-is-layout-flow\"><div class=\"wp-block-image\">\n<figure class=\"aligncenter size-large is-resized\"><img loading=\"lazy\" decoding=\"async\" width=\"1024\" height=\"569\" src=\"https:\/\/blogit.utu.fi\/turaus\/wp-content\/uploads\/sites\/100\/2021\/06\/194538971_976697169810070_2869075571998676796_n-1024x569.jpg\" alt=\"\" class=\"wp-image-2370\" style=\"width:171px;height:95px\" srcset=\"https:\/\/blogit.utu.fi\/turaus\/wp-content\/uploads\/sites\/100\/2021\/06\/194538971_976697169810070_2869075571998676796_n-1024x569.jpg 1024w, https:\/\/blogit.utu.fi\/turaus\/wp-content\/uploads\/sites\/100\/2021\/06\/194538971_976697169810070_2869075571998676796_n-300x167.jpg 300w, https:\/\/blogit.utu.fi\/turaus\/wp-content\/uploads\/sites\/100\/2021\/06\/194538971_976697169810070_2869075571998676796_n-768x426.jpg 768w, https:\/\/blogit.utu.fi\/turaus\/wp-content\/uploads\/sites\/100\/2021\/06\/194538971_976697169810070_2869075571998676796_n-1536x853.jpg 1536w, https:\/\/blogit.utu.fi\/turaus\/wp-content\/uploads\/sites\/100\/2021\/06\/194538971_976697169810070_2869075571998676796_n.jpg 2048w\" sizes=\"auto, (max-width: 1024px) 100vw, 1024px\" \/><\/figure><\/div><\/div>\n<\/div>\n\n\n\n<h2 class=\"wp-block-heading\"><strong>Hallituspestit <\/strong><\/h2>\n\n\n\n<div class=\"wp-block-group\"><div class=\"wp-block-group__inner-container is-layout-flow wp-block-group-is-layout-flow\">\n<div class=\"wp-block-group\"><div class=\"wp-block-group__inner-container is-layout-flow wp-block-group-is-layout-flow\">\n<div class=\"wp-block-columns is-layout-flex wp-container-core-columns-is-layout-9d6595d7 wp-block-columns-is-layout-flex\">\n<div class=\"wp-block-column is-layout-flow wp-block-column-is-layout-flow\" style=\"flex-basis:100%\">\n<div class=\"wp-block-columns is-layout-flex wp-container-core-columns-is-layout-9d6595d7 wp-block-columns-is-layout-flex\">\n<div class=\"wp-block-column is-layout-flow wp-block-column-is-layout-flow\">\n<p><strong>Puheenjohtajisto: puheenjohtaja ja varapuheenjohtaja<\/strong><\/p>\n<p>Puheenjohtaja johtaa puhetta hallituksen kokouksissa, kutsuu koolle hallituksen ja yhdistyksen kokoukset sek\u00e4 valmistelee kokouksien esityslistat. Puheenjohtaja my\u00f6s pit\u00e4\u00e4 yhdistyksen py\u00f6r\u00e4t py\u00f6rim\u00e4ss\u00e4 ja on perill\u00e4 yhdistyksen asioista kokonaisuudessaan. Puheenjohtajan toimenkuvaan kuuluu olla jatkuvassa vastuussa yhdistyksen toiminnasta. Puheenjohtaja edustaa yhdistyst\u00e4 erilaisissa tilaisuuksissa.<\/p>\n<p>Varapuheenjohtaja avustaa ja tekee tiivist\u00e4 yhteisty\u00f6t\u00e4 puheenjohtajan kanssa. Varapuheenjohtajan teht\u00e4v\u00e4n\u00e4 on pysy\u00e4 yhdistyksen asioista kartalla ja toimia puheenjohtajan sijaisena silloin, kun t\u00e4m\u00e4 on estynyt hoitamasta teht\u00e4v\u00e4\u00e4ns\u00e4. Varapuheenjohtajalle voidaan my\u00f6s antaa erityisvastuu yhdistyksen joidenkin toimintalohkojen seuraamisesta.<\/p>\n\n\n\n<p><strong>Sihteeri<\/strong><\/p>\n<p>Sihteerin t\u00e4rkeimp\u00e4n\u00e4 teht\u00e4v\u00e4n\u00e4 on kirjata yl\u00f6s kokouksissa k\u00e4yt\u00e4v\u00e4t keskustelut ja p\u00e4\u00e4t\u00f6kset kirjoittamalla kokousp\u00f6yt\u00e4kirjat. Kokousten j\u00e4lkeen sihteeri kirjoittaa niit\u00e4 tarvittaessa puhtaaksi. Lis\u00e4ksi sihteeri huolehtii p\u00f6yt\u00e4kirjojen asianmukaisesta s\u00e4ilytyksest\u00e4. Sihteeri on vastuussa my\u00f6s j\u00e4senten ja alumnien s\u00e4hk\u00f6postilistojen ajantasaisuudesta.<\/p>\n\n\n\n<p><strong>Koulutuspoliittinen vastaava<\/strong><\/p>\n\n\n\n<p>Koulutuspoliittinen vastaava hoitaa opiskelijoiden edunvalvontaa koulutus- ja opiskeluasioissa. Kopo seuraa opintojen sujuvuutta, osallistuu pedavuoden suunnitteluun ja antaa palautetta opiskeluj\u00e4rjestelyist\u00e4. TurAuksessa kopo on my\u00f6s aktiivisesti j\u00e4rjest\u00e4m\u00e4ss\u00e4 lis\u00e4koulutusta esimerkiksi iltakoulujen muodossa.<\/p>\n\n\n\n<p><strong>Tapahtumavastaava<\/strong><\/p>\n\n\n\n<p>Tapahtumavastaava ideoi ja toteuttaa j\u00e4senist\u00f6lle perinteisi\u00e4 ja uusia tapahtumia. Tapahtumavastaavan pesti ei vaadi yht\u00e4 paljon TurAuksessa kuin muissa j\u00e4rjest\u00f6iss\u00e4, sill\u00e4 auskuvuoden intensiivisyyden takia tapahtumia ei tarvitse l\u00e4hesk\u00e4\u00e4n viikoittain. Tapahtumilla on kuitenkin t\u00e4rke\u00e4 teht\u00e4v\u00e4 auskujen tutustuttamisessa toisiinsa ainerajat ylitt\u00e4v\u00e4sti ja ryhm\u00e4hengen luomisessa. Lis\u00e4tietoa TurAuksen perinteisist\u00e4 tapahtumista l\u00f6ytyy Tapahtumat-sivulta.<\/p>\n\n\n\n<p><strong>SOOL-vastaava<\/strong><\/p>\n\n\n\n<p>SOOL-vastaavan teht\u00e4v\u00e4n\u00e4 on olla yhteydess\u00e4 Suomen Opettajaksi Opiskelevien Liitto SOOLiin. SOOL-vastaava pit\u00e4\u00e4 hallituksen ajan tasalla SOOLin tapahtumista ja koulutuksista. SOOL-vastaava on my\u00f6s yhteydess\u00e4 SOOLin Turun aluetoimijaan.<\/p>\n\n\n\n<p><em>Huom! SOOL-vastaavan pesti sis\u00e4ltyy yhteisty\u00f6vastaavan pestiin.<\/em><\/p>\n\n\n\n<p><strong>Yhteisty\u00f6vastaava<\/strong><\/p>\n\n\n\n<p>Yhteisty\u00f6vastaavan teht\u00e4v\u00e4n\u00e4 on tehd\u00e4 TurAusta tutuksi aineenopettaja- tai aikuispedagogiikan opintoihin tulevaisuudessa hakeutuville sek\u00e4 auttaa ainej\u00e4rjest\u00f6j\u00e4 informoimaan j\u00e4senist\u00f6\u00e4\u00e4n opeopinnoista. Yhteisty\u00f6vastaavan teht\u00e4viin kuuluu yhteydenpito erityisesti n\u00e4ihin ainej\u00e4rjest\u00f6ihin, joiden opiskelijoita hakeutuu aineenopettaja- tai aikuispedagogiikan opintoihin sek\u00e4 toteuttaa yhdess\u00e4 muun hallituksen sek\u00e4 em. ainej\u00e4rjest\u00f6j\u00e4 edustavien auskuvastaavien kanssa mietittyj\u00e4 uusia yhteisty\u00f6muotoja. Yhteisty\u00f6vastaavan keskeisimpi\u00e4 yhteyshenkil\u00f6it\u00e4 ovat mm. SOOLin Turun aluetoimija (ks. SOOL-vastaava) ja Opex ry.<\/p>\n\n\n\n<p><\/p>\n\n\n\n<p><\/p>\n\n\n\n<p><em>HUOM:<\/em> <em>Uusi hallitus voi my\u00f6s luoda pestej\u00e4 tarpeen mukaan esim. alumnivastaava, virkistysvastaava, jne.<\/em><\/p>\n<\/div>\n\n\n\n<div class=\"wp-block-column is-layout-flow wp-block-column-is-layout-flow\">\n<p><strong>Taloudenhoitaja\/talousvastaava<\/strong><\/p>\n<p>Talousvastaava hoitaa yhdistyksen kirjanpidon ja juoksevat raha-asiat. N\u00e4ihin kuuluvat p\u00e4\u00e4asiassa laskujen ja kulukorvausten maksaminen, tarvittaessa laskuttaminen, talousasioiden esittely yhdistyksen kokouksissa, yhdistyksen budjetin ja tapahtumien budjettien suunnittelu sek\u00e4 kauden p\u00e4\u00e4tteeksi kirjanpidon pohjalta teht\u00e4v\u00e4 tilinp\u00e4\u00e4t\u00f6s. Pesti on melko itsen\u00e4inen, mutta siihen saa tukea koko hallitukselta ja erityisesti puheenjohtajistolta. Talousvastaavan on my\u00f6s hyv\u00e4 olla k\u00e4rryill\u00e4 yhdistyksen muusta toiminnasta, jotta taloussuunnittelu on realistista. Teht\u00e4v\u00e4st\u00e4 selvi\u00e4\u00e4 ilman aiempaa kokemusta (jopa humanisti!), mutta numeroita ei saa pel\u00e4t\u00e4!<\/p>\n\n\n\n<p><strong>Sosiaalipoliittinen vastaava, yhdenvertaisuusvastaava, h\u00e4irint\u00e4yhdyshenkil\u00f6<\/strong><\/p>\n<p>Sosiaalipoliittinen vastaava huolehtii opiskelijoiden hyvinvoinnista, jaksamisesta ja tasa-arvosta. Sopoon voi olla yhteydess\u00e4 esimerkiksi kiusaamiseen, h\u00e4irint\u00e4\u00e4n tai jaksamiseen liittyviss\u00e4 asioissa. Sopot j\u00e4rjest\u00e4v\u00e4t my\u00f6s hyvinvointiin liittyvi\u00e4 tapahtumia.<\/p>\n\n\n\n<p><strong>Viestint\u00e4vastaava<\/strong><\/p>\n\n\n\n<p>Viestint\u00e4vastaavan pestin tarkoitus on pit\u00e4\u00e4 j\u00e4senist\u00f6 kartalla yhdistyksen ajankohtaisista asioista. T\u00e4rkeimp\u00e4n\u00e4 teht\u00e4v\u00e4n\u00e4 on koota ja jakaa j\u00e4rjest\u00f6n ajankohtaiset asiat j\u00e4senist\u00f6lle sek\u00e4 auskuille s\u00e4hk\u00f6postin v\u00e4lityksell\u00e4. Lis\u00e4ksi viestint\u00e4vastaava informoi j\u00e4senist\u00f6\u00e4 aina tarpeen ilmetess\u00e4. Viestint\u00e4vastaava p\u00e4ivitt\u00e4\u00e4 muun hallituksen kanssa koordinoiden TurAuksen sosiaalisen median sivustoja, v\u00e4litt\u00e4\u00e4 eteenp\u00e4in hallitukselle tulevia kaikkia auskuja koskevia s\u00e4hk\u00f6posteja, kuten sijaishakuja tai koulutusmahdollisuuksia. Viestint\u00e4vastaavan teht\u00e4viin kuuluu my\u00f6s TurAuksen verkkosivujen p\u00e4ivitt\u00e4minen ja yll\u00e4pito.<\/p>\n\n\n\n<p><strong>Tutorvastaava<\/strong><\/p>\n\n\n\n<p>Tutorvastaava on vuoden alussa tiiviiss\u00e4 yhteisty\u00f6ss\u00e4 tutoreiden kanssa ja toimii yhdyshenkil\u00f6n\u00e4 yhdistyksen ja tutoreiden v\u00e4lill\u00e4. Tutorvastaava on perinteisesti my\u00f6s mukana tutorien hakuprosessissa. Tutorvastaavan teht\u00e4v\u00e4t siis painottuvat loppukauteen.<\/p>\n\n\n\n<p><strong>Harkkahuonevastaava<\/strong><\/p>\n\n\n\n<p>Harkkahuonevastaavan teht\u00e4v\u00e4n\u00e4 on huolehtia Turun Normaalikoulun eli Norssin opetusharjoittelijoiden tilan (tunnetaan my\u00f6s auskuhuoneena) toimivuudesta. Harkkahuonevastaava ostaa tilaan TurAuksen kahvit ja teet, huolehtii kahvituksien tarjoiluista sek\u00e4 toimii yhteyshenkil\u00f6n\u00e4 Norssin ja auskujen v\u00e4lill\u00e4 harkkahuoneen asioihin liittyen. Harkkahuonevastaava my\u00f6s raportoi hallitukselle tilan asioista.Vaikka harkkahuonevastaava huolehtii tilan toimivuudesta, h\u00e4n ei ole vastuussa sen siisteydest\u00e4 tai siivoamisesta, vaan huolehtii, ett\u00e4 esim. tulostuskone ja kahvinkeittimet toimivat ottamalla tarvittaessa yhteytt\u00e4 asianmukaisiin tahoihin.<\/p>\n\n\n\n<p><strong>Ymp\u00e4rist\u00f6vastaava<\/strong><\/p>\n\n\n\n<p>Ymp\u00e4rist\u00f6vastaavana teht\u00e4v\u00e4si on ajaa eteenp\u00e4in j\u00e4rjest\u00f6n toimintaa vastuullisemmaksi kest\u00e4v\u00e4n kehityksen periaatteiden mukaisesti. Turun Auskultantit on monien muiden TYY:n j\u00e4rjest\u00f6jen tavoin Reilun kaupan j\u00e4rjest\u00f6 ja teht\u00e4v\u00e4si onkin pit\u00e4\u00e4 n\u00e4ist\u00e4 periaatteista kiinni ja kehitt\u00e4\u00e4 toimintaa edelleen ymp\u00e4rist\u00f6yst\u00e4v\u00e4llisemm\u00e4ksi.<\/p>\n\n\n\n<p><em>Huom! Ymp\u00e4rist\u00f6vastaava on yleens\u00e4 sis\u00e4llytetty harkkahuonevastaavan pestiin.<\/em><\/p>\n\n\n\n<p><strong>Varaj\u00e4sen<\/strong><\/p>\n\n\n\n<p>Varaj\u00e4seni\u00e4 on hallituksessa vuosittain mukana 0-2. Perinteisesti varaj\u00e4senill\u00e4 ei ole pestej\u00e4, mutta varaj\u00e4sen voi ottaa halutessaan itselleen my\u00f6s pestien kautta vastuualueita. Varaj\u00e4senen teht\u00e4v\u00e4n\u00e4 on tarvittaessa auttaa hallitusta toiminnassaan, kuten esimerkiksi tapahtumien j\u00e4rjest\u00e4misess\u00e4. Varaj\u00e4senen\u00e4 toimimisesta ei saa kouluharjoittelua.<\/p>\n<\/div>\n<\/div>\n<\/div>\n<\/div>\n<\/div><\/div>\n<\/div><\/div>\n\n\n<div class=\"wp-block-image\">\n<figure class=\"aligncenter size-large\"><img loading=\"lazy\" decoding=\"async\" width=\"720\" height=\"270\" src=\"https:\/\/blogit.utu.fi\/turaus\/wp-content\/uploads\/sites\/100\/2017\/01\/tnk_tietoa.jpg\" alt=\"\" class=\"wp-image-28\" srcset=\"https:\/\/blogit.utu.fi\/turaus\/wp-content\/uploads\/sites\/100\/2017\/01\/tnk_tietoa.jpg 720w, https:\/\/blogit.utu.fi\/turaus\/wp-content\/uploads\/sites\/100\/2017\/01\/tnk_tietoa-300x113.jpg 300w\" sizes=\"auto, (max-width: 720px) 100vw, 720px\" \/><\/figure><\/div>\n\n\n<p><\/p>\n\n\n\n<p><\/p>\n","protected":false},"excerpt":{"rendered":"<p>Hallitustoiminnasta TurAuksen hallitus muodostuu puheenjohtajan lis\u00e4ksi 4\u20138 hallituksen varsinaisesta j\u00e4senest\u00e4 ja 0\u20132 varaj\u00e4senest\u00e4. Hallitusvuosi on hieman poikkeuksellinen ja sijoittuu 15.10\u201314.10 v\u00e4liselle ajalle. T\u00e4m\u00e4 johtuu siit\u00e4,&hellip; <a href=\"https:\/\/blogit.utu.fi\/turaus\/yhdistys\/hallitukseen\/\" class=\"more-link\">Continue reading <span class=\"screen-reader-text\">Hallitukseen?<\/span><\/a><\/p>\n","protected":false},"author":15800,"featured_media":0,"parent":40,"menu_order":0,"comment_status":"closed","ping_status":"closed","template":"","meta":{"footnotes":""},"class_list":["post-2241","page","type-page","status-publish","hentry"],"featured_image_urls_v2":{"full":"","thumbnail":"","medium":"","medium_large":"","large":"","1536x1536":"","2048x2048":""},"post_excerpt_stackable_v2":"<p>Hallitustoiminnasta TurAuksen hallitus muodostuu puheenjohtajan lis\u00e4ksi 4\u20138 hallituksen varsinaisesta j\u00e4senest\u00e4 ja 0\u20132 varaj\u00e4senest\u00e4. Hallitusvuosi on hieman poikkeuksellinen ja sijoittuu 15.10\u201314.10 v\u00e4liselle ajalle. T\u00e4m\u00e4 johtuu siit\u00e4, ett\u00e4 TurAuksen hallitusvuosi on sijoitettu auskuvuoden rytmi\u00e4 ajatellen. TurAuksen hallitustoiminta tukee ja tuo oman erityisen perspektiivin auskuvuoteen. TurAuksen hallitustoiminnasta saa kouluharjoittelua ja hallituksessa p\u00e4\u00e4see vaikuttamaan ja tekem\u00e4\u00e4n pedagogisten vuodesta omansa n\u00e4k\u00f6ist\u00e4. Hallitustoiminta ei vie my\u00f6sk\u00e4\u00e4n hirve\u00e4sti aikaa, sill\u00e4 hallitus kokoustaa perinteisesti kerran kuussa. Hallitukseen voi hakea kuka tahansa pedagogisista opinnoista kiinnostunut, niit\u00e4 k\u00e4yv\u00e4 tai ne jo k\u00e4ynyt. Ajankohtaisimpana hallitustoiminta on luonnollisesti kuitenkin kyseisen vuoden auskuille ja kyseisen vuoden auskut saavat varmasti my\u00f6s vuodesta eniten irti.&hellip;<\/p>\n","category_list_v2":"","author_info_v2":{"name":"ekkesa","url":"https:\/\/blogit.utu.fi\/turaus\/author\/ekkesa\/"},"comments_num_v2":"0 comments","_links":{"self":[{"href":"https:\/\/blogit.utu.fi\/turaus\/wp-json\/wp\/v2\/pages\/2241","targetHints":{"allow":["GET"]}}],"collection":[{"href":"https:\/\/blogit.utu.fi\/turaus\/wp-json\/wp\/v2\/pages"}],"about":[{"href":"https:\/\/blogit.utu.fi\/turaus\/wp-json\/wp\/v2\/types\/page"}],"author":[{"embeddable":true,"href":"https:\/\/blogit.utu.fi\/turaus\/wp-json\/wp\/v2\/users\/15800"}],"replies":[{"embeddable":true,"href":"https:\/\/blogit.utu.fi\/turaus\/wp-json\/wp\/v2\/comments?post=2241"}],"version-history":[{"count":12,"href":"https:\/\/blogit.utu.fi\/turaus\/wp-json\/wp\/v2\/pages\/2241\/revisions"}],"predecessor-version":[{"id":2808,"href":"https:\/\/blogit.utu.fi\/turaus\/wp-json\/wp\/v2\/pages\/2241\/revisions\/2808"}],"up":[{"embeddable":true,"href":"https:\/\/blogit.utu.fi\/turaus\/wp-json\/wp\/v2\/pages\/40"}],"wp:attachment":[{"href":"https:\/\/blogit.utu.fi\/turaus\/wp-json\/wp\/v2\/media?parent=2241"}],"curies":[{"name":"wp","href":"https:\/\/api.w.org\/{rel}","templated":true}]}}