{"id":2,"date":"2025-05-29T13:33:16","date_gmt":"2025-05-29T10:33:16","guid":{"rendered":"https:\/\/blogit.utu.fi\/800tarinaa\/?page_id=2"},"modified":"2026-03-24T21:37:10","modified_gmt":"2026-03-24T19:37:10","slug":"kirjoittajat","status":"publish","type":"page","link":"https:\/\/blogit.utu.fi\/turku800\/kirjoittajat\/","title":{"rendered":"Blogi ja sen kirjoittajat"},"content":{"rendered":"\n<p>Turun kaupunki juhlii vuosisataista historiaansa vuonna 2029. Turun yliopiston arkeologit ja historioitsijat perustivat t\u00e4m\u00e4n blogin<em> 800 tarinaa Turun historiasta<\/em> 1. syyskuuta 2025 foorumiksi, joka kertoo kaupungin moni\u00e4\u00e4nisest\u00e4 menneisyydest\u00e4. Ajatuksena on julkaista lyhyit\u00e4 kirjoituksia ihmiskohtaloista, tilanteista ja tapahtumista \u2013 niin arjen kuin juhlankin hetkist\u00e4. Tavoitteena on julkaista 800 v\u00e4l\u00e4hdyst\u00e4 Turun ja turkulaisten menneisyydest\u00e4 juhlavuoteen 2029 menness\u00e4. Tervetuloa mukaan!<\/p>\n\n\n\n<p><\/p>\n\n\n\n<p>Blogin toimituskuntaan kuuluvat:<\/p>\n\n\n\n<p>Pertti Gr\u00f6nholm, Georg Haggr\u00e9n, Noora Kallioniemi, Sari Katajala-Peltomaa, Hannu Salmi, Charlotta Wolff.<\/p>\n\n\n\n<p>Yhteyshenkil\u00f6: Hannu Salmi (hansalmi@utu.fi).<\/p>\n\n\n\n<p>Blogin kirjoittajat t\u00e4h\u00e4n menness\u00e4:<\/p>\n\n\n\n<p>Topi Artukka<br>Pertti Gr\u00f6nholm<br>Georg Haggr\u00e9n<br>Heidi Hakkarainen<br>Tuukka Heikkinen<br>Jerkko Holmi<br>Noora Kallioniemi<br>Joonas Kananen<br>Sari Katajala-Peltomaa<br>Riku Kauhanen<br>Jarkko Keskinen<br>Leila Koivunen<br>Pia Koivunen<br>Tapani Kunttu<br>Ilari Lehtinen<br>Jean Lukkarinen<br>Kevin M\u00e5rtensson<br>Tiina M\u00e4nnist\u00f6-Funk<br>Paavo Oinonen<br>Petri Paju<br>Saara Penttinen<br>Heli Rantala<br>P\u00e4lvi Rantala<br>Marika R\u00e4s\u00e4nen<br>Hannu Salmi<br>Jukka Sarjala<br>Panu Savolainen<br>Mikko Toivanen<br>Veli Pekka Toropainen<br>Janne Tunturi<br>Noora Viljamaa<br>Liisa Vuonokari-Bomstr\u00f6m<br>Timo Vuorisalo<br>Mari V\u00e4lim\u00e4ki<br>Reima V\u00e4lim\u00e4ki<\/p>\n\n\n\n<p><\/p>\n\n\n\n<blockquote class=\"wp-block-quote is-layout-flow wp-block-quote-is-layout-flow\">\n<p><strong><em>800 tarinaa Turun historiasta<br>ISSN 3087-615X<\/em><\/strong><\/p>\n<\/blockquote>\n\n\n\n<p><\/p>\n","protected":false},"excerpt":{"rendered":"<p>Turun kaupunki juhlii vuosisataista historiaansa vuonna 2029. Turun yliopiston arkeologit ja historioitsijat perustivat t\u00e4m\u00e4n blogin 800 tarinaa Turun historiasta 1. syyskuuta 2025 foorumiksi, joka kertoo kaupungin moni\u00e4\u00e4nisest\u00e4 menneisyydest\u00e4. Ajatuksena on julkaista lyhyit\u00e4 kirjoituksia ihmiskohtaloista, tilanteista ja tapahtumista \u2013 niin arjen kuin juhlankin hetkist\u00e4. Tavoitteena on julkaista 800 v\u00e4l\u00e4hdyst\u00e4 Turun ja turkulaisten menneisyydest\u00e4 juhlavuoteen 2029 menness\u00e4. &hellip; <a href=\"https:\/\/blogit.utu.fi\/turku800\/kirjoittajat\/\" class=\"more-link\">Jatka lukemista <span class=\"screen-reader-text\">Blogi ja sen kirjoittajat<\/span> <span class=\"meta-nav\">&rarr;<\/span><\/a><\/p>\n","protected":false},"author":29,"featured_media":0,"parent":0,"menu_order":0,"comment_status":"closed","ping_status":"open","template":"","meta":{"footnotes":""},"class_list":["post-2","page","type-page","status-publish","hentry"],"_links":{"self":[{"href":"https:\/\/blogit.utu.fi\/turku800\/wp-json\/wp\/v2\/pages\/2","targetHints":{"allow":["GET"]}}],"collection":[{"href":"https:\/\/blogit.utu.fi\/turku800\/wp-json\/wp\/v2\/pages"}],"about":[{"href":"https:\/\/blogit.utu.fi\/turku800\/wp-json\/wp\/v2\/types\/page"}],"author":[{"embeddable":true,"href":"https:\/\/blogit.utu.fi\/turku800\/wp-json\/wp\/v2\/users\/29"}],"replies":[{"embeddable":true,"href":"https:\/\/blogit.utu.fi\/turku800\/wp-json\/wp\/v2\/comments?post=2"}],"version-history":[{"count":23,"href":"https:\/\/blogit.utu.fi\/turku800\/wp-json\/wp\/v2\/pages\/2\/revisions"}],"predecessor-version":[{"id":551,"href":"https:\/\/blogit.utu.fi\/turku800\/wp-json\/wp\/v2\/pages\/2\/revisions\/551"}],"wp:attachment":[{"href":"https:\/\/blogit.utu.fi\/turku800\/wp-json\/wp\/v2\/media?parent=2"}],"curies":[{"name":"wp","href":"https:\/\/api.w.org\/{rel}","templated":true}]}}