{"id":162,"date":"2021-02-03T09:27:28","date_gmt":"2021-02-03T09:27:28","guid":{"rendered":"https:\/\/blogit.utu.fi\/turunhovioikeus\/?page_id=162"},"modified":"2021-02-03T10:55:50","modified_gmt":"2021-02-03T10:55:50","slug":"forskningsprojektet","status":"publish","type":"page","link":"https:\/\/blogit.utu.fi\/turunhovioikeus\/forskningsprojektet\/","title":{"rendered":"Forskningsprojektet"},"content":{"rendered":"\n<p>Trots att \u00c5bo hovr\u00e4tt har haft en viktig roll vet vi relativt lite om dess historia. Detta beror i stort sett p\u00e5 att domstolens \u00e4ldsta arkiv f\u00f6rst\u00f6rdes i \u00c5bo brand 1827 innan n\u00e5got egentligt historieverk hade hunnit skrivas om institutionens d\u00e5varande historia. Projektets perspektiv \u00e4r b\u00e5de r\u00e4tts- och socialhistoriskt. S\u00e5lunda bidrar det med ny kunskap och nya perspektiv till s\u00e5v\u00e4l den finska som aboensiska r\u00e4ttshistorien p\u00e5 ett s\u00e4tt som utm\u00e4rkt kompletterar Yrj\u00f6 Blomstedts fem \u00e5rtionden gamla verk.<\/p>\n\n\n\n<p>\u00c5bo hovr\u00e4tts personals f\u00f6rh\u00e5llande till \u00c5bo stad och \u00e5bobor \u00e4r till exempel ett t\u00e4mligen outforskat tema. Forskningsgruppen kommer att fylla i denna samt \u00f6vriga forskningsluckor.<\/p>\n\n\n\n<div class=\"wp-block-image\"><figure class=\"aligncenter\"><img decoding=\"async\" src=\"https:\/\/www.finna.fi\/Cover\/Show?id=musketti_tmk.M20%3AVA2000%3A3%3A1%3A3&amp;index=0&amp;size=large&amp;source=Solr\" alt=\"Kansikuva\" \/><figcaption>Foto fr\u00e5n V\u00e5rdberget mot \u00c5bo \u00f6stra centrum med domkyrkans h\u00f6ga torn i mitten. Foto: Uno Sel\u00e9n, \u00c5bo museicentral, Fotoarkivet.<\/figcaption><\/figure><\/div>\n","protected":false},"excerpt":{"rendered":"<p>Trots att \u00c5bo hovr\u00e4tt har haft en viktig roll vet vi relativt lite om dess historia. Detta beror i stort sett p\u00e5 att domstolens \u00e4ldsta arkiv f\u00f6rst\u00f6rdes i \u00c5bo brand 1827 innan n\u00e5got egentligt historieverk hade hunnit skrivas om institutionens &hellip; <a href=\"https:\/\/blogit.utu.fi\/turunhovioikeus\/forskningsprojektet\/\">Lue loppuun <span class=\"meta-nav\">&rarr;<\/span><\/a><\/p>\n","protected":false},"author":5114,"featured_media":0,"parent":0,"menu_order":0,"comment_status":"closed","ping_status":"closed","template":"","meta":{"footnotes":""},"class_list":["post-162","page","type-page","status-publish","hentry"],"_links":{"self":[{"href":"https:\/\/blogit.utu.fi\/turunhovioikeus\/wp-json\/wp\/v2\/pages\/162","targetHints":{"allow":["GET"]}}],"collection":[{"href":"https:\/\/blogit.utu.fi\/turunhovioikeus\/wp-json\/wp\/v2\/pages"}],"about":[{"href":"https:\/\/blogit.utu.fi\/turunhovioikeus\/wp-json\/wp\/v2\/types\/page"}],"author":[{"embeddable":true,"href":"https:\/\/blogit.utu.fi\/turunhovioikeus\/wp-json\/wp\/v2\/users\/5114"}],"replies":[{"embeddable":true,"href":"https:\/\/blogit.utu.fi\/turunhovioikeus\/wp-json\/wp\/v2\/comments?post=162"}],"version-history":[{"count":2,"href":"https:\/\/blogit.utu.fi\/turunhovioikeus\/wp-json\/wp\/v2\/pages\/162\/revisions"}],"predecessor-version":[{"id":180,"href":"https:\/\/blogit.utu.fi\/turunhovioikeus\/wp-json\/wp\/v2\/pages\/162\/revisions\/180"}],"wp:attachment":[{"href":"https:\/\/blogit.utu.fi\/turunhovioikeus\/wp-json\/wp\/v2\/media?parent=162"}],"curies":[{"name":"wp","href":"https:\/\/api.w.org\/{rel}","templated":true}]}}