{"id":21,"date":"2025-05-04T15:48:25","date_gmt":"2025-05-04T12:48:25","guid":{"rendered":"https:\/\/blogit.utu.fi\/tvoseniorit\/?page_id=21"},"modified":"2025-05-19T15:06:09","modified_gmt":"2025-05-19T12:06:09","slug":"osallistuminen-toimitaan","status":"publish","type":"page","link":"https:\/\/blogit.utu.fi\/tvoseniorit\/osallistuminen-toimitaan\/","title":{"rendered":"Osallistuminen toimintaan"},"content":{"rendered":"\n<p>Osakuntaan voivat liitty\u00e4 kaikki varsinaissuomalaisten korkeakoulujen opiskelijat tai niist\u00e4 valmistuneet, ja j\u00e4seneksi on hyv\u00e4ksytty my\u00f6s muualla opiskelleita, joilla on yhteys osakuntaan. Osa tapahtumista on avoimia my\u00f6s muille kuin j\u00e4senille, mutta suuri osa ei ole. J\u00e4senmaksu on kalenterivuonna 2025 10,25 euroa. Mik\u00e4li haluat mukaan toimintaan, laita viesti\u00e4 <a href=\"mailto:tvo@utu.fi\">tvo@utu.fi<\/a>, nimi ja opintosuunta sek\u00e4 oletko opiskelija vai valmistunut. Samasta osoitteesta voi my\u00f6s kysy\u00e4 lis\u00e4tietoja tai ehdottaa yhteisty\u00f6kuvioita.<\/p>\n\n\n\n<p>Turun yliopiston varsinaissuomalainen osakunta (TVO, ep\u00e4virallisemmin my\u00f6s Tevis) on perustettu 1928 maakuntakerhona. Tuolloin oli tavallista, ett\u00e4 opiskelijat liittyiv\u00e4t kotimaakuntansa osakuntaan, joka huolehti vapaa-ajan toiminnasta ja my\u00f6s taloudellisesta tuesta. Senioriyhdistys puolestaan on alkujaan TVO:n valmistuneiden j\u00e4senten yhdistys, mutta se on ottanut viime vuosina monipuolisesti vetovastuuta perinteisest\u00e4 osakunnallisesta toiminnasta. Tullakseen mukaan ei siis tarvitse olla valmistunut. Lis\u00e4ksi arkipuheessa osakuntaa ja senioriyhdistyst\u00e4 saatetaan k\u00e4ytt\u00e4\u00e4 verrattain samassa merkityksess\u00e4.<\/p>\n\n\n\n<p>Vuosittaisia osakunnallisia tapahtumia ovat Floran-p\u00e4iv\u00e4n risteily toukokuussa, maakuntaretki sek\u00e4 l\u00e4himaakuntaretket Turun kaupunginosiin l\u00e4hinn\u00e4 kev\u00e4isin ja syksyisin sek\u00e4 pikkujoulu 5.12. Lis\u00e4ksi vuorovuosin j\u00e4rjestet\u00e4\u00e4n vuosijuhla maaliskuussa ja seniorijuhla syksyll\u00e4. Vuonna 2025 seniorijuhla j\u00e4rjestet\u00e4\u00e4n 18.10. Lis\u00e4ksi syksyll\u00e4 2025 aloitettaneen ep\u00e4muodolliset kuukausittaiset tapaamiset. TVO:lla on yst\u00e4vyysosakunta Virossa, ja heid\u00e4n tapahtumissaan k\u00e4yd\u00e4\u00e4n s\u00e4\u00e4nn\u00f6llisesti.<\/p>\n\n\n\n<p>TVO:lla ei ole t\u00e4ll\u00e4 hetkell\u00e4 omaa fyysist\u00e4 tilaa, mik\u00e4 asettaa omat ehtonsa toiminnan j\u00e4rjest\u00e4miselle. Kokoontumiset tapahtuvat useimmiten tutulla ja turvallisella Yo-talolla Rehtorinpellonkadun varrella, mutta ylioppilaskunnan tilojen sijaan ravintola Proffan Kellarin kabinetissa.<\/p>\n\n\n\n<p>Jos sinulla on jokin idea, jonka haluaisit toteuttaa osakunnallisissa raameissa, kerro rohkeasti! Se voi liitty\u00e4 Turkuun, Varsinais-Suomeen tai maakunta-aatteeseen, mutta se ei ole todellakaan v\u00e4ltt\u00e4m\u00e4t\u00f6nt\u00e4.<\/p>\n","protected":false},"excerpt":{"rendered":"<p>Osakuntaan voivat liitty\u00e4 kaikki varsinaissuomalaisten korkeakoulujen opiskelijat tai niist\u00e4 valmistuneet, ja j\u00e4seneksi on hyv\u00e4ksytty my\u00f6s muualla opiskelleita, joilla on yhteys osakuntaan. Osa tapahtumista on avoimia my\u00f6s muille kuin j\u00e4senille, mutta suuri osa ei ole. J\u00e4senmaksu on kalenterivuonna 2025 10,25 euroa. Mik\u00e4li haluat mukaan toimintaan, laita viesti\u00e4 tvo@utu.fi, nimi ja opintosuunta sek\u00e4 oletko opiskelija vai valmistunut. [&hellip;]<\/p>\n","protected":false},"author":2698,"featured_media":0,"parent":0,"menu_order":0,"comment_status":"closed","ping_status":"closed","template":"","meta":{"footnotes":""},"class_list":["post-21","page","type-page","status-publish","hentry","post-preview"],"_links":{"self":[{"href":"https:\/\/blogit.utu.fi\/tvoseniorit\/wp-json\/wp\/v2\/pages\/21","targetHints":{"allow":["GET"]}}],"collection":[{"href":"https:\/\/blogit.utu.fi\/tvoseniorit\/wp-json\/wp\/v2\/pages"}],"about":[{"href":"https:\/\/blogit.utu.fi\/tvoseniorit\/wp-json\/wp\/v2\/types\/page"}],"author":[{"embeddable":true,"href":"https:\/\/blogit.utu.fi\/tvoseniorit\/wp-json\/wp\/v2\/users\/2698"}],"replies":[{"embeddable":true,"href":"https:\/\/blogit.utu.fi\/tvoseniorit\/wp-json\/wp\/v2\/comments?post=21"}],"version-history":[{"count":4,"href":"https:\/\/blogit.utu.fi\/tvoseniorit\/wp-json\/wp\/v2\/pages\/21\/revisions"}],"predecessor-version":[{"id":95,"href":"https:\/\/blogit.utu.fi\/tvoseniorit\/wp-json\/wp\/v2\/pages\/21\/revisions\/95"}],"wp:attachment":[{"href":"https:\/\/blogit.utu.fi\/tvoseniorit\/wp-json\/wp\/v2\/media?parent=21"}],"curies":[{"name":"wp","href":"https:\/\/api.w.org\/{rel}","templated":true}]}}