{"id":28,"date":"2025-05-04T15:50:32","date_gmt":"2025-05-04T12:50:32","guid":{"rendered":"https:\/\/blogit.utu.fi\/tvoseniorit\/?page_id=28"},"modified":"2025-06-26T10:36:09","modified_gmt":"2025-06-26T07:36:09","slug":"arkistoaarteita","status":"publish","type":"page","link":"https:\/\/blogit.utu.fi\/tvoseniorit\/arkistoaarteita\/","title":{"rendered":"Arkistoaarteita"},"content":{"rendered":"\n<p>Varsinaissuomalaisen Kerhon osio Turun yliopiston ylioppilaskunta ry:n julkaisemassa opaskirjasessa uusille opiskelijoilla syksyll\u00e4 1946<\/p>\n\n\n\n<h3 class=\"wp-block-heading\">Varsinaissuomalainen!<\/h3>\n\n\n\n<p>Kun olet toivorikkaana ja tietoviisaana aukaissut Alma materimme oven ja olet kenties jo tutustunut Kuntaankin, mutta tunnet itsesi ehk\u00e4 kuitenkin hiukan orvoksi etk\u00e4 ole l\u00f6yt\u00e4nyt omaa paikkaasi, tule silloin joukkoomme, varsinaissuomalaisten yhdyssiteen\u00e4 toimivaan Varsinaissuomalaiseen Kerhoon. Sen iloisessa toveripiiriss\u00e4 voit t\u00e4ydent\u00e4\u00e4 opiskelun raskauttamaa el\u00e4m\u00e4\u00e4si sopusointuiseksi kokonaisuudeksi. Sit\u00e4 tekoa et tule koskaan katumaan, sill\u00e4 pyrkimyksen\u00e4mme on osoittaa todeksi tunnuslaulumme sanat:<\/p>\n\n\n\n<blockquote class=\"wp-block-quote is-layout-flow wp-block-quote-is-layout-flow\">\n<p>&#8221;Elon p\u00e4iv\u00e4t kaunehimmat<br>vanha Turku mulle suo.&#8221;<\/p>\n<\/blockquote>\n\n\n\n<p>Tulet huomaamaan, ett\u00e4 jokainen kerholainen huolimatta kuuluisasta varsinaissuomalaisesta j\u00e4ykkyydest\u00e4\u00e4n on enemm\u00e4n kuin tavallinen opiskelutoveri. Heist\u00e4 tulet l\u00f6yt\u00e4m\u00e4\u00e4n uskollisia yst\u00e4vi\u00e4, kukaties viel\u00e4 vakituisen kumppanin el\u00e4m\u00e4n mutkaisille poluille.<\/p>\n\n\n\n<p>Jos laulat, soitat, n\u00e4yttelet tai sinussa piilee joitakin muita kykyj\u00e4, vaikka ei varsin suuriakaan, niin hauskoissa illanvietoissa tutussa toveripiiriss\u00e4 voit esitt\u00e4\u00e4 niit\u00e4 muitten iloksi ja samalla my\u00f6s omaksesi. Vaikka t\u00e4m\u00e4 viekin rahtusen kallista aikaasi, saat palkaksi rakkaita muistoja, esiintymistottumusta ja el\u00e4m\u00e4nkokemusta. Ja ennen kaikkea, jos kirjoitat, runoilet tai piirr\u00e4t, akateeminen mestari PUH (Kerhomme p\u00e4\u00e4-\u00e4\u00e4nenkannattaja) ottaa kiitollisuudella vastaan avustuksiasi. Perinteet velvoittavat. Ellet muuta tee, iloitset muiden mukana ja yhdyt lauluun, leikkiin tai karkeloon, olet yksi meist\u00e4.<\/p>\n\n\n\n<p>Joka syksy tehd\u00e4\u00e4n retki Preitil\u00e4\u00e4n parantolan potilaita viihdytt\u00e4m\u00e4\u00e4n hauskoilla esityksill\u00e4. Muista maaseudulle teht\u00e4vist\u00e4 retkist\u00e4 ei t\u00e4ll\u00e4 hetkell\u00e4 voi sanoa mit\u00e4\u00e4n, mutta tulevaisuudelta odotamme paljon. Ent\u00e4 yhteiset reki-, hiihto- ja k\u00e4velyretket ja suhteiden hoito Helsingin Osakuntaan! V\u00e4h\u00e4n toista vuotta kest\u00e4neen sodanj\u00e4lkeisen toiminnan aikana ei kaikkia perinteit\u00e4 ole viel\u00e4 voitu her\u00e4tt\u00e4\u00e4 henkiin, mutta kun sattuu joutumaan ennen sotia toimineen kerholaispolven edustajien pariin ja n\u00e4m\u00e4 innostuvat muistelemaan menneit\u00e4, kas siin\u00e4 el\u00e4m\u00e4\u00e4, sanat sinkoavat, silm\u00e4t loistavat ja nauru hel\u00e4ht\u00e4\u00e4. Sellaiseksi on kerhoel\u00e4m\u00e4 varmaan j\u00e4lleen muodostuva ja silloin voi ihan jokainen yhty\u00e4 pikku em\u00e4nt\u00e4mme jo nyt lausumiin sanoihin, ett\u00e4 Varsinaissuomalainen Kerho on maailman paras kerho.<\/p>\n\n\n\n<p>Tervetuloa sen piiriin! Julia<\/p>\n\n\n\n<hr class=\"wp-block-separator has-alpha-channel-opacity is-style-default\" \/>\n\n\n\n<figure class=\"wp-block-embed is-type-video is-provider-youtube wp-block-embed-youtube wp-embed-aspect-16-9 wp-has-aspect-ratio\"><div class=\"wp-block-embed__wrapper\">\n<iframe loading=\"lazy\" title=\"\u00c4\u00c4NI\u00c4 MAAN ALTA - JAM-SESSIOISTA HARDCORE PUNKKIIN 1956 \u2013 2010\" width=\"676\" height=\"380\" src=\"https:\/\/www.youtube.com\/embed\/OwoJkWQ4cBU?feature=oembed\" frameborder=\"0\" allow=\"accelerometer; autoplay; clipboard-write; encrypted-media; gyroscope; picture-in-picture; web-share\" referrerpolicy=\"strict-origin-when-cross-origin\" allowfullscreen><\/iframe>\n<\/div><figcaption class=\"wp-element-caption\">\u00c4\u00c4NI\u00c4 MAAN ALTA \u2013 JAM-SESSIOISTA HARDCOREPUNKKIIN 1956-2010. <br>Elokuva kertoo turkulaisen legendaarisen TVO:n musiikkiklubin tarinan 1960-luvun jazz-jameista 2010-luvun hiphop-, punk- ja metallikeikkoihin ja siihen miten klubi lopulta h\u00e4\u00e4dettiin pois kellaritiloista Ylioppilastalosta j\u00e4tt\u00e4en ison aukon turkulaiseen el\u00e4v\u00e4n musiikin kentt\u00e4\u00e4n. Elokuva valittiin Tampereen elokuvajuhlille, Suomalaisen elokuvan festivaalille, DocPoint festivaalille ja Kinos festivaalille, jossa se sai kunniamaininnan musiikkielokuvien kategoriassa. Ohjaus \u200bJanne Leimola.<\/figcaption><\/figure>\n","protected":false},"excerpt":{"rendered":"<p>Varsinaissuomalaisen Kerhon osio Turun yliopiston ylioppilaskunta ry:n julkaisemassa opaskirjasessa uusille opiskelijoilla syksyll\u00e4 1946 Varsinaissuomalainen! Kun olet toivorikkaana ja tietoviisaana aukaissut Alma materimme oven ja olet kenties jo tutustunut Kuntaankin, mutta tunnet itsesi ehk\u00e4 kuitenkin hiukan orvoksi etk\u00e4 ole l\u00f6yt\u00e4nyt omaa paikkaasi, tule silloin joukkoomme, varsinaissuomalaisten yhdyssiteen\u00e4 toimivaan Varsinaissuomalaiseen Kerhoon. Sen iloisessa toveripiiriss\u00e4 voit t\u00e4ydent\u00e4\u00e4 opiskelun [&hellip;]<\/p>\n","protected":false},"author":2698,"featured_media":0,"parent":0,"menu_order":0,"comment_status":"closed","ping_status":"closed","template":"","meta":{"footnotes":""},"class_list":["post-28","page","type-page","status-publish","hentry","post-preview"],"_links":{"self":[{"href":"https:\/\/blogit.utu.fi\/tvoseniorit\/wp-json\/wp\/v2\/pages\/28","targetHints":{"allow":["GET"]}}],"collection":[{"href":"https:\/\/blogit.utu.fi\/tvoseniorit\/wp-json\/wp\/v2\/pages"}],"about":[{"href":"https:\/\/blogit.utu.fi\/tvoseniorit\/wp-json\/wp\/v2\/types\/page"}],"author":[{"embeddable":true,"href":"https:\/\/blogit.utu.fi\/tvoseniorit\/wp-json\/wp\/v2\/users\/2698"}],"replies":[{"embeddable":true,"href":"https:\/\/blogit.utu.fi\/tvoseniorit\/wp-json\/wp\/v2\/comments?post=28"}],"version-history":[{"count":4,"href":"https:\/\/blogit.utu.fi\/tvoseniorit\/wp-json\/wp\/v2\/pages\/28\/revisions"}],"predecessor-version":[{"id":106,"href":"https:\/\/blogit.utu.fi\/tvoseniorit\/wp-json\/wp\/v2\/pages\/28\/revisions\/106"}],"wp:attachment":[{"href":"https:\/\/blogit.utu.fi\/tvoseniorit\/wp-json\/wp\/v2\/media?parent=28"}],"curies":[{"name":"wp","href":"https:\/\/api.w.org\/{rel}","templated":true}]}}