{"id":29,"date":"2019-08-16T18:16:59","date_gmt":"2019-08-16T18:16:59","guid":{"rendered":"https:\/\/blogit.utu.fi\/utopiaako\/?page_id=29"},"modified":"2021-09-29T13:28:05","modified_gmt":"2021-09-29T13:28:05","slug":"tietoa","status":"publish","type":"page","link":"https:\/\/blogit.utu.fi\/utopiaako\/tietoa\/","title":{"rendered":"Tietoa"},"content":{"rendered":"<p><em>Utopiaako? <\/em>-hanke oli vuosina 2019-21 toteutunut Suomen Kulttuurirahaston Varsinais-Suomen rahaston suurhanke, jonka j\u00e4rjestiv\u00e4t Turun AMK ja Turun yliopisto.<\/p>\n<p><em>\u00a0<\/em><\/p>\n<p style=\"text-align: left\">Turun yliopiston ja Turun AMK:n Taideakatemian opiskelijat ja opettajat yhdistiv\u00e4t voimansa ja tuottivat toisen asteen opiskelijoille el\u00e4myksellisi\u00e4 taidel\u00e4ht\u00f6isi\u00e4 ty\u00f6pajoja yhteiskunnallisesta vaikuttamisesta. Tavoitteena oli ennen muuta antaa toisen asteen opiskelijoille v\u00e4lineit\u00e4 j\u00e4sent\u00e4\u00e4 informaatiokaaosta ja ajatella tulevaisuudesta my\u00f6s positiivisesti.<\/p>\n<p style=\"text-align: left\">\n<p style=\"text-align: left\">Turun yliopiston tutkijat ja opiskelijat mm. tulevaisuuden tutkimuksesta, oikeustieteest\u00e4, kasvatustieteest\u00e4, valtio-opista, psykologiasta, fysiikasta, maantieteest\u00e4, filosofiasta ja kulttuurihistoriasta ty\u00f6stiv\u00e4t teemoja Turun AMK:n taideaineiden opettajien ja opiskelijoiden kanssa, jotta vaikeista ja monimutkaisista kysymyksist\u00e4 saatiin innostavia ja el\u00e4myksellisi\u00e4.<\/p>\n<p style=\"text-align: left\">\n<p style=\"text-align: left\">P\u00e4\u00e4teema <em>Huomioivampi huominen<\/em> tarjosi mahdollisuuden tarkastella maailmaa ja tulevaisuutta useasta n\u00e4k\u00f6kulmasta. Ty\u00f6pajoissa k\u00e4siteltiin mm. rakentavaa vuorovaikutusta, vihapuhetta, luonnonvarojen k\u00e4ytt\u00f6\u00e4, yhteiskuntaa, ilmastonmuutosta, vaikuttamisen tapoja sek\u00e4 tiedonhankintaa.<\/p>\n<p style=\"text-align: left\">\n<p style=\"text-align: left\">Hankkeen kuluessa tuotettiin kouluille\u00a0 ty\u00f6pajamalleja oppimateriaaliksi. Elokuussa 2021 j\u00e4rjestettiin n\u00e4yttely Avaruuspuisto V\u00e4is\u00e4l\u00e4ss\u00e4 Piikki\u00f6ss\u00e4 ja juhlistettiin hankkeen p\u00e4\u00e4t\u00f6st\u00e4.<\/p>\n<p><img loading=\"lazy\" decoding=\"async\" class=\"alignnone size-medium wp-image-41 aligncenter\" src=\"https:\/\/blogit.utu.fi\/utopiaako\/wp-content\/uploads\/sites\/404\/2019\/08\/UTU_logo_FI_RGB-300x121.jpg\" alt=\"\" width=\"300\" height=\"121\" srcset=\"https:\/\/blogit.utu.fi\/utopiaako\/wp-content\/uploads\/sites\/404\/2019\/08\/UTU_logo_FI_RGB-300x121.jpg 300w, https:\/\/blogit.utu.fi\/utopiaako\/wp-content\/uploads\/sites\/404\/2019\/08\/UTU_logo_FI_RGB-768x311.jpg 768w, https:\/\/blogit.utu.fi\/utopiaako\/wp-content\/uploads\/sites\/404\/2019\/08\/UTU_logo_FI_RGB-1024x414.jpg 1024w, https:\/\/blogit.utu.fi\/utopiaako\/wp-content\/uploads\/sites\/404\/2019\/08\/UTU_logo_FI_RGB.jpg 1236w\" sizes=\"auto, (max-width: 300px) 100vw, 300px\" \/><\/p>\n<p style=\"text-align: center\">\n<p style=\"text-align: center\"><img loading=\"lazy\" decoding=\"async\" class=\" wp-image-38\" src=\"https:\/\/blogit.utu.fi\/utopiaako\/wp-content\/uploads\/sites\/404\/2019\/08\/turku_amk_eng_rgb-300x167.jpg\" alt=\"\" width=\"263\" height=\"132\" \/><\/p>\n<p style=\"text-align: center\">\n<p><img loading=\"lazy\" decoding=\"async\" class=\"alignnone  wp-image-44 aligncenter\" src=\"https:\/\/blogit.utu.fi\/utopiaako\/wp-content\/uploads\/sites\/404\/2019\/08\/vs_harmaa_cmyk-300x300.jpg\" alt=\"\" width=\"173\" height=\"161\" \/><\/p>\n","protected":false},"excerpt":{"rendered":"<p>Utopiaako? -hanke oli vuosina 2019-21 toteutunut Suomen Kulttuurirahaston Varsinais-Suomen rahaston suurhanke, jonka j\u00e4rjestiv\u00e4t Turun AMK ja Turun yliopisto. \u00a0 Turun<\/p>\n","protected":false},"author":15497,"featured_media":0,"parent":0,"menu_order":0,"comment_status":"closed","ping_status":"closed","template":"","meta":{"footnotes":""},"class_list":["post-29","page","type-page","status-publish","hentry","comments-off"],"_links":{"self":[{"href":"https:\/\/blogit.utu.fi\/utopiaako\/wp-json\/wp\/v2\/pages\/29","targetHints":{"allow":["GET"]}}],"collection":[{"href":"https:\/\/blogit.utu.fi\/utopiaako\/wp-json\/wp\/v2\/pages"}],"about":[{"href":"https:\/\/blogit.utu.fi\/utopiaako\/wp-json\/wp\/v2\/types\/page"}],"author":[{"embeddable":true,"href":"https:\/\/blogit.utu.fi\/utopiaako\/wp-json\/wp\/v2\/users\/15497"}],"replies":[{"embeddable":true,"href":"https:\/\/blogit.utu.fi\/utopiaako\/wp-json\/wp\/v2\/comments?post=29"}],"version-history":[{"count":8,"href":"https:\/\/blogit.utu.fi\/utopiaako\/wp-json\/wp\/v2\/pages\/29\/revisions"}],"predecessor-version":[{"id":702,"href":"https:\/\/blogit.utu.fi\/utopiaako\/wp-json\/wp\/v2\/pages\/29\/revisions\/702"}],"wp:attachment":[{"href":"https:\/\/blogit.utu.fi\/utopiaako\/wp-json\/wp\/v2\/media?parent=29"}],"curies":[{"name":"wp","href":"https:\/\/api.w.org\/{rel}","templated":true}]}}