{"id":123,"date":"2014-10-10T12:23:11","date_gmt":"2014-10-10T10:23:11","guid":{"rendered":"https:\/\/blogit.utu.fi\/utopiat\/?page_id=123"},"modified":"2014-11-24T16:17:54","modified_gmt":"2014-11-24T14:17:54","slug":"syksyn-2014-ohjelma","status":"publish","type":"page","link":"https:\/\/blogit.utu.fi\/utopiat\/syksyn-2014-ohjelma\/","title":{"rendered":"Syksyn 2014 ohjelma"},"content":{"rendered":"<p>10.10. klo 10-12 Virkkunen (Minerva, 1. krs, Kaivokatu 12)<br \/>\nFL <strong>Hanne Koiviston<\/strong> artikkelik\u00e4sikirjoitus aistihavainnoista Espanjan sis\u00e4llissodasta.<\/p>\n<p>24.10. klo 10-12, Aikala (Historicum, 2. krs, Kaivokatu 12)<br \/>\nLukupiiriss\u00e4 Ludvig Holbergin (1684-1754) <em>A Journey to the World Under-ground: being the subterraneous travels of Niels Klim<\/em> (1741). Casanovaakin inspiroineen, Pohjoismaiden Voltaireksi kutsutun kirjailijan varhainen tieteiskertomus matkasta maanalaliseen maailmaan, jossa mm. vallitsee sukupuolten v\u00e4linen tasa-arvo.<\/p>\n<p>7.11. klo 10-12, Virkkunen<br \/>\nUtopia sarjakuvassa. Sarjakuvat ovat olleet merkitt\u00e4v\u00e4 yhteiskunnallisen ja historiallisen kommentoinnin ja unelmoinnin muoto. Tilaisuudessa pohditaan sarjakuvan merkityst\u00e4 urbaanina ja tulevaisuuteen kohdituvia toiveita ja pelkoja k\u00e4sittelev\u00e4n\u00e4 ja kantaaottavana kulttuurin muotona. Tapaamiseen ovat tervetulleita kaikki, joita kiinnostaa sarjakuvan tai piirretyn elokuvan suhde utopiaan.<\/p>\n<p>14.11. klo 17-18. Retki Turun taidemuseoon. Islantilaisen postmodernistin Err\u00f3n n\u00e4yttely.<\/p>\n<p>21.11. klo 10-12, Aikala<br \/>\nLukupiiriss\u00e4 Sixten Korkmanin teos <em>Talous ja utopia<\/em> (Docendo 2013).<\/p>\n<p>3.12. klo 14-16, Aikala<br \/>\nVierailuluento. <strong>Marja H\u00e4rm\u00e4nmaa<\/strong>:\u00a0<em>Utopioiden utopia. Italialainen \u00e4lymyst\u00f6 ja ensimm\u00e4inen maailmansota<\/em>. FT Marja H\u00e4rm\u00e4nmaa on italian kielen yliopistonlehtori Helsingin yliopistossa. H\u00e4n on perehtynyt erityisesti italialaiseen futurismiin ja Marinettiin, Gabriele D&#8217;Annunzioon, poliittisen ja mediadiskurssin kriittiseen tarkasteluun sek\u00e4 italialaiseen fasismiin.<\/p>\n","protected":false},"excerpt":{"rendered":"<p>10.10. klo 10-12 Virkkunen (Minerva, 1. krs, Kaivokatu 12) FL Hanne Koiviston artikkelik\u00e4sikirjoitus aistihavainnoista Espanjan sis\u00e4llissodasta. 24.10. klo 10-12, Aikala (Historicum, 2. krs, Kaivokatu 12) Lukupiiriss\u00e4 Ludvig Holbergin (1684-1754) A Journey to the World Under-ground: being the subterraneous travels of &hellip; <a href=\"https:\/\/blogit.utu.fi\/utopiat\/syksyn-2014-ohjelma\/\">Lue loppuun <span class=\"meta-nav\">&rarr;<\/span><\/a><\/p>\n","protected":false},"author":33,"featured_media":0,"parent":0,"menu_order":0,"comment_status":"open","ping_status":"open","template":"","meta":{"footnotes":""},"class_list":["post-123","page","type-page","status-publish","hentry"],"_links":{"self":[{"href":"https:\/\/blogit.utu.fi\/utopiat\/wp-json\/wp\/v2\/pages\/123","targetHints":{"allow":["GET"]}}],"collection":[{"href":"https:\/\/blogit.utu.fi\/utopiat\/wp-json\/wp\/v2\/pages"}],"about":[{"href":"https:\/\/blogit.utu.fi\/utopiat\/wp-json\/wp\/v2\/types\/page"}],"author":[{"embeddable":true,"href":"https:\/\/blogit.utu.fi\/utopiat\/wp-json\/wp\/v2\/users\/33"}],"replies":[{"embeddable":true,"href":"https:\/\/blogit.utu.fi\/utopiat\/wp-json\/wp\/v2\/comments?post=123"}],"version-history":[{"count":6,"href":"https:\/\/blogit.utu.fi\/utopiat\/wp-json\/wp\/v2\/pages\/123\/revisions"}],"predecessor-version":[{"id":163,"href":"https:\/\/blogit.utu.fi\/utopiat\/wp-json\/wp\/v2\/pages\/123\/revisions\/163"}],"wp:attachment":[{"href":"https:\/\/blogit.utu.fi\/utopiat\/wp-json\/wp\/v2\/media?parent=123"}],"curies":[{"name":"wp","href":"https:\/\/api.w.org\/{rel}","templated":true}]}}