{"id":68,"date":"2011-10-25T15:06:00","date_gmt":"2011-10-25T13:06:00","guid":{"rendered":"http:\/\/blogit.utu.fi\/utopiat\/?page_id=68"},"modified":"2015-01-07T13:28:24","modified_gmt":"2015-01-07T11:28:24","slug":"syksyn-2011-ohjelma","status":"publish","type":"page","link":"https:\/\/blogit.utu.fi\/utopiat\/syksyn-2011-ohjelma\/","title":{"rendered":"Syksyn 2011 ohjelma"},"content":{"rendered":"<p><strong>Tiistai 11.10.<br \/>\n<\/strong>Suunnittelupalaveri. UAT-ryhm\u00e4n syksyn 2011 ohjelman suunnittelua.\u00a0\u00a0Paikka: Aikala-sali, Historicum 2. krs. (Kaivokatu 12) Aika: klo 14-16.<\/p>\n<p><strong>Tiistai 18.10.<br \/>\n<\/strong>Lukupiiri.\u00a0 Ennakkoon luettavana Johdantoartikkeli (Fatima Vieira: The Concept of Utopia) teoksesta <em>Cambridge Companion to Utopian Literature<\/em>. Artikkelin paperikopioita saatavana Yleisen historian k\u00e4yt\u00e4v\u00e4lt\u00e4. UAT-ryhm\u00e4n lokerosta. Tapaamisessa valitaan muutama teoksen artikkeli tarkempaa esittely\u00e4 varten. Paikka: Musiikkitieteen Salonki, huone V108,\u00a0 Artium, katutaso (Kaivokatu 12). Aika: klo 14-16.<\/p>\n<p><strong>Tiistai 1.11.<br \/>\n<\/strong>Lukupiiri. Artikkeliesittelyt ja keskustelua teoksesta<em> Cambridge Companion to Utopian Literature<\/em>. Paikka: Musiikkitieteen Salonki, huone V108,\u00a0 Artium, katutaso (Kaivokatu 12). Aika: klo 14-16.<\/p>\n<p><strong>Maanantai 7.11.<br \/>\n<\/strong>Lukupiiri.\u00a0Artikkeliesittelyt ja keskustelua teoksesta<em> Cambridge Companion to Utopian Literature<\/em>. Paikka: Musiikkitieteen Salonki, huone V108,\u00a0 Artium, katutaso (Kaivokatu 12). Aika: klo 14-16.<\/p>\n<p><strong>Maanantai 14.11.<br \/>\n<\/strong>Elokuva. <strong>Neil Blomkamp<\/strong>: <em>District 9<\/em> (Etel\u00e4-Afrikka\/ USA 2009, 112 min.). Paikka: Yleisen historian seminaarihuone J\u00e4ntere, Minerva, 1. krs. (Kaivokatu 12). Aika: klo 16-18.<\/p>\n<p><strong>Torstai\u00a015.12.<br \/>\n<\/strong>Tutkimustapaaminen. Keskustelua Nostalgia ja utopia -kirjan johdantoartikkelista sek\u00e4 teoksesta<em> Cambridge Companion to Utopian Literature<\/em>.\u00a0Paikka: Seminaarihuone Virkkunen, Minerva 1.krs (Kaivokatu 12). Aika: klo 14-16.<\/p>\n","protected":false},"excerpt":{"rendered":"<p>Tiistai 11.10. Suunnittelupalaveri. UAT-ryhm\u00e4n syksyn 2011 ohjelman suunnittelua.\u00a0\u00a0Paikka: Aikala-sali, Historicum 2. krs. (Kaivokatu 12) Aika: klo 14-16. Tiistai 18.10. Lukupiiri.\u00a0 Ennakkoon luettavana Johdantoartikkeli (Fatima Vieira: The Concept of Utopia) teoksesta Cambridge Companion to Utopian Literature. Artikkelin paperikopioita saatavana Yleisen historian &hellip; <a href=\"https:\/\/blogit.utu.fi\/utopiat\/syksyn-2011-ohjelma\/\">Lue loppuun <span class=\"meta-nav\">&rarr;<\/span><\/a><\/p>\n","protected":false},"author":4,"featured_media":0,"parent":0,"menu_order":0,"comment_status":"closed","ping_status":"closed","template":"","meta":{"footnotes":""},"class_list":["post-68","page","type-page","status-publish","hentry"],"_links":{"self":[{"href":"https:\/\/blogit.utu.fi\/utopiat\/wp-json\/wp\/v2\/pages\/68","targetHints":{"allow":["GET"]}}],"collection":[{"href":"https:\/\/blogit.utu.fi\/utopiat\/wp-json\/wp\/v2\/pages"}],"about":[{"href":"https:\/\/blogit.utu.fi\/utopiat\/wp-json\/wp\/v2\/types\/page"}],"author":[{"embeddable":true,"href":"https:\/\/blogit.utu.fi\/utopiat\/wp-json\/wp\/v2\/users\/4"}],"replies":[{"embeddable":true,"href":"https:\/\/blogit.utu.fi\/utopiat\/wp-json\/wp\/v2\/comments?post=68"}],"version-history":[{"count":1,"href":"https:\/\/blogit.utu.fi\/utopiat\/wp-json\/wp\/v2\/pages\/68\/revisions"}],"predecessor-version":[{"id":132,"href":"https:\/\/blogit.utu.fi\/utopiat\/wp-json\/wp\/v2\/pages\/68\/revisions\/132"}],"wp:attachment":[{"href":"https:\/\/blogit.utu.fi\/utopiat\/wp-json\/wp\/v2\/media?parent=68"}],"curies":[{"name":"wp","href":"https:\/\/api.w.org\/{rel}","templated":true}]}}