{"id":1349,"date":"2022-01-05T14:28:36","date_gmt":"2022-01-05T14:28:36","guid":{"rendered":"https:\/\/blogit.utu.fi\/uutiskirje\/?page_id=1349"},"modified":"2022-01-05T14:28:37","modified_gmt":"2022-01-05T14:28:37","slug":"joulukuu-2021","status":"publish","type":"page","link":"https:\/\/blogit.utu.fi\/uutiskirje\/joulukuu-2021\/","title":{"rendered":"Joulukuu 2021"},"content":{"rendered":"\n<p>joulukuu 17, 2021 \/ <a href=\"https:\/\/blogit.utu.fi\/uutiskirje\/category\/uncategorized\/\">Uncategorized<\/a><\/p>\n\n\n\n<p><a href=\"https:\/\/blogit.utu.fi\/uutiskirje\/wp-admin\/post.php?post=3&amp;action=edit\">Edit post<\/a><\/p>\n\n\n\n<p>Joulukuun uutiskirjeess\u00e4 mm. tulevasta sivuainehausta ja siihen liittyv\u00e4st\u00e4 infosta ja sivuaine-esittelyist\u00e4, opintohallinnon joulutauosta, tukiopiskelijatoiminnasta, vaihtohauista ja kev\u00e4\u00e4ll\u00e4 tarjolla olevista muista opiskelumahdollisuuksista.<\/p>\n\n\n\n<p>Hyv\u00e4\u00e4 joulua ja onnellista uutta vuotta 2022!&nbsp;&nbsp;<\/p>\n\n\n\n<figure class=\"wp-block-image\"><img loading=\"lazy\" decoding=\"async\" width=\"300\" height=\"172\" src=\"https:\/\/blogit.utu.fi\/uutiskirje\/wp-content\/uploads\/sites\/570\/2021\/12\/joulukortti-2021-2-300x172.gif\" alt=\"\" class=\"wp-image-1308\" srcset=\"https:\/\/blogit.utu.fi\/uutiskirje\/wp-content\/uploads\/sites\/570\/2021\/12\/joulukortti-2021-2-300x172.gif 300w, https:\/\/blogit.utu.fi\/uutiskirje\/wp-content\/uploads\/sites\/570\/2021\/12\/joulukortti-2021-2-260x149.gif 260w\" sizes=\"auto, (max-width: 300px) 100vw, 300px\" \/><\/figure>\n\n\n\n<p>Merry Christmas and Happy New Year 2022!<\/p>\n\n\n\n<h1 class=\"wp-block-heading\">Sivuainehaku lv. 2022-2023<\/h1>\n\n\n\n<p>Sivuainehaku lukuvuodelle 2022-2023 k\u00e4ynnistyy tammikuussa 20.1.2022. Tutustu ennen haun k\u00e4ynnistymist\u00e4 Sivuaineinfo 2022 Rauman kampus -moodlekurssin ohjelmaan. L\u00f6yd\u00e4t kurssialueelta yleisen sivuaineinfon (tallenne) sek\u00e4 sivuaine-esittelyt (tallenteina\/zoom). Tallenteet ym. julkaistaan moodlessa tammikuun alkupuolella ennen hakuajan alkamista. Moodle-kurssin keskustelualueella voit esitt\u00e4\u00e4 esitysten ja tallenteiden katsomisen j\u00e4lkeen sivuaineisiin liittyvi\u00e4 kysymyksi\u00e4. Kysymykset ja vastaukset ovat keskustelualueella kaikkien luettavissa. &nbsp; <a href=\"https:\/\/moodle.utu.fi\/course\/view.php?id=23296\">https:\/\/moodle.utu.fi\/course\/view.php?id=23296<\/a><\/p>\n\n\n\n<h1 class=\"wp-block-heading\">Opintohallinto lomailee<\/h1>\n\n\n\n<p>Opintohallinto viett\u00e4\u00e4 joululomaa 23.-31.12.2021 v\u00e4lisen ajan. Olemme tavattavissa j\u00e4lleen 3.1.2022 l\u00e4htien. &nbsp;<\/p>\n\n\n\n<h1 class=\"wp-block-heading\">Mielen p\u00e4\u00e4ll\u00e4 -tukiopiskelijatoiminta<\/h1>\n\n\n\n<p><strong>Mielen p\u00e4\u00e4ll\u00e4 -tukiopiskelijatoiminnan<\/strong> tavoitteena on olla juuri Sinun tukenasi! Haluamme edist\u00e4\u00e4 yhteis\u00f6llisyytt\u00e4 sek\u00e4 mielenterveellist\u00e4 puhekulttuuria vertaistukitoiminnalla. Vertaistuki tuo vaikeisiin tilanteisiin nopeasti apua ja helpotusta. Parhaimmillaan vertaistuki tarjoaa uusia n\u00e4k\u00f6kulmia ja k\u00e4yt\u00e4nn\u00f6n vinkkej\u00e4, jotka auttavat arjessa selviytymist\u00e4, lis\u00e4\u00e4v\u00e4t voimavaroja ja luovat toiveikkuutta. <strong>Mielen p\u00e4\u00e4ll\u00e4 olevista asioista on ok puhua!<\/strong><\/p>\n\n\n\n<p><strong>Ota yhteytt\u00e4<\/strong> <strong>koulutettuun tukiopiskelijaan, kun kaipaat luottamuksellista keskustelukaveria tai seuraa kampusalueelle. <a href=\"https:\/\/sites.utu.fi\/mielenpaalla\/jutellaanko-yhteydenottolomake\/\">Yhteydenottolomake: Jutellaanko? | Mielen p\u00e4\u00e4ll\u00e4 (utu.fi)&nbsp;<\/a><br><\/strong>Kurkkaa my\u00f6s kattava tukipalvelulistaus verkkosivuiltamme: <a href=\"https:\/\/sites.utu.fi\/mielenpaalla\/tukipalvelut\/\">Tukipalvelut | Mielen p\u00e4\u00e4ll\u00e4 (utu.fi)<\/a>!<\/p>\n\n\n\n<p><strong>***<\/strong><\/p>\n\n\n\n<p><strong>Kiinnostaisiko Sinua l\u00e4hte\u00e4 mukaan tukiopiskelijatoimintaan 2022?<\/strong><\/p>\n\n\n\n<p>\u201dOlen tyk\u00e4nnyt tukiopiskelijana toimimisesta todella paljon. Olen mm. p\u00e4\u00e4ssyt promoamaan meid\u00e4n hanketta erilaisissa tapahtumissa ja tuntuu silt\u00e4, ett\u00e4 p\u00e4\u00e4see oikeasti auttamaan ihmisi\u00e4 vertaistuen muodossa -t\u00e4m\u00e4 on minusta parasta! My\u00f6s tukiopiskelijan teht\u00e4viin voi panostaa sen verran aikaa mink\u00e4 haluaa\/kerke\u00e4\u00e4. Todellakin suosittelisin tukiopiskelijaksi hakemista. Tukiopiskelijana my\u00f6s tutustuu eri tiedekuntien ja oppiaineen opiskelijoihin, joka on ollut my\u00f6s yksi parhaista asioista tukiopiskelijana olossa.<br>-Vilma, tukiopiskelija\u201d<\/p>\n\n\n\n<p>Sivuiltamme l\u00f6yd\u00e4t nyt my\u00f6s lomakkeen, jonka avulla voit j\u00e4tt\u00e4\u00e4 yhteystietosi ensi vuoden tukiopiskelijarekrytointeja ajatellen! L\u00f6yd\u00e4t lomakkeen t\u00e4\u00e4lt\u00e4: <a href=\"https:\/\/sites.utu.fi\/mielenpaalla\/mukaan-tukiopiskelijatoimintaan-2022\/\">Mukaan tukiopiskelijatoimintaan 2022? | Mielen p\u00e4\u00e4ll\u00e4 (utu.fi)<\/a><\/p>\n\n\n\n<p>***<\/p>\n\n\n\n<p>Katso my\u00f6s blogi <a href=\"https:\/\/blogit.utu.fi\/utu\/2021\/11\/25\/mielenterveyden-edistaminen-vaatii-tiedekuntakohtaisia-ratkaisuja\/\">Mielenterveyden edist\u00e4minen vaatii tiedekuntakohtaisia ratkaisuja \u2013 Turun yliopiston blogi (utu.fi)<\/a><\/p>\n\n\n\n<p>sek\u00e4 Tylkk\u00e4rin kirjoitus mielenterveyskyselyst\u00e4: <a href=\"https:\/\/www.tylkkari.fi\/kampus\/814-vastausta-opiskelijoiden-mielenterveyskyselyyn-nelja-viidesta-kokenut-ahdistusta-osa\">814 vastausta opiskelijoiden mielenterveyskyselyyn: nelj\u00e4 viidest\u00e4 kokenut ahdistusta, osa ep\u00e4tietoisia yliopiston tukimuodoista | Turun ylioppilaslehti (tylkkari.fi)<\/a><\/p>\n\n\n\n<h1 class=\"wp-block-heading\">P\u00e4\u00e4haku lukuvuoden 2022-2023 vaihtopaikkoihin<\/h1>\n\n\n\n<p>P\u00e4\u00e4haku vaihtoon lukuvuodelle 2022-2023 aukeaa maanantaina 13.12.2021. Haussa ovat syksyn 2022, kev\u00e4\u00e4n 2023 ja koko lukuvuoden 2022-2023 vaihtopaikat. Vaihtoon voi hakea Eurooppaan, Ven\u00e4j\u00e4lle, Pohjoismaihin, Aasiaan, Pohjois-Amerikkaan, Latinalaiseen Amerikkaan, Australiaan ja Afrikkaan.<\/p>\n\n\n\n<p>Haku tapahtuu s\u00e4hk\u00f6isesti SoleMove-j\u00e4rjestelm\u00e4ss\u00e4. Hakulomake sulkeutuu 20.1.2022 klo 23.59. T\u00e4m\u00e4n j\u00e4lkeen hakemuksia ei voi en\u00e4\u00e4 j\u00e4tt\u00e4\u00e4.&nbsp; &nbsp;<\/p>\n\n\n\n<p><strong>Haussa olevat ohjelmat:<\/strong><\/p>\n\n\n\n<ul class=\"wp-block-list\"><li>Kahdenv\u00e4liset vaihtopaikat (paitsi Pohjois-Amerikka) Euroopan ulkopuolelle<\/li><li>North2North Pohjois-Amerikkaan ja Pohjoismaihin<\/li><li>Erasmus+ Eurooppaan<\/li><li>Coimbra Eurooppaan<\/li><li>Nordplus Pohjoismaihin ja Balttiaan<\/li><li>Erasmus+ globaali liikkuvuus Euroopan ulkopuolelle<\/li><\/ul>\n\n\n\n<h2 class=\"wp-block-heading\">Apua vaihtopaikan valintaan ja hakuprosessiin on tarjolla!<\/h2>\n\n\n\n<p>Joulukuussa viikolla 7.-10.12.2021 j\u00e4rjestet\u00e4\u00e4n infotilaisuuksia, joissa k\u00e4sitell\u00e4\u00e4n vaihtoon hakemista ja vaihtokohteita. Rekryll\u00e4 on my\u00f6s oma infonsa ulkomaan harjoittelumahdollisuuksista. Tarkempi aikataulu <a href=\"https:\/\/intranet.utu.fi\/index\/vaihtoon-hakeminen\/Sivut\/vaihtoinfoja.aspx\">intranet-sivuilla<\/a>.<\/p>\n\n\n\n<p><strong>Q&amp;A-hakuneuvonta zoomissa!<\/strong><\/p>\n\n\n\n<p><a href=\"https:\/\/utu.zoom.us\/j\/65057032335\">Ke 5.1.2022 klo 14-15<\/a><br><a href=\"https:\/\/utu.zoom.us\/j\/64502128525%E2%80%8B\">Ke 12.1.2022 klo 14-15<\/a><\/p>\n\n\n\n<p>Vaihtoon l\u00e4ht\u00f6\u00f6n liittyv\u00e4\u00e4 erityisneuvontaa on tarjolla lis\u00e4ksi s-postitse sek\u00e4 puhelimitse. S-postitse voi halutessaan sopia my\u00f6s kahdenkeskeisen Zoom-tapaamisen.<\/p>\n\n\n\n<h3 class=\"wp-block-heading\">Hy\u00f6dyllisi\u00e4 intranet-linkkej\u00e4:<\/h3>\n\n\n\n<p><a href=\"https:\/\/intranet.utu.fi\/index\/vaihtoon-hakeminen\/Sivut\/default.aspx\">Lis\u00e4tietoa vaihto-opiskelun mahdollisuuksista<\/a> kansainv\u00e4lisen liikkuvuuden intranet-sivuilla.<br><a href=\"https:\/\/intranet.utu.fi\/index\/vaihtoon-hakeminen\/Sivut\/Vaihtopaikat-ja-vaihto-ohjelmat.aspx\">Ohjeet vaihtopaikkoihin tutustumiseen<\/a> intranetiss\u00e4. HUOM! vaihtopaikat p\u00e4ivitetty SoleMove-j\u00e4rjestelm\u00e4\u00e4n 13.12.2021 l\u00e4htien.<br><a href=\"https:\/\/intranet.utu.fi\/index\/vaihtoon-hakeminen\/Sivut\/Vaihtoon-hakeminen.aspx\">Ohjeet vaihtohakemuksen tekemiseen<\/a> intranetiss\u00e4.<br><a href=\"https:\/\/saas.solenovo.fi\/solemove\/disp\/_\/en\/public\/nop\/nop\/nop\">Linkki SoleMoveen<\/a>.<\/p>\n\n\n\n<p><a href=\"https:\/\/issuu.com\/turun_yliopisto\/docs\/opiskelijavaihtoon-lahtevan-opas-2022-2023?fr=sNDBlZjMyNDc5ODg\">Opiskelijavaihtoon l\u00e4htev\u00e4n opas<\/a><\/p>\n\n\n\n<p>Tutustuthan vaihto-opintoja suunnitellessasi huolellisesti intranetin ohjeisiin.<br>Lis\u00e4tietoa saat tarvittaessa outgoing-tiimilt\u00e4 osoitteesta <a href=\"mailto:ougoing@utu.fi\">ougoing@utu.fi<\/a><\/p>\n\n\n\n<p><strong>Ps. Seuraa Instagramissa UTUvaihdossa-tili\u00e4 ja l\u00e4hde mukaan maailmalle! Kannattaa vilkaista my\u00f6s Facebook-sivut: Turun yliopisto \u2013 Opiskelijavaihto!<\/strong><\/p>\n\n\n\n<h1 class=\"wp-block-heading\">LITO-opinnot kev\u00e4tlukukaudella<\/h1>\n\n\n\n<p>Kiinnostaako liiketoiminnan perusteiden opiskelu?<\/p>\n\n\n\n<p>Liiketoimintaosaamisen verkko-opintokokonaisuus l\u00f6ytyy Pepist\u00e4 t\u00e4\u00e4lt\u00e4: <a href=\"https:\/\/opas.peppi.utu.fi\/fi\/ohjelma\/20296\">https:\/\/opas.peppi.utu.fi\/fi\/ohjelma\/20296<\/a><\/p>\n\n\n\n<p>Suora linkki LITO:n sivuille Digicampus \u2013oppimisalustalle: <a href=\"https:\/\/digicampus.fi\/course\/index.php?categoryid=109\">https:\/\/digicampus.fi\/course\/index.php?categoryid=109<\/a><\/p>\n\n\n\n<h1 class=\"wp-block-heading\">Climate University -verkoston opintotarjontaa opiskelijoille<\/h1>\n\n\n\n<p>Ilmastoyliopiston kurssit aukeavat 18 korkeakoulun v\u00e4lill\u00e4. Kurssit toimivat p\u00e4\u00e4s\u00e4\u00e4nt\u00f6isesti verkossa, mutta vastuuopettajat tarjoavat et\u00e4teht\u00e4vien lis\u00e4ksi my\u00f6s reaaliaikaista opetusta ja arvioivat opiskelijoiden suoritukset. Ilmastoyliopiston kurssit sopivat ilmastonmuutos- ja kest\u00e4vyysaiheista kiinnostuneille opiskelijoille, opettajille ja muille jo ty\u00f6el\u00e4m\u00e4ss\u00e4 vaikuttaville. Kurssien kieli on p\u00e4\u00e4s\u00e4\u00e4nt\u00f6isesti englanti. Kursseista viisi on saatavilla my\u00f6s suomeksi, ja uusia k\u00e4\u00e4nn\u00f6ksi\u00e4 suomen- ja ruotsinkielelle ty\u00f6stet\u00e4\u00e4n.<\/p>\n\n\n\n<p>Katso tiedote: <a href=\"https:\/\/www.helsinki.fi\/fi\/uutiset\/ilmastonmuutos-ja-luonnon-monimuotoisuus\/ilmastoyliopiston-kurssit-aukeavat-18-korkeakoulun-valilla\">https:\/\/www.helsinki.fi\/fi\/uutiset\/ilmastonmuutos-ja-luonnon-monimuotoisuus\/ilmastoyliopiston-kurssit-aukeavat-18-korkeakoulun-valilla<\/a><\/p>\n\n\n\n<h1 class=\"wp-block-heading\">****************<\/h1>\n\n\n\n<h1 class=\"wp-block-heading\">Current study issues in English<\/h1>\n\n\n\n<h3 class=\"wp-block-heading\">Minor subjects for the academic year 2022-2023<\/h3>\n\n\n\n<p>The application for minor subjects for the academic year 2022-2023 will start in January 20.1.2022.<\/p>\n\n\n\n<p id=\"tw-target-text\">Check out all information and presentations considering minor subjects: <a href=\"https:\/\/moodle.utu.fi\/course\/view.php?id=23296\">https:\/\/moodle.utu.fi\/course\/view.php?id=23296<\/a>.<\/p>\n\n\n\n<p>Recordings, etc. will be published in early January before the application period. Notice especially course\u00b4s&nbsp; <strong>Art and Physical Education in Primary School 25 ects <\/strong>presentation<strong> by Ville Mankki 19.1.2022 klo 15.15-15.30.<\/strong><\/p>\n\n\n\n<h3 class=\"wp-block-heading\">&nbsp;<\/h3>\n\n\n\n<h3 class=\"wp-block-heading\">Student Affairs on Christmas holiday<\/h3>\n\n\n\n<p id=\"tw-target-text\">Study Affairs will spend the Christmas holidays between 23 and 31 December 2021. We will be available again from January 3, 2022.<\/p>\n\n\n\n<h3 class=\"wp-block-heading\">Main application period for exchange places for academic year 2022-2023<\/h3>\n\n\n\n<p>Main exchange application round opens on Monday 13.12.2021. There are places for autumn semester 2022, spring semester 2023 and whole academic year 2022-2023. The exchange destinations are located in Europe, Russia, Nordic countries, Asia, North America, Latin America, Australia and Africa.<\/p>\n\n\n\n<p>The application is made online through SoleMove-system. The application time will end on 20.1.2022 at 23.59. After that applications are no longer accepted.<\/p>\n\n\n\n<p><strong>Programmes open for applications:<\/strong><\/p>\n\n\n\n<ul class=\"wp-block-list\"><li>Bilateral places (except North America) outside Europe<\/li><li>North2North \u2013 programme to North-America and Nordic countries<\/li><li>Erasmus to Europe<\/li><li>Coimbra to Europe<\/li><li>Nordplus to Nordic countries and Baltia<\/li><li>Erasmus ICM outside outside Europe<\/li><\/ul>\n\n\n\n<h4 class=\"wp-block-heading\">Help available for exchange place search and application process!<\/h4>\n\n\n\n<p>Application info in Zoom 7.12.2021 about exchange possibilities for UTU international degree students. More info on <a href=\"https:\/\/intranet.utu.fi\/index\/applying-for-exchange\/Pages\/Info-sessions-.aspx\">International Office\u2019s intranet page<\/a>.<\/p>\n\n\n\n<p><strong>Remember also Q&amp;A-application info sessions in Zoom!<\/strong><\/p>\n\n\n\n<p><a href=\"https:\/\/utu.zoom.us\/j\/65057032335\">Wednesday 5.1.2022 at 14-15<\/a><br><a href=\"https:\/\/utu.zoom.us\/j\/64502128525%E2%80%8B\">Wednesday 12.1.2022 at 14-15<\/a><\/p>\n\n\n\n<p>You can reach Outgoing-team also by email and phone or you can schedule an appointment in Zoom by sending a request by email.<\/p>\n\n\n\n<h4 class=\"wp-block-heading\">Useful intranet links:<\/h4>\n\n\n\n<p><a href=\"https:\/\/intranet.utu.fi\/index\/applying-for-exchange\/Pages\/default.aspx\">More about exchange study possibilities<\/a> on International Offices intranet page.<br><a href=\"https:\/\/intranet.utu.fi\/index\/applying-for-exchange\/Pages\/Exchange-Places-and-Programmes.aspx\">Instructions on intranet how to find exchange places<\/a> from SoleMove. NOTE! Exchange places updated on SoleMove-system from 13.12.2021 onwards.<br><a href=\"https:\/\/intranet.utu.fi\/index\/applying-for-exchange\/Pages\/Applying-for-Exchange.aspx\">Application instructions<\/a> on intranet.<br><a href=\"https:\/\/saas.solenovo.fi\/solemove\/disp\/2_\/en\/public\/nop\/nop\">Link to&nbsp; SoleMove<\/a><\/p>\n\n\n\n<p>While planning an exchange, please read carefully the instructions found on intranet.<br>Possible questions can be addressed to <a href=\"mailto:ougoing@utu.fi\">ougoing@utu.fi<\/a>.<\/p>\n\n\n\n<p><strong>Ps. Follow our students abroad at UTUvaihdossa Instagram account!<\/strong><\/p>\n\n\n\n<h3 class=\"wp-block-heading\">Climate University courses for students<\/h3>\n\n\n\n<p>Climate University courses from 18 universities are open. The course materials are open for everybody, but to get credits for the courses, you must be registered as a student at one of the partnering universities or the Open University. The courses mainly run online, but in addition to remote assignments, the instructors responsible for each course will offer real-time instruction, as well, and will grade the students\u2019 performances.<\/p>\n\n\n\n<p>See more: <a href=\"https:\/\/www.helsinki.fi\/en\/news\/climate-change-and-biodiversity\/climate-university-courses-18-universities-open\">https:\/\/www.helsinki.fi\/en\/news\/climate-change-and-biodiversity\/climate-university-courses-18-universities-open<\/a><\/p>\n\n\n\n<p>Terveisin \/ Best Regards,<\/p>\n\n\n\n<p>Opintoasioiden v\u00e4ki \/ Student Affairs<\/p>\n\n\n\n<p><a href=\"mailto:oporauma@utu.fi\">oporauma@utu.fi<\/a><\/p>\n","protected":false},"excerpt":{"rendered":"<p>joulukuu 17, 2021 \/ Uncategorized Edit post Joulukuun uutiskirjeess\u00e4 mm. tulevasta sivuainehausta ja siihen liittyv\u00e4st\u00e4 infosta ja sivuaine-esittelyist\u00e4, opintohallinnon joulutauosta, tukiopiskelijatoiminnasta, vaihtohauista ja kev\u00e4\u00e4ll\u00e4 tarjolla olevista muista opiskelumahdollisuuksista. Hyv\u00e4\u00e4 joulua ja onnellista uutta vuotta 2022!&nbsp;&nbsp; Merry Christmas and Happy New [&hellip;]<\/p>\n","protected":false},"author":173,"featured_media":0,"parent":0,"menu_order":0,"comment_status":"closed","ping_status":"closed","template":"","meta":{"footnotes":""},"class_list":["post-1349","page","type-page","status-publish","hentry"],"_links":{"self":[{"href":"https:\/\/blogit.utu.fi\/uutiskirje\/wp-json\/wp\/v2\/pages\/1349","targetHints":{"allow":["GET"]}}],"collection":[{"href":"https:\/\/blogit.utu.fi\/uutiskirje\/wp-json\/wp\/v2\/pages"}],"about":[{"href":"https:\/\/blogit.utu.fi\/uutiskirje\/wp-json\/wp\/v2\/types\/page"}],"author":[{"embeddable":true,"href":"https:\/\/blogit.utu.fi\/uutiskirje\/wp-json\/wp\/v2\/users\/173"}],"replies":[{"embeddable":true,"href":"https:\/\/blogit.utu.fi\/uutiskirje\/wp-json\/wp\/v2\/comments?post=1349"}],"version-history":[{"count":1,"href":"https:\/\/blogit.utu.fi\/uutiskirje\/wp-json\/wp\/v2\/pages\/1349\/revisions"}],"predecessor-version":[{"id":1350,"href":"https:\/\/blogit.utu.fi\/uutiskirje\/wp-json\/wp\/v2\/pages\/1349\/revisions\/1350"}],"wp:attachment":[{"href":"https:\/\/blogit.utu.fi\/uutiskirje\/wp-json\/wp\/v2\/media?parent=1349"}],"curies":[{"name":"wp","href":"https:\/\/api.w.org\/{rel}","templated":true}]}}