{"id":150,"date":"2021-04-09T09:56:58","date_gmt":"2021-04-09T09:56:58","guid":{"rendered":"https:\/\/blogit.utu.fi\/uutiskirje\/contactus\/"},"modified":"2021-11-11T12:38:58","modified_gmt":"2021-11-11T12:38:58","slug":"yhteystiedot","status":"publish","type":"page","link":"https:\/\/blogit.utu.fi\/uutiskirje\/yhteystiedot\/","title":{"rendered":"Yhteystiedot"},"content":{"rendered":"<p>Opintoasioissa voit olla yhteydess\u00e4 <strong>oporauma@utu.fi<\/strong><\/p>\n<p>Vastaamme mielell\u00e4mme kysymyksiisi<\/p>\n<p>Terveisin <\/p>\n\n\n<p>Koulutussuunnittelija Pirjo Lehti <br>Koulutussuunnittelija Merja Mansikkam\u00e4ki<br>Koulutuskoordinaattori Jyri Halme<br>Opintosihteeri Leena J\u00e4rvisalo <br>Opintoneuvoja Susanne Lev\u00e4niemi<br>Opintoneuvoja Miia Mattila (TSE \/ OKL Rauma)<br><br><br><\/p>\n","protected":false},"excerpt":{"rendered":"<p>Opintoasioissa voit olla yhteydess\u00e4 oporauma@utu.fi Vastaamme mielell\u00e4mme kysymyksiisi Terveisin Koulutussuunnittelija Pirjo Lehti Koulutussuunnittelija Merja Mansikkam\u00e4kiKoulutuskoordinaattori Jyri HalmeOpintosihteeri Leena J\u00e4rvisalo Opintoneuvoja Susanne Lev\u00e4niemiOpintoneuvoja Miia Mattila (TSE \/ OKL Rauma)<\/p>\n","protected":false},"author":173,"featured_media":0,"parent":0,"menu_order":0,"comment_status":"closed","ping_status":"closed","template":"","meta":{"footnotes":""},"class_list":["post-150","page","type-page","status-publish","hentry"],"_links":{"self":[{"href":"https:\/\/blogit.utu.fi\/uutiskirje\/wp-json\/wp\/v2\/pages\/150","targetHints":{"allow":["GET"]}}],"collection":[{"href":"https:\/\/blogit.utu.fi\/uutiskirje\/wp-json\/wp\/v2\/pages"}],"about":[{"href":"https:\/\/blogit.utu.fi\/uutiskirje\/wp-json\/wp\/v2\/types\/page"}],"author":[{"embeddable":true,"href":"https:\/\/blogit.utu.fi\/uutiskirje\/wp-json\/wp\/v2\/users\/173"}],"replies":[{"embeddable":true,"href":"https:\/\/blogit.utu.fi\/uutiskirje\/wp-json\/wp\/v2\/comments?post=150"}],"version-history":[{"count":5,"href":"https:\/\/blogit.utu.fi\/uutiskirje\/wp-json\/wp\/v2\/pages\/150\/revisions"}],"predecessor-version":[{"id":1293,"href":"https:\/\/blogit.utu.fi\/uutiskirje\/wp-json\/wp\/v2\/pages\/150\/revisions\/1293"}],"wp:attachment":[{"href":"https:\/\/blogit.utu.fi\/uutiskirje\/wp-json\/wp\/v2\/media?parent=150"}],"curies":[{"name":"wp","href":"https:\/\/api.w.org\/{rel}","templated":true}]}}