{"id":144,"date":"2025-04-11T08:36:16","date_gmt":"2025-04-11T05:36:16","guid":{"rendered":"https:\/\/blogit.utu.fi\/vansoc\/?page_id=144"},"modified":"2025-04-11T08:36:16","modified_gmt":"2025-04-11T05:36:16","slug":"registration-ilmoittautuminen","status":"publish","type":"page","link":"https:\/\/blogit.utu.fi\/vansoc\/registration-ilmoittautuminen\/","title":{"rendered":"Registration \/ Ilmoittautuminen"},"content":{"rendered":"\n<h1 class=\"wp-block-heading\">Register for Online Participation!<\/h1>\n\n\n\n<p>Registration for onsite participation at the University of Turku is not necessary. More information about the&nbsp;<a href=\"https:\/\/blogit.utu.fi\/vansoc\/useful-information\/\">location<\/a>&nbsp;can be found on the website. Please turn up and enjoy the day!<\/p>\n\n\n\n<p>If you wish to attend online, please&nbsp;<a href=\"https:\/\/www.utu.fi\/en\/news\/events\/visual-arts-narrative-and-social-class-kuvataiteet-kertomukset-ja-yhteiskuntaluokka\">register<\/a>&nbsp;to receive Zoom links.<\/p>\n\n\n\n<h1 class=\"wp-block-heading\">Verkkotapahtumaan osallistuminen edellytt\u00e4\u00e4 rekister\u00f6itymist\u00e4<\/h1>\n\n\n\n<p>P\u00e4\u00e4puheeseen ja paneeleihin ovat tervetulleita kaikki kulttuurista ja taiteesta kiinnostuneet tutkijat ja opiskelijat. Tarkempia&nbsp;tietoja luentosaleista l\u00f6ytyy&nbsp;<a href=\"https:\/\/blogit.utu.fi\/vansoc\/useful-information\/\">t\u00e4\u00e4lt\u00e4<\/a>. Tervetuloa mukaan!<\/p>\n\n\n\n<p><a href=\"https:\/\/www.utu.fi\/en\/news\/events\/visual-arts-narrative-and-social-class-kuvataiteet-kertomukset-ja-yhteiskuntaluokka\">Verkkotapahtumaan osallistuminen edellytt\u00e4\u00e4 rekister\u00f6itymist\u00e4<\/a>. Zoom-linkit p\u00e4\u00e4puheeseen ja yksitt\u00e4isiin paneeleihin v\u00e4litet\u00e4\u00e4n s\u00e4hk\u00f6postitse kaikille rekister\u00f6ityneille osallistujille.<\/p>\n","protected":false},"excerpt":{"rendered":"<p>Register for Online Participation! Registration for onsite participation at the University of Turku is not necessary. More information about the&nbsp;location&nbsp;can be found on the website. Please turn up and enjoy the day! If you wish to attend online, please&nbsp;register&nbsp;to receive Zoom links. Verkkotapahtumaan osallistuminen edellytt\u00e4\u00e4 rekister\u00f6itymist\u00e4 P\u00e4\u00e4puheeseen ja paneeleihin ovat tervetulleita kaikki kulttuurista ja taiteesta &hellip; <\/p>\n<p class=\"link-more\"><a href=\"https:\/\/blogit.utu.fi\/vansoc\/registration-ilmoittautuminen\/\" class=\"more-link\">Continue reading<span class=\"screen-reader-text\"> &#8220;Registration \/ Ilmoittautuminen&#8221;<\/span><\/a><\/p>\n","protected":false},"author":16424,"featured_media":0,"parent":0,"menu_order":0,"comment_status":"closed","ping_status":"closed","template":"","meta":{"footnotes":""},"class_list":["post-144","page","type-page","status-publish","hentry"],"_links":{"self":[{"href":"https:\/\/blogit.utu.fi\/vansoc\/wp-json\/wp\/v2\/pages\/144","targetHints":{"allow":["GET"]}}],"collection":[{"href":"https:\/\/blogit.utu.fi\/vansoc\/wp-json\/wp\/v2\/pages"}],"about":[{"href":"https:\/\/blogit.utu.fi\/vansoc\/wp-json\/wp\/v2\/types\/page"}],"author":[{"embeddable":true,"href":"https:\/\/blogit.utu.fi\/vansoc\/wp-json\/wp\/v2\/users\/16424"}],"replies":[{"embeddable":true,"href":"https:\/\/blogit.utu.fi\/vansoc\/wp-json\/wp\/v2\/comments?post=144"}],"version-history":[{"count":1,"href":"https:\/\/blogit.utu.fi\/vansoc\/wp-json\/wp\/v2\/pages\/144\/revisions"}],"predecessor-version":[{"id":146,"href":"https:\/\/blogit.utu.fi\/vansoc\/wp-json\/wp\/v2\/pages\/144\/revisions\/146"}],"wp:attachment":[{"href":"https:\/\/blogit.utu.fi\/vansoc\/wp-json\/wp\/v2\/media?parent=144"}],"curies":[{"name":"wp","href":"https:\/\/api.w.org\/{rel}","templated":true}]}}