{"id":38,"date":"2019-08-12T11:48:54","date_gmt":"2019-08-12T11:48:54","guid":{"rendered":"https:\/\/blogit.utu.fi\/vauhtiajavirikkeita\/?page_id=38"},"modified":"2021-08-23T12:03:12","modified_gmt":"2021-08-23T12:03:12","slug":"ohjelma","status":"publish","type":"page","link":"https:\/\/blogit.utu.fi\/vauhtiajavirikkeita\/ohjelma\/","title":{"rendered":"Ohjelma ja aikataulu"},"content":{"rendered":"<h1><span style=\"color: #000000\"><strong>05.10.2019<\/strong><\/span><\/h1>\n<p><span style=\"color: #000000\">Varhainen kielenoppiminen ja kielitietoisuus (Katja M\u00e4ntyl\u00e4)<br \/>\n<\/span><\/p>\n<p>Kielikohtainen koulutus (Henna Alanne, Jonna H\u00f6ckert, Anniina Kapanen, Anita Zenger)<\/p>\n<h1><span style=\"color: #000000\"><strong>23.11.2019<\/strong><\/span><\/h1>\n<p><span style=\"color: #000000\">1.-2. luokan oppisis\u00e4ll\u00f6t, opetusmenetelm\u00e4t ja oppilaan osaamisen arviointi (Minna Maijala &amp; Maarit Mutta)<br \/>\n<\/span><\/p>\n<p>Kielikohtainen koulutus (Henna Alanne, Jonna H\u00f6ckert, Anniina Kapanen, Anita Zenger)<\/p>\n<h1><span style=\"color: #000000\"><strong>08.02.2020<\/strong><\/span><\/h1>\n<p><span style=\"color: #000000\">Suullinen kielitaito ja \u00e4\u00e4nt\u00e4minen (Pekka Lintunen &amp; Outi Veivo)<br \/>\n<\/span><\/p>\n<p>Kielikohtainen koulutus (Henna Alanne, Jonna H\u00f6ckert, Anniina Kapanen, Anita Zenger)<\/p>\n<h1><span style=\"color: #000000\"><strong>28.03.2020<\/strong><\/span><\/h1>\n<p><span style=\"color: #000000\">Koulutusp\u00e4iv\u00e4 perutaan koronaviruksen takia. Luento siirret\u00e4\u00e4n lauantaille 25.04.2020. <\/span><span style=\"color: #000000\">Kielikohtainen koulutus siirret\u00e4\u00e4n syksylle 2020.<strong><br \/>\n<\/strong><\/span><\/p>\n<h1><span style=\"color: #000000\"><strong>25.04.2020<\/strong><\/span><span id=\"yui_3_17_2_1_1584440157355_3236\" lang=\"FI-FI\" style=\"color: #000000\" xml:lang=\"FI-FI\"><span id=\"yui_3_17_2_1_1584440157355_3235\" data-ccp-props=\"{&quot;134233279&quot;:true,&quot;201341983&quot;:0,&quot;335559739&quot;:200,&quot;335559740&quot;:276}\"><\/span><\/span><\/h1>\n<p><span style=\"color: #000000\">Kielellisen ja kulttuurisen moninaisuuden huomioiminen kielten oppimisessa (Minna Maijala &amp; Maarit Mutta)<\/span><\/p>\n<p><span style=\"color: #000000\">&amp;<em><strong><br \/>\n<\/strong><\/em><\/span><\/p>\n<p><span style=\"color: #000000\">Toiminnalliset menetelm\u00e4t ja kaksikielinen pedagogiikka <\/span><span style=\"color: #000000\">(Katja M\u00e4ntyl\u00e4)<br \/>\n<\/span><\/p>\n<p>(Luennot toteutetaan k\u00e4ytt\u00e4en Zoom-et\u00e4opetusohjelmaa.)<\/p>\n<h1><strong>19.09.2020<\/strong><\/h1>\n<p>Kielikohtainen koulutus (Henna Alanne, Jonna H\u00f6ckert, Anniina Kapanen, Anita Zenger)<\/p>\n<p>(Koulutus toteutetaan k\u00e4ytt\u00e4en Zoom- ja Teams-et\u00e4opetusohjelmia.)<\/p>\n<h1><strong>03.12.2020<\/strong><\/h1>\n<p>Loppuseminaari (FM Tiia Vahtola, Paraisten kaupunki\/Skr\u00e4bb\u00f6le skola)<\/p>\n","protected":false},"excerpt":{"rendered":"<p>05.10.2019 Varhainen kielenoppiminen ja kielitietoisuus (Katja M\u00e4ntyl\u00e4) Kielikohtainen koulutus (Henna Alanne, Jonna H\u00f6ckert, Anniina Kapanen, Anita Zenger) 23.11.2019 1.-2. luokan oppisis\u00e4ll\u00f6t, opetusmenetelm\u00e4t ja oppilaan osaamisen arviointi (Minna Maijala &amp; Maarit Mutta) Kielikohtainen koulutus (Henna Alanne, Jonna H\u00f6ckert, Anniina Kapanen, Anita Zenger) 08.02.2020 Suullinen kielitaito ja \u00e4\u00e4nt\u00e4minen (Pekka Lintunen &amp; Outi Veivo) Kielikohtainen koulutus (Henna Alanne, &hellip; <\/p>\n<p class=\"link-more\"><a href=\"https:\/\/blogit.utu.fi\/vauhtiajavirikkeita\/ohjelma\/\" class=\"more-link\">Jatka lukemista<span class=\"screen-reader-text\"> &#8221;Ohjelma ja aikataulu&#8221;<\/span><\/a><\/p>\n","protected":false},"author":5712,"featured_media":0,"parent":0,"menu_order":0,"comment_status":"closed","ping_status":"closed","template":"","meta":{"footnotes":""},"class_list":["post-38","page","type-page","status-publish","hentry"],"_links":{"self":[{"href":"https:\/\/blogit.utu.fi\/vauhtiajavirikkeita\/wp-json\/wp\/v2\/pages\/38","targetHints":{"allow":["GET"]}}],"collection":[{"href":"https:\/\/blogit.utu.fi\/vauhtiajavirikkeita\/wp-json\/wp\/v2\/pages"}],"about":[{"href":"https:\/\/blogit.utu.fi\/vauhtiajavirikkeita\/wp-json\/wp\/v2\/types\/page"}],"author":[{"embeddable":true,"href":"https:\/\/blogit.utu.fi\/vauhtiajavirikkeita\/wp-json\/wp\/v2\/users\/5712"}],"replies":[{"embeddable":true,"href":"https:\/\/blogit.utu.fi\/vauhtiajavirikkeita\/wp-json\/wp\/v2\/comments?post=38"}],"version-history":[{"count":21,"href":"https:\/\/blogit.utu.fi\/vauhtiajavirikkeita\/wp-json\/wp\/v2\/pages\/38\/revisions"}],"predecessor-version":[{"id":699,"href":"https:\/\/blogit.utu.fi\/vauhtiajavirikkeita\/wp-json\/wp\/v2\/pages\/38\/revisions\/699"}],"wp:attachment":[{"href":"https:\/\/blogit.utu.fi\/vauhtiajavirikkeita\/wp-json\/wp\/v2\/media?parent=38"}],"curies":[{"name":"wp","href":"https:\/\/api.w.org\/{rel}","templated":true}]}}