{"id":5,"date":"2019-08-12T11:34:00","date_gmt":"2019-08-12T11:34:00","guid":{"rendered":"https:\/\/blogit.utu.fi\/vauhtiajavirikkeita\/?page_id=2"},"modified":"2021-08-23T12:20:34","modified_gmt":"2021-08-23T12:20:34","slug":"etusivu","status":"publish","type":"page","link":"https:\/\/blogit.utu.fi\/vauhtiajavirikkeita\/","title":{"rendered":"Etusivu"},"content":{"rendered":"<p>Vauhtia ja virikkeit\u00e4 varhennettuun kielenopetukseen -hanke (2019-2020) on Opetushallituksen rahoittama ja Turun yliopiston kieli- ja k\u00e4\u00e4nn\u00f6stieteiden laitoksen hallinnoima opetuksen kehitt\u00e4mishanke, joka tarjoaa t\u00e4ydennyskoulutusta varhentaville luokan- ja aineenopettajille sek\u00e4 toteuttaa tutkimusta.<\/p>\n<p>Hankkeen tarjoama t\u00e4ydennyskoulutus koostuu teoreettisesta koulutuksesta (luennot) sek\u00e4 k\u00e4yt\u00e4nn\u00f6n harjoituksista (kielikohtainen koulutus).<\/p>\n<p>Hankkeen yhteyshenkil\u00f6n\u00e4 toimii Henrik Hurme ja vastuullisena johtajana Minna Maijala.<\/p>\n\n\n<p><\/p>\n","protected":false},"excerpt":{"rendered":"<p>Vauhtia ja virikkeit\u00e4 varhennettuun kielenopetukseen -hanke (2019-2020) on Opetushallituksen rahoittama ja Turun yliopiston kieli- ja k\u00e4\u00e4nn\u00f6stieteiden laitoksen hallinnoima opetuksen kehitt\u00e4mishanke, joka tarjoaa t\u00e4ydennyskoulutusta varhentaville luokan- ja aineenopettajille sek\u00e4 toteuttaa tutkimusta. Hankkeen tarjoama t\u00e4ydennyskoulutus koostuu teoreettisesta koulutuksesta (luennot) sek\u00e4 k\u00e4yt\u00e4nn\u00f6n harjoituksista (kielikohtainen koulutus). Hankkeen yhteyshenkil\u00f6n\u00e4 toimii Henrik Hurme ja vastuullisena johtajana Minna Maijala.<\/p>\n","protected":false},"author":5712,"featured_media":0,"parent":0,"menu_order":0,"comment_status":"closed","ping_status":"open","template":"","meta":{"footnotes":""},"class_list":["post-5","page","type-page","status-publish","hentry"],"_links":{"self":[{"href":"https:\/\/blogit.utu.fi\/vauhtiajavirikkeita\/wp-json\/wp\/v2\/pages\/5","targetHints":{"allow":["GET"]}}],"collection":[{"href":"https:\/\/blogit.utu.fi\/vauhtiajavirikkeita\/wp-json\/wp\/v2\/pages"}],"about":[{"href":"https:\/\/blogit.utu.fi\/vauhtiajavirikkeita\/wp-json\/wp\/v2\/types\/page"}],"author":[{"embeddable":true,"href":"https:\/\/blogit.utu.fi\/vauhtiajavirikkeita\/wp-json\/wp\/v2\/users\/5712"}],"replies":[{"embeddable":true,"href":"https:\/\/blogit.utu.fi\/vauhtiajavirikkeita\/wp-json\/wp\/v2\/comments?post=5"}],"version-history":[{"count":2,"href":"https:\/\/blogit.utu.fi\/vauhtiajavirikkeita\/wp-json\/wp\/v2\/pages\/5\/revisions"}],"predecessor-version":[{"id":705,"href":"https:\/\/blogit.utu.fi\/vauhtiajavirikkeita\/wp-json\/wp\/v2\/pages\/5\/revisions\/705"}],"wp:attachment":[{"href":"https:\/\/blogit.utu.fi\/vauhtiajavirikkeita\/wp-json\/wp\/v2\/media?parent=5"}],"curies":[{"name":"wp","href":"https:\/\/api.w.org\/{rel}","templated":true}]}}