{"id":526,"date":"2018-04-04T15:59:26","date_gmt":"2018-04-04T12:59:26","guid":{"rendered":"http:\/\/www.verkkojakokemassa.fi\/?page_id=526"},"modified":"2018-04-04T15:59:26","modified_gmt":"2018-04-04T12:59:26","slug":"videota-flippausta-ja-luokkalehti","status":"publish","type":"page","link":"https:\/\/blogit.utu.fi\/verkkojakokemassa\/videota-flippausta-ja-luokkalehti\/","title":{"rendered":"Videota, flippausta ja luokkalehti"},"content":{"rendered":"<p>Tervetuloa tutustumaan\u00a0 <em>Tieto- ja viestint\u00e4tekniikan opetusk\u00e4yt\u00f6n projekti<\/em> \u2013 opintojaksolla\u00a0tehtyj\u00e4 opiskelijat\u00f6it\u00e4. Monissa projektit\u00f6iss\u00e4 on l\u00e4hdetty liikkeelle uusimman opetussuunnitelman viitoittamana ja useimpiin projektit\u00f6ihin on tartuttu yhdess\u00e4 muiden opettajien kanssa. Yhteisopettajuus sopii hyvin uusien asioiden opetteluun ja se on samalla mainio esimerkki opiskelijoille yhteis\u00f6llisest\u00e4 ongelmanratkaisusta ja p\u00e4\u00e4t\u00f6ksenteosta.<\/p>\n<p>Turun yliopiston avoimena yliopisto-opetuksena j\u00e4rjestetyll\u00e4 opintojaksolla tavoitteena on innostaa ja rohkaista tieto- ja viestint\u00e4tekniikan hy\u00f6dynt\u00e4miseen opetuksessa. Verkko-opinnoissa tutustutaan ja arvioidaan erilaisia oppimisymp\u00e4rist\u00f6j\u00e4 ja pedagogisia sovelluksia. Opittua sovelletaan k\u00e4yt\u00e4nt\u00f6\u00f6n suunnittelemalla ja toteuttamalla tieto- ja viestint\u00e4te<a href=\"https:\/\/blogit.utu.fi\/verkkojakokemassa\/wp-content\/uploads\/sites\/24\/2018\/04\/AvoinYliopisto_Turku_001.jpg\"><img loading=\"lazy\" decoding=\"async\" class=\"alignleft size-thumbnail wp-image-522\" src=\"https:\/\/blogit.utu.fi\/verkkojakokemassa\/wp-content\/uploads\/sites\/24\/2018\/04\/AvoinYliopisto_Turku_001-150x150.jpg\" alt=\"\" width=\"150\" height=\"150\" \/><\/a>kniikkaa monipuolisesti hy\u00f6dynt\u00e4v\u00e4 oppimisymp\u00e4rist\u00f6, opetusmateriaali tai muu sovellus. Verkko-opintoina j\u00e4rjestetty opintojakso soveltuu opettajille, kouluttajille ja muille oppimisen tai ohjaamisen parissa ty\u00f6skenteleville tai alalle aikoville.<\/p>\n<p>Oivaltavia lukuhetki\u00e4!<\/p>\n<p>Kehitt\u00e4misp\u00e4\u00e4llikk\u00f6 Satu Hakanurmi ja suunnittelija Eija Siltari<\/p>\n","protected":false},"excerpt":{"rendered":"<p>Tervetuloa tutustumaan\u00a0 Tieto- ja viestint\u00e4tekniikan opetusk\u00e4yt\u00f6n projekti \u2013 opintojaksolla\u00a0tehtyj\u00e4 opiskelijat\u00f6it\u00e4. Monissa projektit\u00f6iss\u00e4 on l\u00e4hdetty liikkeelle uusimman opetussuunnitelman viitoittamana ja useimpiin projektit\u00f6ihin on tartuttu yhdess\u00e4 muiden opettajien kanssa. Yhteisopettajuus sopii hyvin uusien asioiden opetteluun ja se on samalla mainio esimerkki opiskelijoille yhteis\u00f6llisest\u00e4 ongelmanratkaisusta ja p\u00e4\u00e4t\u00f6ksenteosta. Turun yliopiston avoimena yliopisto-opetuksena j\u00e4rjestetyll\u00e4 opintojaksolla tavoitteena on innostaa ja rohkaista&#8230; <\/p>\n<div class=\"link-more\"><a href=\"https:\/\/blogit.utu.fi\/verkkojakokemassa\/videota-flippausta-ja-luokkalehti\/\">Read More<\/a><\/div>\n","protected":false},"author":24,"featured_media":0,"parent":0,"menu_order":0,"comment_status":"closed","ping_status":"closed","template":"","meta":{"footnotes":""},"class_list":["post-526","page","type-page","status-publish","hentry"],"_links":{"self":[{"href":"https:\/\/blogit.utu.fi\/verkkojakokemassa\/wp-json\/wp\/v2\/pages\/526","targetHints":{"allow":["GET"]}}],"collection":[{"href":"https:\/\/blogit.utu.fi\/verkkojakokemassa\/wp-json\/wp\/v2\/pages"}],"about":[{"href":"https:\/\/blogit.utu.fi\/verkkojakokemassa\/wp-json\/wp\/v2\/types\/page"}],"author":[{"embeddable":true,"href":"https:\/\/blogit.utu.fi\/verkkojakokemassa\/wp-json\/wp\/v2\/users\/24"}],"replies":[{"embeddable":true,"href":"https:\/\/blogit.utu.fi\/verkkojakokemassa\/wp-json\/wp\/v2\/comments?post=526"}],"version-history":[{"count":1,"href":"https:\/\/blogit.utu.fi\/verkkojakokemassa\/wp-json\/wp\/v2\/pages\/526\/revisions"}],"predecessor-version":[{"id":527,"href":"https:\/\/blogit.utu.fi\/verkkojakokemassa\/wp-json\/wp\/v2\/pages\/526\/revisions\/527"}],"wp:attachment":[{"href":"https:\/\/blogit.utu.fi\/verkkojakokemassa\/wp-json\/wp\/v2\/media?parent=526"}],"curies":[{"name":"wp","href":"https:\/\/api.w.org\/{rel}","templated":true}]}}