{"id":915,"date":"2023-04-24T04:23:18","date_gmt":"2023-04-24T04:23:18","guid":{"rendered":"https:\/\/blogit.utu.fi\/ylhist\/?page_id=915"},"modified":"2025-06-19T08:37:40","modified_gmt":"2025-06-19T08:37:40","slug":"avarkisto","status":"publish","type":"page","link":"https:\/\/blogit.utu.fi\/ylhist\/oppiaineesta\/avarkisto\/","title":{"rendered":"AV-arkisto"},"content":{"rendered":"\n<p><strong>1943<\/strong><br>Kaarlo J\u00e4ntere puhuu Naantalin 500-vuotisjuhlissa. J\u00e4ntere oli valittu yleisen historian professoriksi vuonna 1937. T\u00e4t\u00e4 ennen h\u00e4n oli hoitanut samaa professuuria jo vuosia. <a rel=\"noreferrer noopener\" href=\"https:\/\/areena.yle.fi\/1-50097213?seek=525\" data-type=\"URL\" data-id=\"https:\/\/areena.yle.fi\/1-50097213?seek=525\" target=\"_blank\">Yle Areena<\/a><a rel=\"noreferrer noopener\" href=\"https:\/\/areena.yle.fi\/1-50097213?seek=532\" data-type=\"URL\" data-id=\"https:\/\/areena.yle.fi\/1-50097213?seek=532\" target=\"_blank\">.<\/a><\/p>\n\n\n\n<p><strong>1953<\/strong><br><em>Turku kutsuu is\u00e4nmaan toivoja <\/em>-dokumentissa kerrotaan Turusta korkeakoulukaupunkina. Kotimaisen ja yleisen historian professorina 1920-luvulla toiminut Einar W. Juva on mukana tiedekunnan kokouksessa. <a rel=\"noreferrer noopener\" href=\"https:\/\/yle.fi\/aihe\/artikkeli\/2006\/12\/18\/turku-kutsuu-isanmaan-toivoja\" data-type=\"URL\" data-id=\"https:\/\/yle.fi\/aihe\/artikkeli\/2006\/12\/18\/turku-kutsuu-isanmaan-toivoja\" target=\"_blank\">Yle Areena.<\/a><\/p>\n\n\n\n<p><strong>1955 <\/strong><br>Vilho Niitemaa asiantuntijana radio-ohjelmassa <em>Ristiretkel\u00e4isten j\u00e4ljill\u00e4<\/em>. Helsingin yliopistossa v\u00e4itellyt Niitemaa alkoi samana vuonna hoitaa Kaarlo J\u00e4ntereen el\u00e4kkeelle siirtymisen my\u00f6t\u00e4 yleisen historian professuuria. <a href=\"https:\/\/areena.yle.fi\/podcastit\/1-50415475\" data-type=\"URL\" data-id=\"https:\/\/areena.yle.fi\/podcastit\/1-50415475\" target=\"_blank\" rel=\"noreferrer noopener\">Yle Areena.<\/a><\/p>\n\n\n\n<p><strong>1983<\/strong><br><em>Itse asiassa kuultuna <\/em>-ohjelman vieraana on emeritusarkkipiispa Mikko Juva. Juva opiskeli yleist\u00e4 historiaa 1930-luvulla ja teki Kaarlo J\u00e4ntereen ohjaamana pro gradun kirkkois\u00e4 Augustinuksen historiallisesta ajattelusta. Sittemmin Juvasta tuli Suomen historian tutkija ja n\u00e4kyv\u00e4 yhteiskunnallinen toimija. <a rel=\"noreferrer noopener\" href=\"https:\/\/areena.yle.fi\/1-63396354\" data-type=\"URL\" data-id=\"https:\/\/areena.yle.fi\/1-63396354\" target=\"_blank\">Yle Areena.<\/a><\/p>\n\n\n\n<p><strong>2002<\/strong><br>Eero Kuparinen haastateltavana <em>T\u00e4n\u00e4\u00e4n iltap\u00e4iv\u00e4ll\u00e4<\/em> -ohjelmassa Kansanvainojen uhrien muistop\u00e4iv\u00e4st\u00e4. Kuparinen toimi oppiaineen lehtorina ja yliopistonlehtorina vuoteen 2016. <a href=\"https:\/\/areena.yle.fi\/podcastit\/1-50411518\">Yle <\/a><a rel=\"noreferrer noopener\" href=\"https:\/\/areena.yle.fi\/podcastit\/1-50411518\" target=\"_blank\">Areena<\/a><a href=\"https:\/\/areena.yle.fi\/podcastit\/1-50411518\">.<\/a><\/p>\n\n\n\n<p><strong>2004<\/strong><br>Kalervo Hovi tutki kansainv\u00e4lisen politiikan lis\u00e4ksi mm. tallinnalaista ravintolakulttuuria. Vuonna 2003 julkaistu <em>Kuld L\u00f5wi ja Kultase ajal <\/em>her\u00e4tti Virossa paljon huomiota. Hovi oli haastateltavana<em> OP!<\/em>-ohjelmassa seuraavana vuonna. <a href=\"https:\/\/arhiiv.err.ee\/video\/vaata\/op-160?t=1199\">ERRArhiiv.<\/a><\/p>\n\n\n\n<p><strong>2013<\/strong><br>Siirtolaisuutta tutkineet Auvo Kostianen ja Reino Kero asiantuntijoina ohjelmasarjassa <em>Suomalaisten utopiayhteis\u00f6jen historiaa<\/em>.<a href=\"https:\/\/areena.yle.fi\/podcastit\/1-1837779\"> Yle <\/a><a href=\"https:\/\/areena.yle.fi\/podcastit\/1-1837779\" target=\"_blank\" rel=\"noreferrer noopener\">Areena<\/a>.<\/p>\n\n\n\n<p><strong>2013<\/strong><br>Oppiaineessa vuosina 1987-1988 Fulbright-professorina ollut Susan Flader j\u00e4ljitt\u00e4\u00e4 dokumentissa <em>The Search for the Green Fire <\/em>ekologi Aldo Leopoldia. Fladerin kurssit Pohjois-Amerikan historiasta ja ymp\u00e4rist\u00f6historiasta toivat uudenlaista ajattelua Turkuun. <a rel=\"noreferrer noopener\" href=\"https:\/\/www.youtube.com\/watch?v=yxYSlaSLRd0\" data-type=\"URL\" data-id=\"https:\/\/www.youtube.com\/watch?v=yxYSlaSLRd0\" target=\"_blank\">YouTube.<\/a><\/p>\n","protected":false},"excerpt":{"rendered":"<p>1943Kaarlo J\u00e4ntere puhuu Naantalin 500-vuotisjuhlissa. J\u00e4ntere oli valittu yleisen historian professoriksi vuonna 1937. T\u00e4t\u00e4 ennen h\u00e4n oli hoitanut samaa professuuria jo vuosia. Yle Areena. 1953Turku kutsuu is\u00e4nmaan toivoja -dokumentissa kerrotaan Turusta korkeakoulukaupunkina. Kotimaisen ja yleisen historian professorina 1920-luvulla toiminut Einar W. Juva on mukana tiedekunnan kokouksessa. Yle Areena. 1955 Vilho Niitemaa asiantuntijana radio-ohjelmassa Ristiretkel\u00e4isten j\u00e4ljill\u00e4. [&hellip;]<\/p>\n","protected":false},"author":3371,"featured_media":931,"parent":360,"menu_order":2,"comment_status":"closed","ping_status":"closed","template":"","meta":{"footnotes":""},"class_list":["post-915","page","type-page","status-publish","has-post-thumbnail","czr-hentry"],"_links":{"self":[{"href":"https:\/\/blogit.utu.fi\/ylhist\/wp-json\/wp\/v2\/pages\/915","targetHints":{"allow":["GET"]}}],"collection":[{"href":"https:\/\/blogit.utu.fi\/ylhist\/wp-json\/wp\/v2\/pages"}],"about":[{"href":"https:\/\/blogit.utu.fi\/ylhist\/wp-json\/wp\/v2\/types\/page"}],"author":[{"embeddable":true,"href":"https:\/\/blogit.utu.fi\/ylhist\/wp-json\/wp\/v2\/users\/3371"}],"replies":[{"embeddable":true,"href":"https:\/\/blogit.utu.fi\/ylhist\/wp-json\/wp\/v2\/comments?post=915"}],"version-history":[{"count":32,"href":"https:\/\/blogit.utu.fi\/ylhist\/wp-json\/wp\/v2\/pages\/915\/revisions"}],"predecessor-version":[{"id":1184,"href":"https:\/\/blogit.utu.fi\/ylhist\/wp-json\/wp\/v2\/pages\/915\/revisions\/1184"}],"up":[{"embeddable":true,"href":"https:\/\/blogit.utu.fi\/ylhist\/wp-json\/wp\/v2\/pages\/360"}],"wp:featuredmedia":[{"embeddable":true,"href":"https:\/\/blogit.utu.fi\/ylhist\/wp-json\/wp\/v2\/media\/931"}],"wp:attachment":[{"href":"https:\/\/blogit.utu.fi\/ylhist\/wp-json\/wp\/v2\/media?parent=915"}],"curies":[{"name":"wp","href":"https:\/\/api.w.org\/{rel}","templated":true}]}}